{"id":10020,"date":"2023-12-19T13:34:24","date_gmt":"2023-12-19T13:34:24","guid":{"rendered":"https:\/\/aedcolor.com\/?page_id=10020"},"modified":"2023-12-19T13:35:44","modified_gmt":"2023-12-19T13:35:44","slug":"isoflex-pu-500-thixo","status":"publish","type":"page","link":"https:\/\/aedcolor.com\/index.php\/isoflex-pu-500-thixo\/","title":{"rendered":"ISOFLEX-PU 500 THIXO"},"content":{"rendered":"<div class=\"wpb-content-wrapper\"><p>[vc_row css=&#8221;.vc_custom_1683099634441{padding-bottom: 30px !important;}&#8221;][vc_column width=&#8221;2\/3&#8243;][vc_custom_heading text=&#8221;ISOFLEX-PU 500 THIXO&#8221; font_container=&#8221;tag:h2|font_size:50|text_align:left&#8221; use_theme_fonts=&#8221;yes&#8221; link=&#8221;|title:AQUAMAT%20-%20SUPERELASTIC||&#8221;][\/vc_column][\/vc_row][vc_row][vc_column width=&#8221;1\/2&#8243;][vc_single_image image=&#8221;8159&#8243; img_size=&#8221;full&#8221;][\/vc_column][vc_column width=&#8221;1\/2&#8243;][vc_column_text]<span style=\"color: #000000;\"><strong>ISOFLEX-PU 500 THIXO \u00ebsht\u00eb nj\u00eb membran\u00eb hidroizoluese me nj\u00eb p\u00ebrb\u00ebr\u00ebs, tikosotropike, poliuretani e l\u00ebngshme p\u00ebr sip\u00ebrfaqe vertikale, t\u00eb lakuara dhe t\u00eb pjerr\u00ebta.<\/strong> ISOFLEX-PU 500 THIXO bazohet n\u00eb rr\u00ebshirapoliuretani elastomerike, hidrofobike dhe rezitenc\u00eb t\u00eb shk\u00eblqyer mekanike, kimike, termike dhe motit. Fal\u00eb tiksotropis\u00eb s\u00eb tij, aplikohet leht\u00ebsisht n\u00eb sip\u00ebrfaqe vertikale, t\u00eb lakuara dhe t\u00eb pjerr\u00ebta. Ai gjithashtu ka vetit\u00eb e m\u00ebposhtme:<\/span><\/p>\n<ul>\n<li><span style=\"color: #000000;\">Formon nj\u00eb membran\u00eb t\u00eb vazhdueshme, elastike, t\u00eb pap\u00ebrshkueshme nga uji dhe t\u00eb p\u00ebrshkueshme nga avujt, pa tegela apo nyje.<\/span><\/li>\n<li><span style=\"color: #000000;\">Karakterizohet me ngjitje t\u00eb shk\u00eblqyer n\u00eb n\u00ebnshtresa t\u00eb ndryshme, si betoni, llac cimentoje, metale, dru dhe membrana hidroizoluese t\u00eb l\u00ebngshme akrilike ose hibride ekzistuese.<\/span><\/li>\n<li><span style=\"color: #000000;\">Aplikohet edhe p\u00ebr n\u00ebnshtresa t\u00eb parregullta.<\/span><\/li>\n<\/ul>\n<p><span style=\"color: #000000;\">Certifikuar sipas EN 1504-2 dhe klasifikuar si veshje p\u00ebr mbrojtjen e sip\u00ebrfaqes s\u00eb betonit. Nr. Certifikata: 2032-CPR-10.11. Shenja CE.<br \/>\nISOFLEX-PU 500 THIXO \u00ebsht\u00eb i p\u00ebrshtatsh\u00ebm p\u00ebr hidroizolim:<\/span><\/p>\n<ul>\n<li><span style=\"color: #000000;\">Catit\u00eb e pjerr\u00ebta, catit\u00eb e sheshta dhe ballkonet, si membran\u00eb hidroizoluese e ekspozuar.<\/span><\/li>\n<li><span style=\"color: #000000;\">Pllaka gipsi dhe cimentoje.<\/span><\/li>\n<li><span style=\"color: #000000;\">N\u00ebn shtresat e pllakave n\u00eb banjo, kuzhina, ballkone dhe cati t\u00eb sheshta, p\u00ebrderisa n\u00eb shtres\u00ebn e fundit t\u00eb saj transmetohet r\u00ebra kuarci.<\/span><\/li>\n<li><span style=\"color: #000000;\">N\u00ebn pllaka termoizoluese n\u00eb cati t\u00eb sheshta.<\/span><\/li>\n<li><span style=\"color: #000000;\">N\u00eb punimet e nd\u00ebrtimit, si autostrada, kuvert\u00eb urash, tunele etj.<\/span><\/li>\n<li><span style=\"color: #000000;\">Themelet.<\/span><\/li>\n<li><span style=\"color: #000000;\">Membrana t\u00eb vjetra bituminoze.<\/span><\/li>\n<li><span style=\"color: #000000;\">Shkum\u00eb poliuretani.<\/span><\/li>\n<li><span style=\"color: #000000;\">Sip\u00ebrfaqet metalike.<\/span><\/li>\n<\/ul>\n<p><strong><span style=\"color: #000000;\">1.P\u00ebrgatitja e substratit<\/span><\/strong><br \/>\n<span style=\"color: #000000;\">N\u00eb p\u00ebrgjith\u00ebsi, n\u00ebnshtresa duhet t\u00eb jet\u00eb e that\u00eb (p\u00ebrmbajtja e lag\u00ebshits\u00eb &lt;4 %) dhe pa yndyr\u00eb, grimca t\u00eb lirshme, pluhuri, etj.<\/span><\/p>\n<p><strong><span style=\"color: #000000;\">1.1. Sip\u00ebrfaqe betoni<\/span><\/strong><br \/>\n<span style=\"color: #000000;\">Cdo zgav\u00ebr ekzistuese n\u00eb beton duhet t\u00eb riparohet paraprakisht. Plasaritjet e r\u00ebnda n\u00eb n\u00ebnshtres\u00eb duhet t\u00eb pastrohen lokalisht dhe pas 2-3 or\u00ebsh (n\u00eb var\u00ebsi t\u00eb kushteve t\u00eb motit) duhet t\u00eb mbyllen me ngjit\u00ebs poliuretani FLEX PU-30 S ose FLEX PU-50 S. Betoni dhe sip\u00ebrfaqe t\u00eb tjera poroze me p\u00ebrmbajtje lag\u00ebshtie &lt;4%, duhet t\u00eb trajtohet me primerin PRIMER-PU 100, me nj\u00eb konsum prej p\u00ebraf\u00ebrsisht. 200 g\/m2.\u00a0<\/span><br \/>\n<span style=\"color: #000000;\">Sip\u00ebrfaqet me p\u00ebrmbajtje lag\u00ebshtie &gt; 4% duhet t\u00eb pastrohen me astar poliuretani special dy komponent\u00ebsh PRIMER-PU 140, me konsum 100-250 g\/m2.<\/span><\/p>\n<p><strong><span style=\"color: #000000;\">1.2. Sip\u00ebrfaqe t\u00eb l\u00ebmuara &#8211; jo absorbuese<\/span><\/strong><br \/>\n<span style=\"color: #000000;\">Sip\u00ebrfaqet e l\u00ebmuara dhe jo absorbuese, membranat hidroizoluese bituminoze t\u00eb veshura me granula dhe membranat ekzistuese hidroizoluese t\u00eb l\u00ebngshme akrilike ose hibride duhet t\u00eb pastrohen me astarin epoksi me baz\u00eb uji EPOXYPRIMER-500, i holluar me uj\u00eb deri n\u00eb 30% ndaj pesh\u00ebs. Produkti aplikohet me furc\u00eb ose rul n\u00eb nj\u00eb shtres\u00eb<\/span><br \/>\n<span style=\"color: #000000;\">Konsumi: 150-200 g\/m2.<\/span><br \/>\n<span style=\"color: #000000;\">N\u00eb var\u00ebsi t\u00eb kushteve t\u00eb motit, ISOFLEX-PU 500 THIXO aplikohet brenda 24-48 or\u00ebve nga mbushja, sapo p\u00ebrmbajtja e lag\u00ebshtis\u00eb t\u00eb bjer\u00eb n\u00ebn 4%.<\/span><\/p>\n<p><strong><span style=\"color: #000000;\">1.3. Sip\u00ebrfaqet metalike<\/span><\/strong><br \/>\n<span style=\"color: #000000;\">Sip\u00ebrfaqet metalike duhet t\u00eb jen\u00eb:<\/span><\/p>\n<ul>\n<li><span style=\"color: #000000;\">E that\u00eb dhe e q\u00ebndrueshme.<\/span><\/li>\n<li><span style=\"color: #000000;\">Pa materiale q\u00ebmund t\u00eb pengojn\u00eb ngjitjen, p.sh. pluhuri, grimcat e lirshme, yndyrat, etj.<\/span><\/li>\n<li><span style=\"color: #000000;\">Pa ndryshk ose korrozion q\u00eb mund t\u00eb pengojn\u00eb ngjitjen.<\/span><\/li>\n<\/ul>\n<p><span style=\"color: #000000;\">Sip\u00ebrfaqet metalike, t\u00eb p\u00ebrgatitura me furc\u00eb, f\u00ebrkim, sp\u00ebrkatje, etj., dhe m\u00eb pas t\u00eb pastruara t\u00ebr\u00ebsisht nga pluhuri, mbushen me shtres\u00eb epokside kund\u00ebr korrozionit EPOXYCOAT-ac n\u00eb 1 ose 2 shtresa. EPOXYCOAT-AC aplikohet me rul, furc\u00eb ose sp\u00ebrkatje. Shtresa e dyt\u00eb vijon pasi t\u00eb jet\u00eb thar\u00eb e para dhe brenda 24 or\u00ebve.<\/span><br \/>\n<span style=\"color: #000000;\">Konsumi: 150-200 g\/m2\/shtres\u00eb.<\/span><br \/>\n<span style=\"color: #000000;\">Aplikimi i ISOFLEX-PU 500 THIXO duhet t\u00eb vijoj\u00eb brenda 24-48 or\u00ebve t\u00eb ardhshme.<\/span><\/p>\n<p><strong><span style=\"color: #000000;\">2.Aplikimi &#8211; Konsumi<\/span><\/strong><br \/>\n<span style=\"color: #000000;\">P\u00ebrpara aplikimit rekomandohet t\u00eb p\u00ebrzieni pak ISOFLEX-PU 500 THIXO derisa t\u00eb b\u00ebhet homogjen. Duhet t\u00eb shmanget p\u00ebrzierja e zgjatur p\u00ebr t\u00eb parandaluar bllokimin e ajrit.<\/span><\/p>\n<p><strong><span style=\"color: #000000;\">a) Hidroizolim total i sip\u00ebrfaqes<\/span><\/strong><br \/>\n<span style=\"color: #000000;\">Isoflex-PU 500 THIXO aplikohet me furc\u00eb ose rul n\u00eb 2 shtresa. Shtresa e par\u00eb aplikohet 2-3 or\u00eb pas astarit dhe nd\u00ebrkoh\u00eb q\u00eb PRIMER-PU 100 \u00ebsht\u00eb ende ngjit\u00ebse. Shtresa e dyt\u00eb duhet t\u00eb aplikohet n\u00eb m\u00ebnyr\u00eb t\u00ebrthore pas 8-24 or\u00ebsh, n\u00eb var\u00ebsi t\u00eb kushteve t\u00eb motit.\u00a0<\/span><br \/>\n<span style=\"color: #000000;\">Konsumi:1,0-1,5 kg\/m2, n\u00eb var\u00ebsi t\u00eb n\u00ebnshtres\u00ebs.<\/span><br \/>\n<span style=\"color: #000000;\">N\u00eb rast t\u00eb carjeve t\u00eb dendura dhe t\u00eb shum\u00ebfishta n\u00eb t\u00eb gjith\u00eb sip\u00ebrfaqen, rekomandohet fuqimisht p\u00ebrforcimi i plot\u00eb i membran\u00ebs ISOFLEX-PU 500 THIXO me shirita leshi prej poliester 100 cm t\u00eb gjer\u00eb (60 g\/m2). K\u00ebto shirita t\u00eb vendosur duhet t\u00eb mbivendosen me 5-10 cm. N\u00eb k\u00ebt\u00eb rast, 2-3 or\u00eb pas astarit, shtresa e par\u00eb e ISOFLEX-PU 500 THIXO aplikohet p\u00ebr t\u00eb mbuluar armatur\u00ebn (n\u00eb nj\u00eb gjer\u00ebsi prej 100 cm) dhe nd\u00ebrsa \u00ebsht\u00eb ende e fresk\u00ebt, futet nj\u00eb rrip prej leshi poliesteri. I nj\u00ebjti proces aplikimi ndiqet n\u00eb sip\u00ebrfaqen e mbetur. M\u00eb pas, dy shtresa shtes\u00eb ISOFLEX-PU 500 THIXO aplikohen n\u00eb t\u00eb gjith\u00eb sip\u00ebrfaqen.<\/span><br \/>\n<span style=\"color: #000000;\">Konsumi: &gt; 2.50 kg\/m2, n\u00eb var\u00ebsi t\u00eb n\u00ebnshtres\u00ebs.<\/span><\/p>\n<p><strong><span style=\"color: #000000;\">b) Hidroizolim lokal i plasaritjeve<\/span><\/strong><br \/>\n<span style=\"color: #000000;\">N\u00eb k\u00ebt\u00eb rast, astari aplikohet n\u00eb n\u00ebnshtres\u00eb vet\u00ebm p\u00ebrgjat\u00eb carjeve, n\u00eb gjer\u00ebsi 10-12 cm. Dy-tre or\u00eb pas astarit, aplikohet shtresa e par\u00eb ISOFLEX-PU 500 THIXO dhe, nd\u00ebrsa \u00ebsht\u00eb ende e fresk\u00ebt, nj\u00eb rrip leshi prej 10 cm i gjer\u00eb (60 g\/m2) futet p\u00ebr s\u00eb gjati. Dy shtresa shtes\u00eb ISOFLEX-PU 500 THIXO aplikohen p\u00ebrgjat\u00eb carjeve, duke mbuluar plot\u00ebsisht armatur\u00ebn.\u00a0<\/span><br \/>\n<span style=\"color: #000000;\">Konsumi: 200-250 g\/m gjat\u00ebsi plasaritjeje.<\/span><br \/>\n<strong><span style=\"color: #000000;\">c) Hidroizolim n\u00ebn pllaka<\/span><\/strong><br \/>\n<span style=\"color: #000000;\">ISOFLEX-PU 500 THIXO aplikohet me furc\u00eb ose rul n\u00eb 2 shtresa. ISOFLEX-PU 500 THIXO duhet t\u00eb p\u00ebrforcohet lokalisht p\u00ebrgjat\u00eb fugave dhe kryq\u00ebzimeve mur-dysheme, duke vendosur nj\u00eb rrip prej 10 cm t\u00eb gjer\u00eb prej leshi prej poliester (60 g\/m2) n\u00eb shtres\u00ebn e tij t\u00eb par\u00eb, nd\u00ebrsa \u00ebsht\u00eb ende i fresk\u00ebt. M\u00eb pas, dy shtres shtes\u00eb ISOFLEX-PU 500 THIXO aplikohen p\u00ebrgjat\u00eb carjeve, duke mbuluar plot\u00ebsisht armatur\u00ebn. Pas aplikimit t\u00eb shtres\u00ebs p\u00ebrfundimtare dhe derisa kjo \u00ebsht\u00eb ende e fresk\u00ebt, duhet t\u00eb transmetohet r\u00ebra kuarci. R\u00ebra e kuarcit duhet t\u00eb jet\u00eb plot\u00ebsisht e that\u00eb.<\/span><br \/>\n<span style=\"color: #000000;\">Konsumi i r\u00ebr\u00ebs kuarci: p\u00ebraf\u00ebrsisht 3kg\/m2<\/span><br \/>\n<span style=\"color: #000000;\">Pas 24 or\u00ebsh, cdo kokrriz\u00eb e lirshme duhet t\u00eb hiqet me nj\u00eb fshes\u00eb me nj\u00eb ngjit\u00ebs pllakash t\u00eb modifikuar nga polimer me performanc\u00eb t\u00eb lart\u00eb, si ISOMAT AK-22, ISOMAT AK-23 XXL, ISOMAT AK-25, ISOMAT AK-ELASTIC, ISOMAT AK-MEGARAPID.<\/span><br \/>\n<span style=\"color: #000000;\">Veglat duhet t\u00eb pastrohen me tret\u00ebs SM-28, nd\u00ebrsa ISOFLEX-PU 500 THIXO \u00ebsht\u00eb ende i fresk\u00ebt.<\/span>[\/vc_column_text][vc_row_inner][vc_column_inner width=&#8221;1\/2&#8243;]<div class=\"standard-arrow bullet-top\"><ul>\n<li><span style=\"color: #000000;\"><span style=\"color: #000000;\">P\u00ebr aplikim me sp\u00ebrkatje dhe n\u00eb temperatura prej m\u00eb pak se 10 oC, mund t\u00eb hollohet, vetem me tret\u00ebs special SM-28, deri n\u00eb 10%.<\/span><\/span><\/li>\n<li><span style=\"color: #000000;\">ISOFLEX-PU 500 THIXO nuk \u00ebsht\u00eb i p\u00ebrshtatsh\u00ebm p\u00ebr kontakt me ujin e trajtuar kimikisht n\u00eb pishina.<\/span><\/li>\n<li><span style=\"color: #000000;\">Temperatura gjat\u00eb aplikimit dhe forcimi i produktit duhet t\u00eb jet\u00eb nd\u00ebrmjet +5 oC dhe +35 oC.<\/span><\/li>\n<\/ul>\n<\/div>[\/vc_column_inner][vc_column_inner width=&#8221;1\/2&#8243;]<div class=\"standard-arrow bullet-top\"><ul>\n<li><span style=\"color: #000000;\"><span style=\"color: #000000;\">Temperatura e n\u00ebnshtres\u00ebs duhet t\u00eb jet\u00eb s\u00eb paku 3 oC mbi pik\u00ebn e ves\u00ebs, p\u00ebr t\u00eb shmangur rrezikun e kondensimit t\u00eb avullit.<\/span><\/span><\/li>\n<li><span style=\"color: #000000;\">Kontenier\u00ebt e pambyllur duhet t\u00eb p\u00ebrdoren sa m\u00eb shpejt\u00eb ato hapen dhe nuk mund t\u00eb restaurohen.<\/span><\/li>\n<li><span style=\"color: #000000;\">ISOFLEX-PU 500 THIXO \u00ebsht\u00eb menduar p\u00ebr vet\u00ebm p\u00ebrdorim profesional.<\/span><\/li>\n<\/ul>\n<\/div>[\/vc_column_inner][\/vc_row_inner][vc_row_inner css=&#8221;.vc_custom_1683100048912{padding-top: 20px !important;}&#8221;][vc_column_inner width=&#8221;1\/2&#8243;]<div class=\"aio-icon-component    style_1\"><div id=\"Info-box-wrap-5892\" class=\"aio-icon-box default-icon\" style=\"\"  ><div class=\"aio-icon-default\"><div class=\"ult-just-icon-wrapper  \"><div class=\"align-icon\" style=\"text-align:center;\">\n<div class=\"aio-icon-img \" style=\"font-size:65px;display:inline-block;\" >\n\t<img decoding=\"async\" class=\"img-icon\" alt=\"null\" src=\"https:\/\/aedcolor.com\/wp-content\/uploads\/2023\/05\/image-2.png\"\/>\n<\/div><\/div><\/div><\/div><div class=\"aio-icon-header\" ><h3 class=\"aio-icon-title ult-responsive\"  data-ultimate-target='#Info-box-wrap-5892 .aio-icon-title'  data-responsive-json-new='{\"font-size\":\"\",\"line-height\":\"\"}'  style=\"\">Sip\u00ebrfaqe: Beton<\/h3><\/div> <!-- header --><\/div> <!-- aio-icon-box --><\/div> <!-- aio-icon-component -->[\/vc_column_inner][vc_column_inner width=&#8221;1\/2&#8243;]<div class=\"aio-icon-component    style_1\"><div id=\"Info-box-wrap-4449\" class=\"aio-icon-box default-icon\" style=\"\"  ><div class=\"aio-icon-default\"><div class=\"ult-just-icon-wrapper  \"><div class=\"align-icon\" style=\"text-align:center;\">\n<div class=\"aio-icon-img \" style=\"font-size:65px;display:inline-block;\" >\n\t<img decoding=\"async\" class=\"img-icon\" alt=\"null\" src=\"https:\/\/aedcolor.com\/wp-content\/uploads\/2023\/05\/image-1.png\"\/>\n<\/div><\/div><\/div><\/div><div class=\"aio-icon-header\" ><h3 class=\"aio-icon-title ult-responsive\"  data-ultimate-target='#Info-box-wrap-4449 .aio-icon-title'  data-responsive-json-new='{\"font-size\":\"\",\"line-height\":\"\"}'  style=\"\">Aplikimi: Mistri<\/h3><\/div> <!-- header --><\/div> <!-- aio-icon-box --><\/div> <!-- aio-icon-component -->[\/vc_column_inner][\/vc_row_inner][\/vc_column][\/vc_row]<\/p>\n<\/div>","protected":false},"excerpt":{"rendered":"<p>[vc_row css=&#8221;.vc_custom_1683099634441{padding-bottom: 30px !important;}&#8221;][vc_column width=&#8221;2\/3&#8243;][vc_custom_heading text=&#8221;ISOFLEX-PU 500 THIXO&#8221; font_container=&#8221;tag:h2|font_size:50|text_align:left&#8221; use_theme_fonts=&#8221;yes&#8221; link=&#8221;|title:AQUAMAT%20-%20SUPERELASTIC||&#8221;][\/vc_column][\/vc_row][vc_row][vc_column width=&#8221;1\/2&#8243;][vc_single_image image=&#8221;8159&#8243; img_size=&#8221;full&#8221;][\/vc_column][vc_column width=&#8221;1\/2&#8243;][vc_column_text]ISOFLEX-PU 500 THIXO \u00ebsht\u00eb nj\u00eb membran\u00eb hidroizoluese me nj\u00eb p\u00ebrb\u00ebr\u00ebs, tikosotropike, poliuretani e l\u00ebngshme p\u00ebr sip\u00ebrfaqe vertikale, t\u00eb lakuara dhe t\u00eb pjerr\u00ebta. ISOFLEX-PU 500 THIXO bazohet n\u00eb rr\u00ebshirapoliuretani elastomerike, hidrofobike dhe rezitenc\u00eb t\u00eb shk\u00eblqyer mekanike, kimike, termike dhe motit. Fal\u00eb tiksotropis\u00eb&hellip;<\/p>\n","protected":false},"author":2,"featured_media":0,"parent":0,"menu_order":0,"comment_status":"closed","ping_status":"closed","template":"","meta":{"footnotes":""},"class_list":["post-10020","page","type-page","status-publish","hentry","description-off"],"_links":{"self":[{"href":"https:\/\/aedcolor.com\/index.php\/wp-json\/wp\/v2\/pages\/10020","targetHints":{"allow":["GET"]}}],"collection":[{"href":"https:\/\/aedcolor.com\/index.php\/wp-json\/wp\/v2\/pages"}],"about":[{"href":"https:\/\/aedcolor.com\/index.php\/wp-json\/wp\/v2\/types\/page"}],"author":[{"embeddable":true,"href":"https:\/\/aedcolor.com\/index.php\/wp-json\/wp\/v2\/users\/2"}],"replies":[{"embeddable":true,"href":"https:\/\/aedcolor.com\/index.php\/wp-json\/wp\/v2\/comments?post=10020"}],"version-history":[{"count":1,"href":"https:\/\/aedcolor.com\/index.php\/wp-json\/wp\/v2\/pages\/10020\/revisions"}],"predecessor-version":[{"id":10022,"href":"https:\/\/aedcolor.com\/index.php\/wp-json\/wp\/v2\/pages\/10020\/revisions\/10022"}],"wp:attachment":[{"href":"https:\/\/aedcolor.com\/index.php\/wp-json\/wp\/v2\/media?parent=10020"}],"curies":[{"name":"wp","href":"https:\/\/api.w.org\/{rel}","templated":true}]}}