{"id":10034,"date":"2023-12-21T09:39:56","date_gmt":"2023-12-21T09:39:56","guid":{"rendered":"https:\/\/aedcolor.com\/?page_id=10034"},"modified":"2023-12-21T09:40:14","modified_gmt":"2023-12-21T09:40:14","slug":"isoflex-pu-600-3","status":"publish","type":"page","link":"https:\/\/aedcolor.com\/index.php\/isoflex-pu-600-3\/","title":{"rendered":"ISOFLEX-PU 600"},"content":{"rendered":"<div class=\"wpb-content-wrapper\"><p>[vc_row css=&#8221;.vc_custom_1683099634441{padding-bottom: 30px !important;}&#8221;][vc_column width=&#8221;2\/3&#8243;][vc_custom_heading text=&#8221;ISOFLEX-PU 600&#8243; font_container=&#8221;tag:h2|font_size:50|text_align:left&#8221; use_theme_fonts=&#8221;yes&#8221; link=&#8221;|title:AQUAMAT%20-%20SUPERELASTIC||&#8221;][\/vc_column][\/vc_row][vc_row][vc_column width=&#8221;1\/2&#8243;][vc_single_image image=&#8221;8180&#8243; img_size=&#8221;full&#8221;][\/vc_column][vc_column width=&#8221;1\/2&#8243;][vc_column_text]<strong><span style=\"color: #000000;\">\u00cbsht\u00eb nj\u00eb material i l\u00ebngsh\u00ebm me mpiksje t\u00eb shpejt\u00eb, alifatik, poliuretanik, me nj\u00eb p\u00ebrb\u00ebr\u00ebs, hidroizolues p\u00ebr tarraca:<\/span><\/strong><\/p>\n<ul>\n<li><span style=\"color: #000000;\">Ka baz\u00eb rr\u00ebshire poliuretani hidrofobike dhe elastomerike dhe ka veti t\u00eb shk\u00eblqyera mekanike, kimike dhe termike, UV dhe kundra konditave t\u00eb k\u00ebqija t\u00eb motit.<\/span><\/li>\n<li><span style=\"color: #000000;\">Krijon nj\u00eb shtres\u00eb uniforme, elastike, hidroizoluese, t\u00eb dep\u00ebrtueshme nga avulli e cila nuk krijon bashkime ose lidhje.<\/span><\/li>\n<li><span style=\"color: #000000;\">Ngjitje t\u00eb shk\u00eblqyer n\u00eb n\u00ebnshtresa t\u00eb ndryshme, si betoni, llaci i cimentos, druri dhe cdo lloj materiali hidroizolues.<\/span><\/li>\n<li><span style=\"color: #000000;\">Mund\u00ebsi p\u00ebrdorimi dhe n\u00eb n\u00ebnshtresa t\u00eb paniveluara.<\/span><\/li>\n<li><span style=\"color: #000000;\">Nuk b\u00ebhet i verdh\u00eb &#8211; p\u00ebrkundrazi, mban ngjyr\u00ebn origjinale dhe nuk ka nevoj\u00eb t\u00eb mbulohet me shtres\u00eb t\u00eb re pas aplikimit, akoma dhe po t\u00eb jet\u00eb zgjedhur n\u00eb ngjyr\u00eb t\u00eb err\u00ebt.<\/span><\/li>\n<\/ul>\n<p><span style=\"color: #000000;\">\u00cbsht\u00eb certifikuar me sh\u00ebnimin CE i cili e b\u00ebn si shtres\u00eb mbrojtjeje p\u00ebr sip\u00ebrfaqet e betonit, sipas certifikat\u00ebs EN 1504-2. Numri i certifikat\u00ebs Nr. 2032-CPR-10.11.<\/span><br \/>\n<span style=\"color: #000000;\">ISOFLEX-PU 600 p\u00ebrshtatet p\u00ebr hidroizolim:<\/span><\/p>\n<ul>\n<li><span style=\"color: #000000;\">P\u00ebr tarraca dhe ballkone si nj\u00eb shtres\u00eb e eksposuar hidroizoluese.<\/span><\/li>\n<li><span style=\"color: #000000;\">N\u00eb pllaka gipsi dhe cimentoje.<\/span><\/li>\n<li><span style=\"color: #000000;\">N\u00eb shtresa t\u00eb vjetra bituminoze.<\/span><\/li>\n<li><span style=\"color: #000000;\">Shkum\u00eb poliuretani.<\/span><\/li>\n<li><span style=\"color: #000000;\">N\u00eb sip\u00ebrfaqe metalike.<\/span><\/li>\n<\/ul>\n<p><strong><span style=\"color: #000000;\">P\u00ebrgatitja e n\u00ebnshtres\u00ebs<\/span><\/strong><br \/>\n<span style=\"color: #000000;\">N\u00eb p\u00ebrgjith\u00ebsi, n\u00ebnshtresa duhet t\u00eb jet\u00eb e that\u00eb(lag\u00ebshtia &lt;4%), e past\u00ebr, pa yndyr\u00eb, pa materiale t\u00eb lira, pluhur, etj.<\/span><\/p>\n<p><em><span style=\"text-decoration: underline;\"><span style=\"color: #000000; text-decoration: underline;\">1.1. N\u00ebnshtresat e betonit<\/span><\/span><\/em><br \/>\n<span style=\"color: #000000;\">Cdo zgav\u00ebr ekzistuese n\u00eb beton duhet t\u00eb mbushet me materialin e duhur mbush\u00ebs q\u00eb m\u00eb p\u00ebrpara. Plasaritjet e thella mbi n\u00ebnshtres\u00ebn duhet t\u00eb mbushen me mbush\u00ebsit poliuretanik FLEX-PU 20\/30 S\/40\/50 S. Betoni dhe sip\u00ebrfaqe t\u00eb tjera poroze me lag\u00ebshti &lt; 4% duhet t\u00eb trajtohen me asatrin evecant\u00eb PRIMER-PU 100, me konsum rreth 200 g\/m2. Sip\u00ebrfaqet me nivel lag\u00ebshtie &gt; 4% duhet t\u00eb lyhen me astar special poliuretani, me dy pvrb\u00ebr\u00ebs, PRIMER-PU 140, me konsum 100-250 g\/m2.<\/span><\/p>\n<p><em><span style=\"text-decoration: underline;\"><span style=\"color: #000000; text-decoration: underline;\">1.2. N\u00ebnshtresa t\u00eb l\u00ebmuara dhe jo thith\u00ebse<\/span><\/span><\/em><br \/>\n<span style=\"color: #000000;\">N\u00ebnshtresat e l\u00ebmuara dhe jo thith\u00ebse, si dhe membranat bituminoze ose shtresat e vjetra hidroizoluese, duhet t\u00eb astarohen me astarin epoksid me baz\u00eb uji EPOXYPRIMER-500 me konsum af\u00ebrsisht 200-300 g\/m2. ISOFLEX-PU 600 mund t\u00eb aplikohet sapo lag\u00ebshtia e EPOXYPRIMER-500 t\u00eb b\u00ebhet m\u00eb e ul\u00ebt se 4%.<\/span><\/p>\n<p><em><span style=\"text-decoration: underline;\"><span style=\"color: #000000; text-decoration: underline;\">1.3 N\u00ebnshtresat metalike<\/span><\/span><\/em><br \/>\n<span style=\"color: #000000;\">N\u00ebnshtresat metalike duhet t\u00eb jen\u00eb:<\/span><\/p>\n<ul>\n<li><span style=\"color: #000000;\">T\u00eb thata dhe t\u00eb pastra<\/span><\/li>\n<li><span style=\"color: #000000;\">Pa yndyr\u00eb, material t\u00eb lira, pluhur, etj. q\u00eb mund t\u00eb pengojn\u00eb ngjitjen.<\/span><\/li>\n<li><span style=\"color: #000000;\">Pa ndryshk ose g\u00ebrryerje q\u00eb mundt\u00eb pengojn\u00eb ngjitjen.<\/span><\/li>\n<\/ul>\n<p><span style=\"color: #000000;\">N\u00ebnshtresa duhet t\u00eb p\u00ebrgatitet me furc\u00eb, f\u00ebrkimi, hedhje r\u00ebre me presion, etj. dhe pastaj t\u00eb pastrohet krejt nga pluhuri. ISOFLEX-PU 500 mund t\u00eb aplikohet pa astarim t\u00eb m\u00ebparsh\u00ebm.<\/span><\/p>\n<p><strong><span style=\"color: #000000;\">Aplikimi-Konsumi<\/span><\/strong><br \/>\n<span style=\"color: #000000;\">Para aplikimit, rekomandohet p\u00ebrzierja e leht\u00eb e ISOFLEX-PU 600, derisa t\u00eb b\u00ebhet homogjen. P\u00ebrzierja e tep\u00ebrt duhet shmangur q\u00eb t\u00eb parandalohet bllokimi i ajrit n\u00eb material.<\/span><\/p>\n<p><em><span style=\"text-decoration: underline;\"><span style=\"color: #000000; text-decoration: underline;\">a) Izolim total n\u00eb sip\u00ebrfaqe<\/span><\/span><\/em><br \/>\n<span style=\"color: #000000;\">ISOFLEX-PU 600 aplikohet me furc\u00eb ose ryl n\u00eb 2 shtresa. Shtresa e par\u00eb aplikohet 2-3 or\u00eb pas astarimit dhe nd\u00ebrsa PRIMER-PU 100 ngjit akoma. Shtresa e dyt\u00eb duhet t\u00eb aplikohet n\u00eb m\u00ebnyr\u00eb transversale (p\u00ebrpendikulare) pas 8-24 or\u00ebsh, n\u00eb var\u00ebsi me konditat e motit. N\u00eb zona me plasaritje serioze, rekomandohet p\u00ebrforcimi lokal i ISOFLEX-PU 600 me nj\u00eb shirit 10 cm t\u00eb gjer\u00eb t\u00eb p\u00ebrforcuar me fibra poliesteri (60 g\/m2) gjat\u00eb plasaritjeve. N\u00eb k\u00ebt\u00eb rast, 2-3 or\u00eb pas astarimit, shtrohet shtresa e par\u00eb e ISOFLEX-PU 600 mbi plasaritje dhe, nd\u00ebrkoh\u00eb \u00ebsht\u00eb akoma i njom\u00eb, shiriti me gjer\u00ebsi 10 cmme fibra poliesteri ngjeshet sipas gjat\u00ebsis\u00eb. Pastaj shtrohen\u00a0 dy shtresa ekstra t\u00eb ISOFLEX-PU 600 n\u00eb gjith\u00eb sip\u00ebrfaqen.<\/span><br \/>\n<span style=\"color: #000000;\">Konsumi: rreth 1,0-1,5 kg\/m2, n\u00eb var\u00ebsi me n\u00ebnshtres\u00ebn.\u00a0<\/span><br \/>\n<span style=\"color: #000000;\">N\u00eb rast t\u00eb plasaritjeve t\u00eb thella, mbi gjith\u00eb sip\u00ebrfaqen, rekomandohet mjaft p\u00ebrforcimi i membran\u00ebs t\u00eb ISOFLEX-PU 600 me shirit\u00eb prej fibrash poliesteri (60 g\/m2) 100 cm t\u00eb gjer\u00eb. K\u00ebto shirita duhet t\u00eb mbulojn\u00eb nj\u00ebri tjetrin rreth 5-10 cm. Me imt\u00ebsi, 2-3 or\u00eb pas astarimit, shtrohet shtresa e par\u00eb e ISOFLEX-PU 600, p\u00ebr t\u00eb mbuluar p\u00ebrforcimin (me gjer\u00ebsi prej 100 cm), dhe nd\u00ebrsa \u00ebsht\u00eb akoma e njom\u00eb, ngjeshet nj\u00eb shirit me fibra polesteri. E nj\u00ebjta porcedur\u00eb ndiqet p\u00ebr sip\u00ebrfaqen q\u00eb mbetet. Pastaj, shtrohen dy shtresa ekstra t\u00eb ISOFLEX-PU 600 n\u00eb t\u00eb gjith\u00eb sip\u00ebrfaqen.\u00a0<\/span><br \/>\n<span style=\"color: #000000;\">Konsumi: rreth 2,0-2,25 kg\/m2, n\u00eb var\u00ebsi me n\u00ebnshtres\u00ebn dhe llojin e p\u00ebrforcimit.<\/span><\/p>\n<p><em><span style=\"text-decoration: underline;\"><span style=\"color: #000000; text-decoration: underline;\">b) Izolimi lokal i plasaritjeve<\/span><\/span><\/em><br \/>\n<span style=\"color: #000000;\">N\u00eb k\u00ebt\u00eb rast, astari aplikohet n\u00eb n\u00ebnshtres\u00eb vet\u00ebm mbi plasaritje, n\u00eb nj\u00eb gjer\u00ebsi prej 10-12 cm. 2-3 or\u00eb pas astarimit, shtrohet shtresa e par\u00eb e ISOFLEX-PU 600 dhe nd\u00ebrsa \u00ebsht\u00eb akoma e njom\u00eb, ngjeshet sipas gjat\u00ebsis\u00eb (t\u00eb plasaritjes) nj\u00eb shirit me fibra poliesteri (60 g\/m2). P\u00ebrfundimisht, dy shtresa ekstra ISOFLEX-PU 600 shtrohen mbi plasaritje, t\u00eb cilat e mbulojn\u00eb krejt p\u00ebrforcimin.<\/span><br \/>\n<span style=\"color: #000000;\">Konsumi: rreth 200-250 g\/m prej gjat\u00ebsie plasaritje.<\/span><br \/>\n<span style=\"color: #000000;\">Veglat duhet t\u00eb pastrohen me tret\u00ebsin SM-28, nd\u00ebrsa ISOFLEX-PU 600 \u00ebsht\u00eb akoma i njom\u00eb.<\/span>[\/vc_column_text][vc_row_inner][vc_column_inner width=&#8221;1\/2&#8243;]<div class=\"standard-arrow bullet-top\"><ul>\n<li><span style=\"color: #000000;\"><span style=\"color: #000000;\">N\u00eb rast aplikimi me sp\u00ebrkatje, mund t\u00eb hollohet deri 10% vet\u00ebm me tret\u00ebsin e vecant\u00eb SM-28, n\u00eb var\u00ebsi me konditat e motit.<\/span><\/span><\/li>\n<li><span style=\"color: #000000;\">ISOFLEX-PU 600 nuk p\u00ebrshtatet p\u00ebr kontakt me ujin e pishinave t\u00eb trajtuar n\u00eb m\u00ebnyr\u00eb kimike.<\/span><\/li>\n<li><span style=\"color: #000000;\">Temperatura gjat\u00eb aplikimit dhe fort\u00ebsimit duhet t\u00eb jet\u00eb nd\u00ebrmjet +8 oC dhe +35 oC.<\/span><\/li>\n<\/ul>\n<\/div>[\/vc_column_inner][vc_column_inner width=&#8221;1\/2&#8243;]<div class=\"standard-arrow bullet-top\"><ul>\n<li><span style=\"color: #000000;\">Cdo shtres\u00eb e ISOFLEX-PU 600 nuk duhet t\u00eb teproj\u00eb 1mm.<\/span><\/li>\n<li><span style=\"color: #000000;\">Pakot e pa hapura duhet t\u00eb p\u00ebrdoren menj\u00ebher\u00eb sa hapen dhe nuk mund t\u00eb magazinohen prap\u00eb.<\/span><\/li>\n<li><span style=\"color: #000000;\">ISOFLEX-PU 600 \u00ebsht\u00eb synuar vet\u00ebm p\u00ebr pvrdorim profesional.<\/span><\/li>\n<\/ul>\n<\/div>[\/vc_column_inner][\/vc_row_inner][vc_row_inner css=&#8221;.vc_custom_1683100048912{padding-top: 20px !important;}&#8221;][vc_column_inner width=&#8221;1\/2&#8243;]<div class=\"aio-icon-component    style_1\"><div id=\"Info-box-wrap-3120\" class=\"aio-icon-box default-icon\" style=\"\"  ><div class=\"aio-icon-default\"><div class=\"ult-just-icon-wrapper  \"><div class=\"align-icon\" style=\"text-align:center;\">\n<div class=\"aio-icon-img \" style=\"font-size:65px;display:inline-block;\" >\n\t<img decoding=\"async\" class=\"img-icon\" alt=\"null\" src=\"https:\/\/aedcolor.com\/wp-content\/uploads\/2023\/05\/image-2.png\"\/>\n<\/div><\/div><\/div><\/div><div class=\"aio-icon-header\" ><h3 class=\"aio-icon-title ult-responsive\"  data-ultimate-target='#Info-box-wrap-3120 .aio-icon-title'  data-responsive-json-new='{\"font-size\":\"\",\"line-height\":\"\"}'  style=\"\">Sip\u00ebrfaqe: Beton<\/h3><\/div> <!-- header --><\/div> <!-- aio-icon-box --><\/div> <!-- aio-icon-component -->[\/vc_column_inner][vc_column_inner width=&#8221;1\/2&#8243;]<div class=\"aio-icon-component    style_1\"><div id=\"Info-box-wrap-8846\" class=\"aio-icon-box default-icon\" style=\"\"  ><div class=\"aio-icon-default\"><div class=\"ult-just-icon-wrapper  \"><div class=\"align-icon\" style=\"text-align:center;\">\n<div class=\"aio-icon-img \" style=\"font-size:65px;display:inline-block;\" >\n\t<img decoding=\"async\" class=\"img-icon\" alt=\"null\" src=\"https:\/\/aedcolor.com\/wp-content\/uploads\/2023\/05\/image-1.png\"\/>\n<\/div><\/div><\/div><\/div><div class=\"aio-icon-header\" ><h3 class=\"aio-icon-title ult-responsive\"  data-ultimate-target='#Info-box-wrap-8846 .aio-icon-title'  data-responsive-json-new='{\"font-size\":\"\",\"line-height\":\"\"}'  style=\"\">Aplikimi: Mistri<\/h3><\/div> <!-- header --><\/div> <!-- aio-icon-box --><\/div> <!-- aio-icon-component -->[\/vc_column_inner][\/vc_row_inner][\/vc_column][\/vc_row]<\/p>\n<\/div>","protected":false},"excerpt":{"rendered":"<p>[vc_row css=&#8221;.vc_custom_1683099634441{padding-bottom: 30px !important;}&#8221;][vc_column width=&#8221;2\/3&#8243;][vc_custom_heading text=&#8221;ISOFLEX-PU 600&#8243; font_container=&#8221;tag:h2|font_size:50|text_align:left&#8221; use_theme_fonts=&#8221;yes&#8221; link=&#8221;|title:AQUAMAT%20-%20SUPERELASTIC||&#8221;][\/vc_column][\/vc_row][vc_row][vc_column width=&#8221;1\/2&#8243;][vc_single_image image=&#8221;8180&#8243; img_size=&#8221;full&#8221;][\/vc_column][vc_column width=&#8221;1\/2&#8243;][vc_column_text]\u00cbsht\u00eb nj\u00eb material i l\u00ebngsh\u00ebm me mpiksje t\u00eb shpejt\u00eb, alifatik, poliuretanik, me nj\u00eb p\u00ebrb\u00ebr\u00ebs, hidroizolues p\u00ebr tarraca: Ka baz\u00eb rr\u00ebshire poliuretani hidrofobike dhe elastomerike dhe ka veti t\u00eb shk\u00eblqyera mekanike, kimike dhe termike, UV dhe kundra konditave t\u00eb k\u00ebqija t\u00eb motit. Krijon&hellip;<\/p>\n","protected":false},"author":2,"featured_media":0,"parent":0,"menu_order":0,"comment_status":"closed","ping_status":"closed","template":"","meta":{"footnotes":""},"class_list":["post-10034","page","type-page","status-publish","hentry","description-off"],"_links":{"self":[{"href":"https:\/\/aedcolor.com\/index.php\/wp-json\/wp\/v2\/pages\/10034","targetHints":{"allow":["GET"]}}],"collection":[{"href":"https:\/\/aedcolor.com\/index.php\/wp-json\/wp\/v2\/pages"}],"about":[{"href":"https:\/\/aedcolor.com\/index.php\/wp-json\/wp\/v2\/types\/page"}],"author":[{"embeddable":true,"href":"https:\/\/aedcolor.com\/index.php\/wp-json\/wp\/v2\/users\/2"}],"replies":[{"embeddable":true,"href":"https:\/\/aedcolor.com\/index.php\/wp-json\/wp\/v2\/comments?post=10034"}],"version-history":[{"count":2,"href":"https:\/\/aedcolor.com\/index.php\/wp-json\/wp\/v2\/pages\/10034\/revisions"}],"predecessor-version":[{"id":10037,"href":"https:\/\/aedcolor.com\/index.php\/wp-json\/wp\/v2\/pages\/10034\/revisions\/10037"}],"wp:attachment":[{"href":"https:\/\/aedcolor.com\/index.php\/wp-json\/wp\/v2\/media?parent=10034"}],"curies":[{"name":"wp","href":"https:\/\/api.w.org\/{rel}","templated":true}]}}