{"id":10039,"date":"2023-12-21T12:37:10","date_gmt":"2023-12-21T12:37:10","guid":{"rendered":"https:\/\/aedcolor.com\/?page_id=10039"},"modified":"2023-12-22T08:12:08","modified_gmt":"2023-12-22T08:12:08","slug":"isoflex-pu-650","status":"publish","type":"page","link":"https:\/\/aedcolor.com\/index.php\/isoflex-pu-650\/","title":{"rendered":"ISOFLEX-PU 650"},"content":{"rendered":"<div class=\"wpb-content-wrapper\"><p>[vc_row css=&#8221;.vc_custom_1683099634441{padding-bottom: 30px !important;}&#8221;][vc_column width=&#8221;2\/3&#8243;][vc_custom_heading text=&#8221;ISOFLEX-PU 650&#8243; font_container=&#8221;tag:h2|font_size:50|text_align:left&#8221; use_theme_fonts=&#8221;yes&#8221; link=&#8221;|title:AQUAMAT%20-%20SUPERELASTIC||&#8221;][\/vc_column][\/vc_row][vc_row][vc_column width=&#8221;1\/2&#8243;][vc_single_image image=&#8221;8184&#8243; img_size=&#8221;full&#8221;][\/vc_column][vc_column width=&#8221;1\/2&#8243;][vc_column_text]<span style=\"color: #000000;\"><strong>ISOFLEX-PU 650 \u00ebsht\u00eb nj\u00eb membran\u00eb hidroizoluese me nj\u00eb p\u00ebrb\u00ebr\u00ebs, transparent, alifatike, poliuretani, e l\u00ebngshme me p\u00ebrmbajtje t\u00eb lart\u00eb t\u00eb l\u00ebnd\u00ebve t\u00eb ngurta.<\/strong> Formon nj\u00eb membran\u00eb t\u00eb pap\u00ebrshkueshme nga uji, elastike dhe t\u00eb q\u00ebndrueshme ndaj UV-s\u00eb, e cila nuk zverdhet me kalimin e\u00a0 koh\u00ebs, nd\u00ebrsa siguron rezistenc\u00eb t\u00eb shk\u00eblqyer mekanike dhe kimike. Fal\u00eb elastomerit me cil\u00ebsi t\u00eb lart\u00eb dhe rr\u00ebshira hidrofobike q\u00eb p\u00ebrmban, ka transparenc\u00eb dhe elasticitet afatgjat\u00eb, nd\u00ebrsa ofron avantazhet e m\u00ebposhtme:<\/span><\/p>\n<ul>\n<li><span style=\"color: #000000;\">Aplikim i leht\u00eb dhe me kursim, pasi nuk k\u00ebrkohet heqje e n\u00ebnshtres\u00ebs s\u00eb vjet\u00ebr (pllakat etj) p\u00ebr hidroizolim.<\/span><\/li>\n<li><span style=\"color: #000000;\">Hidroizolim dhe mbrojtje efektive e sip\u00ebrfaqeve me shtresa t\u00eb vjetra pllakash, dru, tulla xhami, materiale plastike etj.<\/span><\/li>\n<li><span style=\"color: #000000;\">Cip\u00eb e vazhdueshme, pa tegela apo fuga.<\/span><\/li>\n<li><span style=\"color: #000000;\">Rezistenc\u00eb e jasht\u00ebzakonshme ndaj rrezatimit UV dhe kushteve t\u00eb motit (shiu, ngrica).\u00a0<\/span><\/li>\n<li><span style=\"color: #000000;\">Rezistenc\u00eb ndaj detergjenteve, vajrave, ujit t\u00eb detit.<\/span><\/li>\n<li><span style=\"color: #000000;\">Rezistenc\u00eb ndaj trafikut t\u00eb k\u00ebmb\u00ebsor\u00ebve.<\/span><\/li>\n<\/ul>\n<p><span style=\"color: #000000;\">Certifikuar sipas EN 1504-2 dhe klasifikuar si veshje p\u00ebr mbrojtjen e sip\u00ebrfaqes s\u00eb betonit. Shenja CE. Nr. Certifikate: 2032-CPR-10.11.<\/span><br \/>\n<span style=\"color: #000000;\">ISOFLEX-PU 650 \u00ebsht\u00eb ideal p\u00ebr hidroizolimin dhe mbrojtjen e:<\/span><\/p>\n<ul>\n<li><span style=\"color: #000000;\">Cative t\u00eb sheshta, tarraca dhe ballkone t\u00eb mbuluara me pllaka xham, pllaka qeramike, gur natyral, dru, veshje me mikrocimento, mallra cimentoje t\u00eb pjerr\u00ebta, etj.<\/span><\/li>\n<li><span style=\"color: #000000;\">Mure prej blloqe xhami, guri natyror etj.<\/span><\/li>\n<li><span style=\"color: #000000;\">Kupola xhamash, atriume dhe serra prej xhami, materialesh plastike (flet\u00eb polikarbonate) etj.<\/span><\/li>\n<\/ul>\n<p><span style=\"color: #000000;\">P\u00ebrdoret gjithashtu si nj\u00eb lidh\u00ebs rr\u00ebshire transparente p\u00ebr dyshemet\u00eb dekorative t\u00eb tapeteve prej guri. Duke ofruar fleksibilitet t\u00eb lart\u00eb, \u00ebsht\u00eb ideal p\u00ebr aplikime n\u00eb ballkone dhe tarraca, brenda ose jasht\u00eb. P\u00ebr m\u00eb tep\u00ebr, mund t\u00eb p\u00ebrdoret si nj\u00eb membran\u00eb izoluese transparente mbi dyshemet\u00eb dekorative me flak\u00eb.<\/span><\/p>\n<p><span style=\"color: #000000;\">Aplikimi si membran\u00eb hidroizoluese e l\u00ebngshme transparente<\/span><br \/>\n<strong><span style=\"color: #000000;\">N\u00ebnshtresa<\/span><\/strong><br \/>\n<span style=\"color: #000000;\">N\u00ebnshtresa duhet t\u00eb jet\u00eb plot\u00ebsisht e that\u00eb, e past\u00ebr, pa yndyr\u00eb, grimca t\u00eb lirshme, pluhur, boj\u00ebra t\u00eb vjetra, etj. Sip\u00ebrfaqet\u00a0 me lag\u00ebshti t\u00eb bllokuar (p.sh. lag\u00ebshtia n\u00ebn pllaka) duhet t\u00eb lihen t\u00eb thahen plot\u00ebsisht p\u00ebrpara aplikimit t\u00eb ISOFLEX-PU 650.<\/span><br \/>\n<span style=\"color: #000000;\">1.1. Sip\u00ebrfaqet jo poroze (p.sh. pllaka me xham, blloqe xhami) duhet t\u00eb trajtohen me promotorin special t\u00eb ngjitjes PRIMER-S 165. Sip\u00ebrfaqja pastrohet me nj\u00eb leck\u00eb t\u00eb njomur me promotor. P\u00eblhura duhet t\u00eb nd\u00ebrrohet shpesh. Shtresa e par\u00eb e ISOFLEX-PU 650 aplikohet 20-30 min pas aplikimit t\u00eb PRIMER-S 165. Promotori ngjit\u00ebs pastron sip\u00ebrfaqen dhe rrit forc\u00ebn e lidhjes s\u00eb ISOFLEX-PU 650. PRIMER-S 165 nuk duhet t\u00eb aplikohet n\u00eb transparente materiale plastike (p.sh flet\u00eb polikarbonate).<\/span><br \/>\n<span style=\"color: #000000;\">Konsumi: 30-70 g\/m2.<\/span><br \/>\n<span style=\"color: #000000;\">1.2. Sip\u00ebrfaqet poroze (p.sh. betoni, veshje me mikrocimento, guri natyror, etj.) duhet t\u00eb jen\u00eb t\u00eb thata, t\u00eb pastra dhe pa ndot\u00ebs dhe materiale t\u00eb lirshme. ISOFLEX-PU 650 aplikohet drejtp\u00ebrdrejt n\u00eb n\u00ebnshtres\u00ebn e p\u00ebrgatitur sic duhet.<\/span><\/p>\n<p><strong><span style=\"color: #000000;\">Aplikimi<\/span><\/strong><br \/>\n<span style=\"color: #000000;\">ISOFLEX-PU 650 duhet t\u00eb p\u00ebrzihet pak p\u00ebrpara aplikimit. Duhet t\u00eb shmanget p\u00ebrzierja e zgjatur p\u00ebr t\u00eb parandaluar bllokimin e ajrit. ISOFLEX-PU 650 aplikohet me rul n\u00eb dy-tre shtresa. Cdo shtres\u00eb tjet\u00ebr pason pas 12-18 or\u00ebsh, n\u00eb var\u00ebsi t\u00eb kushteve t\u00eb motit dhe jo m\u00eb von\u00eb se 24 or\u00eb.<\/span><br \/>\n<span style=\"color: #000000;\">Konsumi: 0,8-1,2 kg\/m2, n\u00eb dy-tre shtresa, n\u00eb var\u00ebsi t\u00eb llojit t\u00eb n\u00ebnshtres\u00ebs. N\u00eb rast se k\u00ebrkohet rrallimi, ISOFLEX-PU 650 mund t\u00eb hollohet deri n\u00eb 3% me SM-28. Veglat duhet t\u00eb pastrohen me tret\u00ebs SM-28 nd\u00ebrsa ISOFLEX-PU 650 \u00ebsht\u00eb ende i fresk\u00ebt.<\/span><\/p>\n<p><strong><span style=\"color: #000000;\">P\u00ebrfundoi<\/span><\/strong><br \/>\n<span style=\"color: #000000;\">ISOFLEX-PU 650 krijon nj\u00eb sip\u00ebrfaqe p\u00ebrfundimtare me shk\u00eblqim. N\u00ebse d\u00ebshironi nj\u00eb p\u00ebrfundim saten-mat, aplikoni nj\u00eb shtres\u00eb VARNISH-PU 650 MF mbi ISOFLEX-PU 650.<\/span><\/p>\n<p><span style=\"color: #000000;\">Aplikimi si lidh\u00ebs rr\u00ebshire p\u00ebr dyshemet\u00eb e tapeteve dekorative me gur\u00eb.<\/span><br \/>\n<span style=\"color: #000000;\">Dyshemeja e tapetit prej guri dekorativ nga ISOMAT ofron nj\u00eb sip\u00ebrfaqe dekorative q\u00eb nuk rr\u00ebshqet. Fal\u00eb fleksibilitetit t\u00eb lart\u00eb, \u00ebsht\u00eb ideal p\u00ebr tu aplikuar n\u00eb ballkone, cati t\u00eb sheshta, vendkalime, an\u00ebt e pishin\u00ebs, etj., n\u00eb ambiente banimi ose komerciale.<\/span><\/p>\n<p><strong><span style=\"color: #000000;\">Hap\u00ebsirat e jashtme<\/span><\/strong><br \/>\n<span style=\"color: #000000;\">P\u00ebr instalimin e tapeteve t\u00eb jashtme me gur\u00eb n\u00eb cati t\u00eb sheshta, ballkone etj. \u00ebsht\u00eb e nevojshme q\u00eb n\u00eb fillim n\u00ebnshtresa t\u00eb hidroizolohet me nj\u00eb nga membranat hidroizoluese t\u00eb l\u00ebngshme poliuretani t\u00eb m\u00ebposhtme; ISOFLEX-PU 500, ISOFLEX-PU 510 ose ISOFLEX-PU 550. N\u00eb k\u00ebt\u00eb rast tapeti i gurit aplikohet 24 or\u00eb m\u00eb von\u00eb pa astar. N\u00eb rast se dyshemeja dekorative do t\u00eb aplikohet n\u00eb pllaka betoni, at\u00ebher\u00eb duhet t\u00eb aplikohet astar epoksid DUROPRIMER-SG.<\/span><br \/>\n<span style=\"color: #000000;\">Konsumi: 600-1000 g\/m2.<\/span>[\/vc_column_text][vc_row_inner][vc_column_inner width=&#8221;1\/2&#8243;]<div class=\"standard-arrow bullet-top\"><ul>\n<li><span style=\"color: #000000;\"><span style=\"color: #000000;\">Sip\u00ebrfaqet q\u00eb jan\u00eb trajtuar n\u00eb t\u00eb kaluar\u00ebn me impregnime hidrofobike mund t\u00eb shkaktojn\u00eb probleme ngjitjeje. Rekomandohet t\u00eb testoni nj\u00eb zon\u00eb t\u00eb vog\u00ebl p\u00ebr pajtueshm\u00ebrin\u00eb p\u00ebrpara aplikimit n\u00eb shkall\u00eb t\u00eb plot\u00eb.<\/span><\/span><\/li>\n<li><span style=\"color: #000000;\">N\u00ebse d\u00ebshironi nj\u00eb sip\u00ebrfaqe rezistente ndaj rr\u00ebshqitjes p\u00ebr t\u00eb shmangur rr\u00ebshqitjen gjat\u00eb dit\u00ebve me lag\u00ebshti, transmetoni llojin e duhur t\u00eb r\u00ebr\u00ebs kuarci n\u00eb shtres\u00ebn e lag\u00ebsht p\u00ebrfundimtare t\u00eb ISOFLEX-PU 650.\u00a0<\/span><\/li>\n<li><span style=\"color: #000000;\">ISOFLEX-PU 650 nuk \u00ebsht\u00eb i p\u00ebrshtatsh\u00ebm p\u00ebr kontakt t\u00eb p\u00ebrhersh\u00ebm me ujin e trajtuar kimikisht t\u00eb pishinave.<\/span><\/li>\n<li><span style=\"color: #000000;\">Temperaturat e ul\u00ebta vonojn\u00eb forcimin e ISOFLEX-PU 650 nd\u00ebrsa temperaturat e larta e p\u00ebrshpejtojn\u00eb at\u00eb.<\/span><\/li>\n<\/ul>\n<\/div>[\/vc_column_inner][vc_column_inner width=&#8221;1\/2&#8243;]<div class=\"standard-arrow bullet-top\"><ul>\n<li><span style=\"color: #000000;\"><span style=\"color: #000000;\">Lag\u00ebshtia e lart\u00eb atmosferike mund t\u00eb ndikoj\u00eb n\u00eb p\u00ebrfundimin e ISOFLEX-PU 650.<\/span><\/span><\/li>\n<li><span style=\"color: #000000;\">Temperatura gjat\u00eb aplikimit dhe ngurt\u00ebsimit t\u00eb produktit duhet t\u00eb jet\u00eb nd\u00ebrmjet +8 oC dhe +35 oC.<\/span><\/li>\n<li><span style=\"color: #000000;\">Kontenier\u00ebt e pambyllur duhet t\u00eb p\u00ebrdoren menj\u00ebher\u00eb dhe nuk mund t\u00eb restaurohen.<\/span><\/li>\n<li><span style=\"color: #000000;\">ISOFLEX-PU 650 \u00ebsht\u00eb menduar vet\u00ebm p\u00ebr p\u00ebrdorim profesional.<\/span><\/li>\n<\/ul>\n<\/div>[\/vc_column_inner][\/vc_row_inner][vc_row_inner css=&#8221;.vc_custom_1683100048912{padding-top: 20px !important;}&#8221;][vc_column_inner width=&#8221;1\/2&#8243;]<div class=\"aio-icon-component    style_1\"><div id=\"Info-box-wrap-9539\" class=\"aio-icon-box default-icon\" style=\"\"  ><div class=\"aio-icon-default\"><div class=\"ult-just-icon-wrapper  \"><div class=\"align-icon\" style=\"text-align:center;\">\n<div class=\"aio-icon-img \" style=\"font-size:65px;display:inline-block;\" >\n\t<img decoding=\"async\" class=\"img-icon\" alt=\"null\" src=\"https:\/\/aedcolor.com\/wp-content\/uploads\/2023\/05\/image-2.png\"\/>\n<\/div><\/div><\/div><\/div><div class=\"aio-icon-header\" ><h3 class=\"aio-icon-title ult-responsive\"  data-ultimate-target='#Info-box-wrap-9539 .aio-icon-title'  data-responsive-json-new='{\"font-size\":\"\",\"line-height\":\"\"}'  style=\"\">Sip\u00ebrfaqe: Beton<\/h3><\/div> <!-- header --><\/div> <!-- aio-icon-box --><\/div> <!-- aio-icon-component -->[\/vc_column_inner][vc_column_inner width=&#8221;1\/2&#8243;]<div class=\"aio-icon-component    style_1\"><div id=\"Info-box-wrap-6322\" class=\"aio-icon-box default-icon\" style=\"\"  ><div class=\"aio-icon-default\"><div class=\"ult-just-icon-wrapper  \"><div class=\"align-icon\" style=\"text-align:center;\">\n<div class=\"aio-icon-img \" style=\"font-size:65px;display:inline-block;\" >\n\t<img decoding=\"async\" class=\"img-icon\" alt=\"null\" src=\"https:\/\/aedcolor.com\/wp-content\/uploads\/2023\/05\/image-1.png\"\/>\n<\/div><\/div><\/div><\/div><div class=\"aio-icon-header\" ><h3 class=\"aio-icon-title ult-responsive\"  data-ultimate-target='#Info-box-wrap-6322 .aio-icon-title'  data-responsive-json-new='{\"font-size\":\"\",\"line-height\":\"\"}'  style=\"\">Aplikimi: Mistri<\/h3><\/div> <!-- header --><\/div> <!-- aio-icon-box --><\/div> <!-- aio-icon-component -->[\/vc_column_inner][\/vc_row_inner][\/vc_column][\/vc_row]<\/p>\n<\/div>","protected":false},"excerpt":{"rendered":"<p>[vc_row css=&#8221;.vc_custom_1683099634441{padding-bottom: 30px !important;}&#8221;][vc_column width=&#8221;2\/3&#8243;][vc_custom_heading text=&#8221;ISOFLEX-PU 650&#8243; font_container=&#8221;tag:h2|font_size:50|text_align:left&#8221; use_theme_fonts=&#8221;yes&#8221; link=&#8221;|title:AQUAMAT%20-%20SUPERELASTIC||&#8221;][\/vc_column][\/vc_row][vc_row][vc_column width=&#8221;1\/2&#8243;][vc_single_image image=&#8221;8184&#8243; img_size=&#8221;full&#8221;][\/vc_column][vc_column width=&#8221;1\/2&#8243;][vc_column_text]ISOFLEX-PU 650 \u00ebsht\u00eb nj\u00eb membran\u00eb hidroizoluese me nj\u00eb p\u00ebrb\u00ebr\u00ebs, transparent, alifatike, poliuretani, e l\u00ebngshme me p\u00ebrmbajtje t\u00eb lart\u00eb t\u00eb l\u00ebnd\u00ebve t\u00eb ngurta. Formon nj\u00eb membran\u00eb t\u00eb pap\u00ebrshkueshme nga uji, elastike dhe t\u00eb q\u00ebndrueshme ndaj UV-s\u00eb, e cila nuk zverdhet me kalimin e\u00a0&hellip;<\/p>\n","protected":false},"author":2,"featured_media":0,"parent":0,"menu_order":0,"comment_status":"closed","ping_status":"closed","template":"","meta":{"footnotes":""},"class_list":["post-10039","page","type-page","status-publish","hentry","description-off"],"_links":{"self":[{"href":"https:\/\/aedcolor.com\/index.php\/wp-json\/wp\/v2\/pages\/10039","targetHints":{"allow":["GET"]}}],"collection":[{"href":"https:\/\/aedcolor.com\/index.php\/wp-json\/wp\/v2\/pages"}],"about":[{"href":"https:\/\/aedcolor.com\/index.php\/wp-json\/wp\/v2\/types\/page"}],"author":[{"embeddable":true,"href":"https:\/\/aedcolor.com\/index.php\/wp-json\/wp\/v2\/users\/2"}],"replies":[{"embeddable":true,"href":"https:\/\/aedcolor.com\/index.php\/wp-json\/wp\/v2\/comments?post=10039"}],"version-history":[{"count":3,"href":"https:\/\/aedcolor.com\/index.php\/wp-json\/wp\/v2\/pages\/10039\/revisions"}],"predecessor-version":[{"id":10044,"href":"https:\/\/aedcolor.com\/index.php\/wp-json\/wp\/v2\/pages\/10039\/revisions\/10044"}],"wp:attachment":[{"href":"https:\/\/aedcolor.com\/index.php\/wp-json\/wp\/v2\/media?parent=10039"}],"curies":[{"name":"wp","href":"https:\/\/api.w.org\/{rel}","templated":true}]}}