{"id":10473,"date":"2024-02-16T09:35:33","date_gmt":"2024-02-16T09:35:33","guid":{"rendered":"https:\/\/aedcolor.com\/?page_id=10473"},"modified":"2024-02-16T09:35:33","modified_gmt":"2024-02-16T09:35:33","slug":"eshastick-3000-x","status":"publish","type":"page","link":"https:\/\/aedcolor.com\/index.php\/eshastick-3000-x\/","title":{"rendered":"ESHASTICK 3000-X"},"content":{"rendered":"<div class=\"wpb-content-wrapper\"><p>[vc_row css=&#8221;.vc_custom_1683099634441{padding-bottom: 30px !important;}&#8221;][vc_column width=&#8221;2\/3&#8243;][vc_custom_heading text=&#8221;ESHASTICK 3000-X&#8221; font_container=&#8221;tag:h2|font_size:50|text_align:left&#8221; use_theme_fonts=&#8221;yes&#8221; link=&#8221;|title:AQUAMAT%20-%20SUPERELASTIC||&#8221;][\/vc_column][\/vc_row][vc_row][vc_column width=&#8221;1\/2&#8243;][vc_single_image image=&#8221;10476&#8243; img_size=&#8221;full&#8221;][\/vc_column][vc_column width=&#8221;1\/2&#8243;][vc_column_text]<span style=\"color: #000000;\"><strong>Membrana hidroizoluese vet\u00ebngjit\u00ebse ESHASTICK 3000-X<\/strong> \u00ebsht\u00eb nj\u00eb membran\u00eb hidroizoluese bituminoze elastomerike (SBS) e teknologjis\u00eb s\u00eb avancuar. Prodhohet nga bitumi i modifikuar me SBS, i cili i jep membran\u00ebs elasticitet t\u00eb shk\u00eblqyer dhe n\u00eb temperatura shum\u00eb t\u00eb ul\u00ebta (-30oC) dhe aditiv\u00eb t\u00eb vecant\u00eb, t\u00eb cil\u00ebt i japin membran\u00ebs vetit\u00eb ngjit\u00ebse dhe k\u00ebshtu aft\u00ebsit\u00eb p\u00ebr tu lidhur leht\u00ebsisht me n\u00ebnshtres\u00ebn e form\u00ebs s\u00eb duhur, pa p\u00ebrdorimin e flogistonit. Fillimi vet\u00ebngjit\u00ebs ESHASTIC 3000-X, me trash\u00ebsi 1,5 mm, ka nj\u00eb flet\u00eb polietileni me densitet t\u00eb lart\u00eb (HDPE) sip\u00ebr, i cili gjithashtu vepron p\u00ebrforcues p\u00ebr filmin, p\u00ebr shkak t\u00eb rezistenc\u00ebs s\u00eb tij shum\u00eb t\u00eb fort\u00eb mekanike. Si shtres\u00eb e poshtme ESHASTICK 3000-X ka nj\u00eb polietilen silikoni clirues.<\/span><\/p>\n<p><span style=\"color: #000000;\"><strong>Aplikimi<\/strong><\/span>[\/vc_column_text][vc_row_inner][vc_column_inner width=&#8221;1\/2&#8243;]<div class=\"standard-arrow bullet-top\"><ul>\n<li><span style=\"color: #000000;\">N\u00eb muret e jashtme vertikale si nj\u00eb shtres\u00eb hidroizoluese dhe barrier\u00eb radonike.<\/span><\/li>\n<li><span style=\"color: #000000;\">Hidroizolim i strukturave n\u00ebntok\u00ebsore dhe themeleve n\u00eb p\u00ebrgjith\u00ebsi.<\/span><\/li>\n<li><span style=\"color: #000000;\">N\u00eb sip\u00ebrfaqet e sheshta t\u00eb catis\u00eb me metod\u00eb hidroizolimi t\u00eb p\u00ebrmbysur ose klasik.<\/span><\/li>\n<li><span style=\"color: #000000;\">N\u00eb pllaka izoluese t\u00eb parafabrikuara poliuretani dhe polistiren t\u00eb zgjeruar ose t\u00eb ekstruduar.<\/span><\/li>\n<\/ul>\n<\/div>[\/vc_column_inner][vc_column_inner width=&#8221;1\/2&#8243;]<div class=\"standard-arrow bullet-top\"><ul>\n<li><span style=\"color: #000000;\">N\u00eb sip\u00ebrfaqe metalike ose druri (p.sh catit\u00eb me pllaka)<\/span><\/li>\n<li><span style=\"color: #000000;\">N\u00eb mbjell\u00ebsit (ofrojn\u00eb mbrojtje kund\u00ebr rr\u00ebnj\u00ebve \u00ebr shkak t\u00eb veshjes HDPE)<\/span><\/li>\n<li><span style=\"color: #000000;\">N\u00eb tubacione metalike dhe betoni p\u00ebr mbrojtjen dhe hidroizolimin e tyre.<\/span><\/li>\n<\/ul>\n<\/div>[\/vc_column_inner][\/vc_row_inner][\/vc_column][\/vc_row]<\/p>\n<\/div>","protected":false},"excerpt":{"rendered":"<p>[vc_row css=&#8221;.vc_custom_1683099634441{padding-bottom: 30px !important;}&#8221;][vc_column width=&#8221;2\/3&#8243;][vc_custom_heading text=&#8221;ESHASTICK 3000-X&#8221; font_container=&#8221;tag:h2|font_size:50|text_align:left&#8221; use_theme_fonts=&#8221;yes&#8221; link=&#8221;|title:AQUAMAT%20-%20SUPERELASTIC||&#8221;][\/vc_column][\/vc_row][vc_row][vc_column width=&#8221;1\/2&#8243;][vc_single_image image=&#8221;10476&#8243; img_size=&#8221;full&#8221;][\/vc_column][vc_column width=&#8221;1\/2&#8243;][vc_column_text]Membrana hidroizoluese vet\u00ebngjit\u00ebse ESHASTICK 3000-X \u00ebsht\u00eb nj\u00eb membran\u00eb hidroizoluese bituminoze elastomerike (SBS) e teknologjis\u00eb s\u00eb avancuar. Prodhohet nga bitumi i modifikuar me SBS, i cili i jep membran\u00ebs elasticitet t\u00eb shk\u00eblqyer dhe n\u00eb temperatura shum\u00eb t\u00eb ul\u00ebta (-30oC) dhe aditiv\u00eb t\u00eb vecant\u00eb,&hellip;<\/p>\n","protected":false},"author":2,"featured_media":0,"parent":0,"menu_order":0,"comment_status":"closed","ping_status":"closed","template":"","meta":{"footnotes":""},"class_list":["post-10473","page","type-page","status-publish","hentry","description-off"],"_links":{"self":[{"href":"https:\/\/aedcolor.com\/index.php\/wp-json\/wp\/v2\/pages\/10473","targetHints":{"allow":["GET"]}}],"collection":[{"href":"https:\/\/aedcolor.com\/index.php\/wp-json\/wp\/v2\/pages"}],"about":[{"href":"https:\/\/aedcolor.com\/index.php\/wp-json\/wp\/v2\/types\/page"}],"author":[{"embeddable":true,"href":"https:\/\/aedcolor.com\/index.php\/wp-json\/wp\/v2\/users\/2"}],"replies":[{"embeddable":true,"href":"https:\/\/aedcolor.com\/index.php\/wp-json\/wp\/v2\/comments?post=10473"}],"version-history":[{"count":1,"href":"https:\/\/aedcolor.com\/index.php\/wp-json\/wp\/v2\/pages\/10473\/revisions"}],"predecessor-version":[{"id":10479,"href":"https:\/\/aedcolor.com\/index.php\/wp-json\/wp\/v2\/pages\/10473\/revisions\/10479"}],"wp:attachment":[{"href":"https:\/\/aedcolor.com\/index.php\/wp-json\/wp\/v2\/media?parent=10473"}],"curies":[{"name":"wp","href":"https:\/\/api.w.org\/{rel}","templated":true}]}}