{"id":10505,"date":"2024-02-20T07:43:10","date_gmt":"2024-02-20T07:43:10","guid":{"rendered":"https:\/\/aedcolor.com\/?page_id=10505"},"modified":"2024-02-20T07:43:10","modified_gmt":"2024-02-20T07:43:10","slug":"eshastick-alpes-1-2-2","status":"publish","type":"page","link":"https:\/\/aedcolor.com\/index.php\/eshastick-alpes-1-2-2\/","title":{"rendered":"ESHASTICK ALPES 1.2"},"content":{"rendered":"<div class=\"wpb-content-wrapper\"><p>[vc_row css=&#8221;.vc_custom_1683099634441{padding-bottom: 30px !important;}&#8221;][vc_column width=&#8221;2\/3&#8243;][vc_custom_heading text=&#8221;ESHASTICK ALPES 1.2&#8243; font_container=&#8221;tag:h2|font_size:50|text_align:left&#8221; use_theme_fonts=&#8221;yes&#8221; link=&#8221;|title:AQUAMAT%20-%20SUPERELASTIC||&#8221;][\/vc_column][\/vc_row][vc_row][vc_column width=&#8221;1\/2&#8243;][vc_single_image image=&#8221;10506&#8243; img_size=&#8221;full&#8221;][\/vc_column][vc_column width=&#8221;1\/2&#8243;][vc_column_text]<span style=\"color: #000000;\"><strong>ESHASTICK ALPES \u00ebsht\u00eb nj\u00eb membran\u00eb bituminoze elastomerike vet\u00ebngjit\u00ebse e teknologjis\u00eb s\u00eb avancuar.<\/strong> Prodhohet nga bitumi i modifikuar SBS, i cili i jep produktit elasticitet mbresl\u00ebn\u00ebs, si dhe karakteristika dhe veti t\u00eb p\u00ebrmir\u00ebsuara reologjike n\u00eb temperatura shum\u00eb t\u00eb ul\u00ebta (-30 oC), por edhe nga aditiv\u00eb t\u00eb vecant\u00eb, t\u00eb cil\u00ebt i japin membran\u00ebs vetit\u00eb ngjit\u00ebse, e p\u00ebr rrjedhoj\u00eb edhe aft\u00ebsin\u00eb, t\u00eb saldohen shum\u00eb leht\u00eb n\u00eb nj\u00eb n\u00ebnshtres\u00eb t\u00eb p\u00ebrgatitur sic duhet pa p\u00ebrdorimin e fluksit.<\/span><br \/>\n<span style=\"color: #000000;\">ESHASTICK ALPES ka nj\u00eb shtres\u00eb alumini poliest\u00ebr t\u00eb p\u00ebrforcuar me fleksibilitet dhe forc\u00eb t\u00eb lart\u00eb. Ajo ka nj\u00eb film l\u00ebshues silikoni si shtres\u00eb e poshtme.\u00a0<\/span><\/p>\n<p><span style=\"color: #000000;\"><strong>Aplikimet e ESHASTICK ALPES jan\u00eb:<\/strong><\/span><\/p>\n<p>[\/vc_column_text][vc_row_inner][vc_column_inner width=&#8221;1\/2&#8243;]<div class=\"standard-arrow bullet-top\"><ul>\n<li><span style=\"color: #000000;\"><span style=\"color: #000000;\">Hidroizolim i sip\u00ebrfaqeve vertikale dhe horizontale t\u00eb ekspozuara ndaj rrezatimit diellor<\/span><\/span><\/li>\n<li><span style=\"color: #000000;\">Si nj\u00eb shtres\u00eb p\u00ebrfundimtare hidroizoluese n\u00eb sip\u00ebrfaqet e catis\u00eb<\/span><\/li>\n<li><span style=\"color: #000000;\">Ngjitje e drejtp\u00ebrdrejt\u00eb me pllakat izoluese t\u00eb poliuretanit t\u00eb parafabrikuara ose t\u00eb ekstruduar nga polistiren.<\/span><\/li>\n<li><span style=\"color: #000000;\">N\u00eb sip\u00ebrfaqe metalike dhe druri (cati qeramike) dhe p\u00ebrgjith\u00ebsisht n\u00eb sip\u00ebrfaqe ku atmosfera nuk lejon p\u00ebrdorimin e tymit<\/span><\/li>\n<\/ul>\n<\/div>[\/vc_column_inner][vc_column_inner width=&#8221;1\/2&#8243;]<div class=\"standard-arrow bullet-top\"><ul>\n<li><span style=\"color: #000000;\"><span style=\"color: #000000;\">Si nj\u00eb penges\u00eb absolute e avullit.<\/span><\/span><\/li>\n<li><span style=\"color: #000000;\">Si nj\u00eb penges\u00eb e radonit dhe metanit<\/span><\/li>\n<li><span style=\"color: #000000;\">N\u00eb tubacionet metalike dhe betoni, t\u00eb cil\u00ebt jan\u00eb t\u00eb ekspozuar ndaj rrezatimit diellor p\u00ebr mbrojtjen dhe hidroizolimin e tyre.<\/span><\/li>\n<\/ul>\n<\/div>[\/vc_column_inner][\/vc_row_inner][\/vc_column][\/vc_row]<\/p>\n<\/div>","protected":false},"excerpt":{"rendered":"<p>[vc_row css=&#8221;.vc_custom_1683099634441{padding-bottom: 30px !important;}&#8221;][vc_column width=&#8221;2\/3&#8243;][vc_custom_heading text=&#8221;ESHASTICK ALPES 1.2&#8243; font_container=&#8221;tag:h2|font_size:50|text_align:left&#8221; use_theme_fonts=&#8221;yes&#8221; link=&#8221;|title:AQUAMAT%20-%20SUPERELASTIC||&#8221;][\/vc_column][\/vc_row][vc_row][vc_column width=&#8221;1\/2&#8243;][vc_single_image image=&#8221;10506&#8243; img_size=&#8221;full&#8221;][\/vc_column][vc_column width=&#8221;1\/2&#8243;][vc_column_text]ESHASTICK ALPES \u00ebsht\u00eb nj\u00eb membran\u00eb bituminoze elastomerike vet\u00ebngjit\u00ebse e teknologjis\u00eb s\u00eb avancuar. Prodhohet nga bitumi i modifikuar SBS, i cili i jep produktit elasticitet mbresl\u00ebn\u00ebs, si dhe karakteristika dhe veti t\u00eb p\u00ebrmir\u00ebsuara reologjike n\u00eb temperatura shum\u00eb t\u00eb ul\u00ebta (-30 oC), por&hellip;<\/p>\n","protected":false},"author":2,"featured_media":0,"parent":0,"menu_order":0,"comment_status":"closed","ping_status":"closed","template":"","meta":{"footnotes":""},"class_list":["post-10505","page","type-page","status-publish","hentry","description-off"],"_links":{"self":[{"href":"https:\/\/aedcolor.com\/index.php\/wp-json\/wp\/v2\/pages\/10505","targetHints":{"allow":["GET"]}}],"collection":[{"href":"https:\/\/aedcolor.com\/index.php\/wp-json\/wp\/v2\/pages"}],"about":[{"href":"https:\/\/aedcolor.com\/index.php\/wp-json\/wp\/v2\/types\/page"}],"author":[{"embeddable":true,"href":"https:\/\/aedcolor.com\/index.php\/wp-json\/wp\/v2\/users\/2"}],"replies":[{"embeddable":true,"href":"https:\/\/aedcolor.com\/index.php\/wp-json\/wp\/v2\/comments?post=10505"}],"version-history":[{"count":1,"href":"https:\/\/aedcolor.com\/index.php\/wp-json\/wp\/v2\/pages\/10505\/revisions"}],"predecessor-version":[{"id":10509,"href":"https:\/\/aedcolor.com\/index.php\/wp-json\/wp\/v2\/pages\/10505\/revisions\/10509"}],"wp:attachment":[{"href":"https:\/\/aedcolor.com\/index.php\/wp-json\/wp\/v2\/media?parent=10505"}],"curies":[{"name":"wp","href":"https:\/\/api.w.org\/{rel}","templated":true}]}}