{"id":10606,"date":"2024-02-23T11:33:24","date_gmt":"2024-02-23T11:33:24","guid":{"rendered":"https:\/\/aedcolor.com\/?page_id=10606"},"modified":"2024-02-23T11:33:24","modified_gmt":"2024-02-23T11:33:24","slug":"eshahydroprimer","status":"publish","type":"page","link":"https:\/\/aedcolor.com\/index.php\/eshahydroprimer\/","title":{"rendered":"ESHAHYDROPRIMER"},"content":{"rendered":"<div class=\"wpb-content-wrapper\"><p>[vc_row css=&#8221;.vc_custom_1683099634441{padding-bottom: 30px !important;}&#8221;][vc_column width=&#8221;2\/3&#8243;][vc_custom_heading text=&#8221;ESHAHYDROPRIMER<br \/>\n&#8221; font_container=&#8221;tag:h2|font_size:50|text_align:left&#8221; use_theme_fonts=&#8221;yes&#8221; link=&#8221;|title:AQUAMAT%20-%20SUPERELASTIC||&#8221;][\/vc_column][\/vc_row][vc_row][vc_column width=&#8221;1\/2&#8243;][vc_single_image image=&#8221;10542&#8243; img_size=&#8221;full&#8221;][\/vc_column][vc_column width=&#8221;1\/2&#8243;][vc_column_text]<span style=\"color: #000000;\"><strong>ESHAHYDROPRIMER \u00ebsht\u00eb nj\u00eb emulsion bituminoz hidroizolues ekologjik me cil\u00ebsi t\u00eb lart\u00eb.<\/strong> Nuk \u00ebsht\u00eb i ndezsh\u00ebm dhe formon nj\u00eb film t\u00eb vazhduesh\u00ebm t\u00eb pap\u00ebrshkuesh\u00ebm nga uji. \u00cbsht\u00eb nj\u00eb material me ngulitje t\u00eb shpejt\u00eb si dhe me dep\u00ebrtim t\u00eb thell\u00eb. Miq\u00ebsore p\u00ebr mjedisin dhe p\u00ebrdoruesin\u00a0 duke paraqitur zero emetime t\u00eb substancave organike. Ka ngjitje t\u00eb shk\u00eblqyer me t\u00eb gjitha materialet e nd\u00ebrtimit dhe mund t\u00eb aplikohet edhe n\u00eb sip\u00ebrfaqe t\u00eb fresk\u00ebta. \u00cbsht\u00eb i pajtuesh\u00ebm me poliuretani, polistiren, beton, beton t\u00eb leht\u00eb, tulla, gur, metal dhe gips.<\/span><\/p>\n<p><strong><span style=\"color: #000000;\">ESHAHYDROPRIMER p\u00ebrdoret p\u00ebr:<\/span><\/strong><\/p>\n<ul>\n<li><span style=\"color: #000000;\">Ngjitjen e membranave bituminoze (astari para aplikimit).<\/span><\/li>\n<li><span style=\"color: #000000;\">Mbrojtja dhe mbyllja e sip\u00ebrfaqeve horizontale dhe vertikale t\u00eb betonit.<\/span><\/li>\n<li><span style=\"color: #000000;\">Rivitalizimi i shtresave t\u00eb vjetra t\u00eb materialeve bituminoze.<\/span><\/li>\n<li><span style=\"color: #000000;\">Ngjitja e pllakave termoizoluese.<\/span><\/li>\n<\/ul>\n<p>[\/vc_column_text][\/vc_column][\/vc_row]<\/p>\n<\/div>","protected":false},"excerpt":{"rendered":"<p>[vc_row css=&#8221;.vc_custom_1683099634441{padding-bottom: 30px !important;}&#8221;][vc_column width=&#8221;2\/3&#8243;][vc_custom_heading text=&#8221;ESHAHYDROPRIMER &#8221; font_container=&#8221;tag:h2|font_size:50|text_align:left&#8221; use_theme_fonts=&#8221;yes&#8221; link=&#8221;|title:AQUAMAT%20-%20SUPERELASTIC||&#8221;][\/vc_column][\/vc_row][vc_row][vc_column width=&#8221;1\/2&#8243;][vc_single_image image=&#8221;10542&#8243; img_size=&#8221;full&#8221;][\/vc_column][vc_column width=&#8221;1\/2&#8243;][vc_column_text]ESHAHYDROPRIMER \u00ebsht\u00eb nj\u00eb emulsion bituminoz hidroizolues ekologjik me cil\u00ebsi t\u00eb lart\u00eb. Nuk \u00ebsht\u00eb i ndezsh\u00ebm dhe formon nj\u00eb film t\u00eb vazhduesh\u00ebm t\u00eb pap\u00ebrshkuesh\u00ebm nga uji. \u00cbsht\u00eb nj\u00eb material me ngulitje t\u00eb shpejt\u00eb si dhe me dep\u00ebrtim t\u00eb thell\u00eb. Miq\u00ebsore p\u00ebr mjedisin dhe&hellip;<\/p>\n","protected":false},"author":2,"featured_media":0,"parent":0,"menu_order":0,"comment_status":"closed","ping_status":"closed","template":"","meta":{"footnotes":""},"class_list":["post-10606","page","type-page","status-publish","hentry","description-off"],"_links":{"self":[{"href":"https:\/\/aedcolor.com\/index.php\/wp-json\/wp\/v2\/pages\/10606","targetHints":{"allow":["GET"]}}],"collection":[{"href":"https:\/\/aedcolor.com\/index.php\/wp-json\/wp\/v2\/pages"}],"about":[{"href":"https:\/\/aedcolor.com\/index.php\/wp-json\/wp\/v2\/types\/page"}],"author":[{"embeddable":true,"href":"https:\/\/aedcolor.com\/index.php\/wp-json\/wp\/v2\/users\/2"}],"replies":[{"embeddable":true,"href":"https:\/\/aedcolor.com\/index.php\/wp-json\/wp\/v2\/comments?post=10606"}],"version-history":[{"count":1,"href":"https:\/\/aedcolor.com\/index.php\/wp-json\/wp\/v2\/pages\/10606\/revisions"}],"predecessor-version":[{"id":10608,"href":"https:\/\/aedcolor.com\/index.php\/wp-json\/wp\/v2\/pages\/10606\/revisions\/10608"}],"wp:attachment":[{"href":"https:\/\/aedcolor.com\/index.php\/wp-json\/wp\/v2\/media?parent=10606"}],"curies":[{"name":"wp","href":"https:\/\/api.w.org\/{rel}","templated":true}]}}