{"id":11177,"date":"2024-03-05T11:26:15","date_gmt":"2024-03-05T11:26:15","guid":{"rendered":"https:\/\/aedcolor.com\/?page_id=11177"},"modified":"2024-03-05T11:29:24","modified_gmt":"2024-03-05T11:29:24","slug":"earth-floors-made-with-kourasanit","status":"publish","type":"page","link":"https:\/\/aedcolor.com\/index.php\/earth-floors-made-with-kourasanit\/","title":{"rendered":"EARTH FLOORS MADE WITH KOURASANIT"},"content":{"rendered":"<div class=\"wpb-content-wrapper\"><p>[vc_row css=&#8221;.vc_custom_1683099634441{padding-bottom: 30px !important;}&#8221;][vc_column width=&#8221;2\/3&#8243;][vc_custom_heading text=&#8221;EARTH FLOORS MADE WITH KOURASANIT<\/p>\n<p>&#8221; font_container=&#8221;tag:h2|font_size:50|text_align:left&#8221; use_theme_fonts=&#8221;yes&#8221; link=&#8221;|title:AQUAMAT%20-%20SUPERELASTIC||&#8221;][\/vc_column][\/vc_row][vc_row][vc_column width=&#8221;1\/2&#8243;][vc_single_image image=&#8221;10831&#8243; img_size=&#8221;full&#8221;][\/vc_column][vc_column width=&#8221;1\/2&#8243;][vc_column_text]<span style=\"color: #000000;\"><strong>Duke rip\u00ebrfytyruar t\u00eb gjitha teknikat konvencionale t\u00eb nd\u00ebrtimit t\u00eb dyshemes\u00eb, ne kemi p\u00ebrzier materiale natyrore s\u00eb bashku p\u00ebr t\u00eb krijuar dyshemen\u00eb m\u00eb natyrale t\u00eb mundshme.<\/strong> Dyshemet\u00eb tona t\u00eb stabilizuara t\u00eb tok\u00ebs p\u00ebr rrug\u00ebt dhe trotuaret p\u00ebr k\u00ebmb\u00ebsor\u00ebt p\u00ebrb\u00ebhen nga pozolana t\u00eb p\u00ebrziera me inerte natyrale dhe substanca aktive natyrore. Kur p\u00ebrzihet me uj\u00eb, ky kombinim materialesh krijon nj\u00eb p\u00ebrzierje koherente me agregat t\u00eb stabilizuar duke dh\u00ebn\u00eb nj\u00eb pamje t\u00eb ngjashme me tok\u00ebn.\u00a0<\/span><\/p>\n<p><span style=\"color: #000000;\">Ato jan\u00eb miq\u00ebsore me mjedisin sepse nuk p\u00ebrmbajn\u00eb asnj\u00eb ndot\u00ebs kimik. Ato jan\u00eb t\u00eb p\u00ebrditshme p\u00ebr shtigje dhe rrug\u00eb p\u00ebr k\u00ebmb\u00ebsor\u00eb, parqe, shtigje bicikletash, k\u00ebnde lojrash, zona kopshtesh dhe m\u00eb shum\u00eb. P\u00ebrvecse duken si dysheme absolutisht natyrale, ato jan\u00eb t\u00eb k\u00ebndshme pvr t\u00eb ecur, jo t\u00eb rr\u00ebshqitshme, nuk b\u00ebhen balt\u00eb dhe jan\u00eb ideale p\u00ebr peizazhe me pamje t\u00eb mrekullueshme.<\/span><\/p>\n<p style=\"text-align: center;\"><strong><span style=\"color: #000000;\">VETIT\u00cb<\/span><\/strong><\/p>\n<p>[\/vc_column_text][vc_row_inner][vc_column_inner width=&#8221;1\/2&#8243;]<div class=\"standard-arrow bullet-top\"><ul>\n<li>\n<div class=\"col-12 col-xs-6 col-sm-12 col-md-6 d-flex pb-2 pb-md-3 \"><span style=\"color: #000000;\"><span style=\"color: #000000;\">Dyshemet\u00eb e stabilizuara nga toka p\u00ebr vendkalimet dhe rrug\u00ebt e k\u00ebmb\u00ebsor\u00ebve.<\/span><\/span><\/div>\n<\/li>\n<li><span style=\"color: #000000;\">Me materiale ngjit\u00ebse natyrale.<\/span><\/li>\n<li><span style=\"color: #000000;\">Leht\u00eb p\u00ebr tu p\u00ebrdorur dhe miq\u00ebsore me mjedisin.<\/span><\/li>\n<li><span style=\"color: #000000;\">Dyshemeja e but\u00eb &#8211; e k\u00ebndshme p\u00ebr t\u00eb ecur &#8211; duken krejt\u00ebsisht natyrale.<\/span><\/li>\n<li><span style=\"color: #000000;\">Sip\u00ebrfaqja e tyre poroze lejon q\u00eb uji t\u00eb kulloj\u00eb, duke minimizuar k\u00ebshtu pellgjet dhe balt\u00ebn.<\/span><\/li>\n<\/ul>\n<\/div>[\/vc_column_inner][vc_column_inner width=&#8221;1\/2&#8243;]<div class=\"standard-arrow bullet-top\"><ul>\n<li><span style=\"color: #000000;\"><span style=\"color: #000000;\">Sip\u00ebrfaqe jo e rr\u00ebshqitshme.<\/span><\/span><\/li>\n<li><span style=\"color: #000000;\">Parandalon rritjen e bar\u00ebrave t\u00eb k\u00ebqija.<\/span><\/li>\n<li><span style=\"color: #000000;\">Dyshemet\u00eb t\u00eb sigurta p\u00ebr vendet ku f\u00ebmij\u00ebt vrapojn\u00eb dhe luajn\u00eb, sepse p\u00ebrzierja nuk p\u00ebrmban aditiv\u00eb kimik\u00eb q\u00eb jan\u00eb t\u00eb d\u00ebmsh\u00ebm p\u00ebr p\u00ebrdoruesit ose mjedisin.<\/span><\/li>\n<li><span style=\"color: #000000;\">Leht\u00eb p\u00ebr tu mir\u00ebmbajtur dhe restauruar.<\/span><\/li>\n<li><span style=\"color: #000000;\">Vjen n\u00eb nj\u00eb s\u00ebr\u00eb nuancash natyrale, q\u00eb p\u00ebrzihen me mjedisin.<\/span><\/li>\n<\/ul>\n<\/div>[\/vc_column_inner][\/vc_row_inner][vc_row_inner][vc_column_inner width=&#8221;1\/2&#8243;]<div class=\"aio-icon-component    style_1\"><div id=\"Info-box-wrap-8161\" class=\"aio-icon-box default-icon\" style=\"\"  ><div class=\"aio-icon-default\"><div class=\"ult-just-icon-wrapper  \"><div class=\"align-icon\" style=\"text-align:center;\">\n<div class=\"aio-icon-img \" style=\"font-size:65px;display:inline-block;\" >\n\t<img decoding=\"async\" class=\"img-icon\" alt=\"null\" src=\"https:\/\/aedcolor.com\/wp-content\/uploads\/2023\/05\/image-2.png\"\/>\n<\/div><\/div><\/div><\/div><div class=\"aio-icon-header\" ><h3 class=\"aio-icon-title ult-responsive\"  data-ultimate-target='#Info-box-wrap-8161 .aio-icon-title'  data-responsive-json-new='{\"font-size\":\"\",\"line-height\":\"\"}'  style=\"\">Sip\u00ebrfaqe: Muri<\/h3><\/div> <!-- header --><\/div> <!-- aio-icon-box --><\/div> <!-- aio-icon-component -->[\/vc_column_inner][vc_column_inner width=&#8221;1\/2&#8243;]<div class=\"aio-icon-component    style_1\"><div id=\"Info-box-wrap-4084\" class=\"aio-icon-box default-icon\" style=\"\"  ><div class=\"aio-icon-default\"><div class=\"ult-just-icon-wrapper  \"><div class=\"align-icon\" style=\"text-align:center;\">\n<div class=\"aio-icon-img \" style=\"font-size:65px;display:inline-block;\" >\n\t<img decoding=\"async\" class=\"img-icon\" alt=\"null\" src=\"https:\/\/aedcolor.com\/wp-content\/uploads\/2023\/05\/image-1.png\"\/>\n<\/div><\/div><\/div><\/div><div class=\"aio-icon-header\" ><h3 class=\"aio-icon-title ult-responsive\"  data-ultimate-target='#Info-box-wrap-4084 .aio-icon-title'  data-responsive-json-new='{\"font-size\":\"\",\"line-height\":\"\"}'  style=\"\">Aplikimi: Mistri<\/h3><\/div> <!-- header --><\/div> <!-- aio-icon-box --><\/div> <!-- aio-icon-component -->[\/vc_column_inner][\/vc_row_inner][\/vc_column][\/vc_row][vc_row][vc_column][vc_column_text]<\/p>\n<p>[\/vc_column_text][\/vc_column][\/vc_row][vc_row bg_type=&#8221;bg_color&#8221; bg_override=&#8221;ex-full&#8221; bg_color_value=&#8221;#000000&#8243; css=&#8221;.vc_custom_1686220278017{padding-top: 40px !important;padding-bottom: 50px !important;}&#8221;][vc_column][vc_custom_heading text=&#8221;PALETA E NGJYRAVE&#8221; font_container=&#8221;tag:h2|text_align:center|color:%23ffffff&#8221; use_theme_fonts=&#8221;yes&#8221;][vc_column_text]<\/p>\n<p style=\"text-align: center;\"><span style=\"color: #ffffff;\">SHIKO GAM\u00cbN E PLOT\u00cb T\u00cb NGJYRAVE T\u00cb \u201cINDUSTRIAL CHIC\u201d<\/span><\/p>\n<p>[\/vc_column_text][vc_column_text]<\/p>\n<p style=\"text-align: center;\"><span style=\"color: #ffffff;\">COARSE<\/span><\/p>\n<p>[\/vc_column_text][vc_row_inner][vc_column_inner width=&#8221;1\/6&#8243;]<div class=\"ult-content-box-container \" >\t\t<div class=\"ult-content-box\" style=\"box-shadow: px px px px none;-webkit-transition: all 700ms ease;-moz-transition: all 700ms ease;-ms-transition: all 700ms ease;-o-transition: all 700ms ease;transition: all 700ms ease;\"  data-hover_box_shadow=\"none\"    >[vc_single_image image=&#8221;11180&#8243; img_size=&#8221;150X150&#8243; alignment=&#8221;center&#8221;][vc_custom_heading text=&#8221;DAP2&#8243; font_container=&#8221;tag:h4|font_size:18|text_align:center|color:%23ffffff&#8221; use_theme_fonts=&#8221;yes&#8221; css=&#8221;.vc_custom_1709637999768{margin-top: -20px !important;}&#8221;]\t\t<\/div><\/div>[\/vc_column_inner][vc_column_inner width=&#8221;1\/6&#8243;]<div class=\"ult-content-box-container \" >\t\t<div class=\"ult-content-box\" style=\"box-shadow: px px px px none;-webkit-transition: all 700ms ease;-moz-transition: all 700ms ease;-ms-transition: all 700ms ease;-o-transition: all 700ms ease;transition: all 700ms ease;\"  data-hover_box_shadow=\"none\"    >[vc_single_image image=&#8221;11183&#8243; img_size=&#8221;150X150&#8243; alignment=&#8221;center&#8221;][vc_custom_heading text=&#8221;DAP3&#8243; font_container=&#8221;tag:h4|font_size:18|text_align:center|color:%23ffffff&#8221; use_theme_fonts=&#8221;yes&#8221; css=&#8221;.vc_custom_1709638023352{margin-top: -20px !important;}&#8221;]\t\t<\/div><\/div>[\/vc_column_inner][vc_column_inner width=&#8221;1\/6&#8243;]<div class=\"ult-content-box-container \" >\t\t<div class=\"ult-content-box\" style=\"box-shadow: px px px px none;-webkit-transition: all 700ms ease;-moz-transition: all 700ms ease;-ms-transition: all 700ms ease;-o-transition: all 700ms ease;transition: all 700ms ease;\"  data-hover_box_shadow=\"none\"    >[vc_single_image image=&#8221;11185&#8243; img_size=&#8221;150X150&#8243; alignment=&#8221;center&#8221;][vc_custom_heading text=&#8221;DAP4&#8243; font_container=&#8221;tag:h4|font_size:18|text_align:center|color:%23ffffff&#8221; use_theme_fonts=&#8221;yes&#8221; css=&#8221;.vc_custom_1709638043727{margin-top: -20px !important;}&#8221;]\t\t<\/div><\/div>[\/vc_column_inner][vc_column_inner width=&#8221;1\/6&#8243;]<div class=\"ult-content-box-container \" >\t\t<div class=\"ult-content-box\" style=\"box-shadow: px px px px none;-webkit-transition: all 700ms ease;-moz-transition: all 700ms ease;-ms-transition: all 700ms ease;-o-transition: all 700ms ease;transition: all 700ms ease;\"  data-hover_box_shadow=\"none\"    >[vc_single_image image=&#8221;11187&#8243; img_size=&#8221;150X150&#8243; alignment=&#8221;center&#8221;][vc_custom_heading text=&#8221;DAP7&#8243; font_container=&#8221;tag:h4|font_size:18|text_align:center|color:%23ffffff&#8221; use_theme_fonts=&#8221;yes&#8221; css=&#8221;.vc_custom_1709638069103{margin-top: -20px !important;}&#8221;]\t\t<\/div><\/div>[\/vc_column_inner][vc_column_inner width=&#8221;1\/6&#8243;]<div class=\"ult-content-box-container \" >\t\t<div class=\"ult-content-box\" style=\"box-shadow: px px px px none;-webkit-transition: all 700ms ease;-moz-transition: all 700ms ease;-ms-transition: all 700ms ease;-o-transition: all 700ms ease;transition: all 700ms ease;\"  data-hover_box_shadow=\"none\"    >[vc_single_image image=&#8221;11189&#8243; img_size=&#8221;150X150&#8243; alignment=&#8221;center&#8221;][vc_custom_heading text=&#8221;DAP81 &#8221; font_container=&#8221;tag:h4|font_size:18|text_align:center|color:%23ffffff&#8221; use_theme_fonts=&#8221;yes&#8221; css=&#8221;.vc_custom_1709638093336{margin-top: -20px !important;}&#8221;]\t\t<\/div><\/div>[\/vc_column_inner][vc_column_inner width=&#8221;1\/6&#8243;]<div class=\"ult-content-box-container \" >\t\t<div class=\"ult-content-box\" style=\"box-shadow: px px px px none;-webkit-transition: all 700ms ease;-moz-transition: all 700ms ease;-ms-transition: all 700ms ease;-o-transition: all 700ms ease;transition: all 700ms ease;\"  data-hover_box_shadow=\"none\"    >[vc_single_image image=&#8221;11191&#8243; img_size=&#8221;150X150&#8243; alignment=&#8221;center&#8221;][vc_custom_heading text=&#8221;DAP10&#8243; font_container=&#8221;tag:h4|font_size:18|text_align:center|color:%23ffffff&#8221; use_theme_fonts=&#8221;yes&#8221; css=&#8221;.vc_custom_1709638117632{margin-top: -20px !important;}&#8221;]\t\t<\/div><\/div>[\/vc_column_inner][\/vc_row_inner][\/vc_column][\/vc_row]<\/p>\n<\/div>","protected":false},"excerpt":{"rendered":"<p>[vc_row css=&#8221;.vc_custom_1683099634441{padding-bottom: 30px !important;}&#8221;][vc_column width=&#8221;2\/3&#8243;][vc_custom_heading text=&#8221;EARTH FLOORS MADE WITH KOURASANIT &#8221; font_container=&#8221;tag:h2|font_size:50|text_align:left&#8221; use_theme_fonts=&#8221;yes&#8221; link=&#8221;|title:AQUAMAT%20-%20SUPERELASTIC||&#8221;][\/vc_column][\/vc_row][vc_row][vc_column width=&#8221;1\/2&#8243;][vc_single_image image=&#8221;10831&#8243; img_size=&#8221;full&#8221;][\/vc_column][vc_column width=&#8221;1\/2&#8243;][vc_column_text]Duke rip\u00ebrfytyruar t\u00eb gjitha teknikat konvencionale t\u00eb nd\u00ebrtimit t\u00eb dyshemes\u00eb, ne kemi p\u00ebrzier materiale natyrore s\u00eb bashku p\u00ebr t\u00eb krijuar dyshemen\u00eb m\u00eb natyrale t\u00eb mundshme. Dyshemet\u00eb tona t\u00eb stabilizuara t\u00eb tok\u00ebs p\u00ebr rrug\u00ebt dhe trotuaret p\u00ebr k\u00ebmb\u00ebsor\u00ebt p\u00ebrb\u00ebhen&hellip;<\/p>\n","protected":false},"author":2,"featured_media":0,"parent":0,"menu_order":0,"comment_status":"closed","ping_status":"closed","template":"","meta":{"footnotes":""},"class_list":["post-11177","page","type-page","status-publish","hentry","description-off"],"_links":{"self":[{"href":"https:\/\/aedcolor.com\/index.php\/wp-json\/wp\/v2\/pages\/11177","targetHints":{"allow":["GET"]}}],"collection":[{"href":"https:\/\/aedcolor.com\/index.php\/wp-json\/wp\/v2\/pages"}],"about":[{"href":"https:\/\/aedcolor.com\/index.php\/wp-json\/wp\/v2\/types\/page"}],"author":[{"embeddable":true,"href":"https:\/\/aedcolor.com\/index.php\/wp-json\/wp\/v2\/users\/2"}],"replies":[{"embeddable":true,"href":"https:\/\/aedcolor.com\/index.php\/wp-json\/wp\/v2\/comments?post=11177"}],"version-history":[{"count":3,"href":"https:\/\/aedcolor.com\/index.php\/wp-json\/wp\/v2\/pages\/11177\/revisions"}],"predecessor-version":[{"id":11193,"href":"https:\/\/aedcolor.com\/index.php\/wp-json\/wp\/v2\/pages\/11177\/revisions\/11193"}],"wp:attachment":[{"href":"https:\/\/aedcolor.com\/index.php\/wp-json\/wp\/v2\/media?parent=11177"}],"curies":[{"name":"wp","href":"https:\/\/api.w.org\/{rel}","templated":true}]}}