{"id":11198,"date":"2024-03-06T08:02:17","date_gmt":"2024-03-06T08:02:17","guid":{"rendered":"https:\/\/aedcolor.com\/?page_id=11198"},"modified":"2024-03-06T08:09:21","modified_gmt":"2024-03-06T08:09:21","slug":"earth-floor-for-stadiums","status":"publish","type":"page","link":"https:\/\/aedcolor.com\/index.php\/earth-floor-for-stadiums\/","title":{"rendered":"EARTH FLOOR FOR STADIUMS"},"content":{"rendered":"<div class=\"wpb-content-wrapper\"><p>[vc_row css=&#8221;.vc_custom_1683099634441{padding-bottom: 30px !important;}&#8221;][vc_column width=&#8221;2\/3&#8243;][vc_custom_heading text=&#8221;EARTH FLOOR FOR STADIUMS<\/p>\n<p>&#8221; font_container=&#8221;tag:h2|font_size:50|text_align:left&#8221; use_theme_fonts=&#8221;yes&#8221; link=&#8221;|title:AQUAMAT%20-%20SUPERELASTIC||&#8221;][\/vc_column][\/vc_row][vc_row][vc_column width=&#8221;1\/2&#8243;][vc_single_image image=&#8221;10866&#8243; img_size=&#8221;full&#8221;][\/vc_column][vc_column width=&#8221;1\/2&#8243;][vc_column_text]<span style=\"color: #000000;\"><strong>Materiali i p\u00ebrdorur p\u00ebr t\u00eb b\u00ebr\u00eb stadiume prej dheu vjen nga gama jon\u00eb e materialeve t\u00eb bazuara n\u00eb pluhur tullash (nj\u00eb material i zakonsh\u00ebm i p\u00ebrdorur n\u00eb llacin e lasht\u00eb romak, Kourasani).<\/strong> Ne p\u00ebrziejm\u00eb produkte qeramike cil\u00ebsore t\u00eb pjekura n\u00eb temperatura specifike, me aditiv\u00eb t\u00eb cil\u00ebt funksionojn\u00eb si nj\u00eb lidh\u00ebs p\u00ebr t\u00eb mbajtur lag\u00ebshtin\u00eb dhe p\u00ebr t\u00eb siguruar plasticitet.<\/span><\/p>\n<p><span style=\"color: #000000;\">P\u00ebrpar\u00ebsit\u00eb kryesore t\u00eb k\u00ebtij lloji dyshemeje jan\u00eb se thumbat e k\u00ebpuc\u00ebve t\u00eb atletit hyjn\u00eb dhe dalin leht\u00ebsisht pa hequr asnj\u00eb nga dyshemeja aktuale, dhe gjithashtu se pas shiut nuk ka asnje l\u00ebkundje n\u00eb sip\u00ebrfaqe n\u00ebn presionin e k\u00ebpuc\u00ebve t\u00eb atletit. Materialet p\u00ebr k\u00ebt\u00eb dysheme mund t\u00eb p\u00ebrdoren edhe p\u00ebr rregullimin e shtigjeve dhe vendkalimeve me kusht q\u00eb t\u00eb vendoset n\u00ebnshtresa (kullimi ) i duhur.<\/span><\/p>\n<p style=\"text-align: center;\"><strong><span style=\"color: #000000;\">VETIT\u00cb<\/span><\/strong><\/p>\n<p>[\/vc_column_text][vc_row_inner][vc_column_inner width=&#8221;1\/2&#8243;]<div class=\"standard-arrow bullet-top\"><ul>\n<li>\n<div class=\"col-12 col-xs-6 col-sm-12 col-md-6 d-flex pb-2 pb-md-3 \"><span style=\"color: #000000;\"><span style=\"color: #000000;\">Kati i tok\u00ebs\u00a0 p\u00ebr stadiumet.<\/span><\/span><\/div>\n<\/li>\n<li><span style=\"color: #000000;\">Produkt natyral.<\/span><\/li>\n<li><span style=\"color: #000000;\">Cil\u00ebsi e lart\u00eb.<\/span><\/li>\n<li><span style=\"color: #000000;\">Ruan lagvshtin\u00eb pa u b\u00ebr\u00eb balt\u00eb.<\/span><\/li>\n<\/ul>\n<\/div>[\/vc_column_inner][vc_column_inner width=&#8221;1\/2&#8243;]<div class=\"standard-arrow bullet-top\"><ul>\n<li><span style=\"color: #000000;\"><span style=\"color: #000000;\">Ofron plasticitet<\/span><\/span><\/li>\n<li><span style=\"color: #000000;\">E disponueshme n\u00eb madh\u00ebsi t\u00eb ndryshme kokrrizash.<\/span><\/li>\n<li><span style=\"color: #000000;\">Terrakota e pjekur me ngjyr\u00eb.<\/span><\/li>\n<\/ul>\n<\/div>[\/vc_column_inner][\/vc_row_inner][vc_row_inner][vc_column_inner width=&#8221;1\/2&#8243;]<div class=\"aio-icon-component    style_1\"><div id=\"Info-box-wrap-8015\" class=\"aio-icon-box default-icon\" style=\"\"  ><div class=\"aio-icon-default\"><div class=\"ult-just-icon-wrapper  \"><div class=\"align-icon\" style=\"text-align:center;\">\n<div class=\"aio-icon-img \" style=\"font-size:65px;display:inline-block;\" >\n\t<img decoding=\"async\" class=\"img-icon\" alt=\"null\" src=\"https:\/\/aedcolor.com\/wp-content\/uploads\/2023\/05\/image-2.png\"\/>\n<\/div><\/div><\/div><\/div><div class=\"aio-icon-header\" ><h3 class=\"aio-icon-title ult-responsive\"  data-ultimate-target='#Info-box-wrap-8015 .aio-icon-title'  data-responsive-json-new='{\"font-size\":\"\",\"line-height\":\"\"}'  style=\"\">Sip\u00ebrfaqe: Muri<\/h3><\/div> <!-- header --><\/div> <!-- aio-icon-box --><\/div> <!-- aio-icon-component -->[\/vc_column_inner][vc_column_inner width=&#8221;1\/2&#8243;]<div class=\"aio-icon-component    style_1\"><div id=\"Info-box-wrap-1022\" class=\"aio-icon-box default-icon\" style=\"\"  ><div class=\"aio-icon-default\"><div class=\"ult-just-icon-wrapper  \"><div class=\"align-icon\" style=\"text-align:center;\">\n<div class=\"aio-icon-img \" style=\"font-size:65px;display:inline-block;\" >\n\t<img decoding=\"async\" class=\"img-icon\" alt=\"null\" src=\"https:\/\/aedcolor.com\/wp-content\/uploads\/2023\/05\/image-1.png\"\/>\n<\/div><\/div><\/div><\/div><div class=\"aio-icon-header\" ><h3 class=\"aio-icon-title ult-responsive\"  data-ultimate-target='#Info-box-wrap-1022 .aio-icon-title'  data-responsive-json-new='{\"font-size\":\"\",\"line-height\":\"\"}'  style=\"\">Aplikimi: Mistri<\/h3><\/div> <!-- header --><\/div> <!-- aio-icon-box --><\/div> <!-- aio-icon-component -->[\/vc_column_inner][\/vc_row_inner][\/vc_column][\/vc_row][vc_row][vc_column][vc_column_text]<\/p>\n<p>[\/vc_column_text][\/vc_column][\/vc_row]<\/p>\n<\/div>","protected":false},"excerpt":{"rendered":"<p>[vc_row css=&#8221;.vc_custom_1683099634441{padding-bottom: 30px !important;}&#8221;][vc_column width=&#8221;2\/3&#8243;][vc_custom_heading text=&#8221;EARTH FLOOR FOR STADIUMS &#8221; font_container=&#8221;tag:h2|font_size:50|text_align:left&#8221; use_theme_fonts=&#8221;yes&#8221; link=&#8221;|title:AQUAMAT%20-%20SUPERELASTIC||&#8221;][\/vc_column][\/vc_row][vc_row][vc_column width=&#8221;1\/2&#8243;][vc_single_image image=&#8221;10866&#8243; img_size=&#8221;full&#8221;][\/vc_column][vc_column width=&#8221;1\/2&#8243;][vc_column_text]Materiali i p\u00ebrdorur p\u00ebr t\u00eb b\u00ebr\u00eb stadiume prej dheu vjen nga gama jon\u00eb e materialeve t\u00eb bazuara n\u00eb pluhur tullash (nj\u00eb material i zakonsh\u00ebm i p\u00ebrdorur n\u00eb llacin e lasht\u00eb romak, Kourasani). Ne p\u00ebrziejm\u00eb produkte qeramike cil\u00ebsore t\u00eb pjekura&hellip;<\/p>\n","protected":false},"author":2,"featured_media":0,"parent":0,"menu_order":0,"comment_status":"closed","ping_status":"closed","template":"","meta":{"footnotes":""},"class_list":["post-11198","page","type-page","status-publish","hentry","description-off"],"_links":{"self":[{"href":"https:\/\/aedcolor.com\/index.php\/wp-json\/wp\/v2\/pages\/11198","targetHints":{"allow":["GET"]}}],"collection":[{"href":"https:\/\/aedcolor.com\/index.php\/wp-json\/wp\/v2\/pages"}],"about":[{"href":"https:\/\/aedcolor.com\/index.php\/wp-json\/wp\/v2\/types\/page"}],"author":[{"embeddable":true,"href":"https:\/\/aedcolor.com\/index.php\/wp-json\/wp\/v2\/users\/2"}],"replies":[{"embeddable":true,"href":"https:\/\/aedcolor.com\/index.php\/wp-json\/wp\/v2\/comments?post=11198"}],"version-history":[{"count":2,"href":"https:\/\/aedcolor.com\/index.php\/wp-json\/wp\/v2\/pages\/11198\/revisions"}],"predecessor-version":[{"id":11201,"href":"https:\/\/aedcolor.com\/index.php\/wp-json\/wp\/v2\/pages\/11198\/revisions\/11201"}],"wp:attachment":[{"href":"https:\/\/aedcolor.com\/index.php\/wp-json\/wp\/v2\/media?parent=11198"}],"curies":[{"name":"wp","href":"https:\/\/api.w.org\/{rel}","templated":true}]}}