{"id":11320,"date":"2024-03-11T13:01:18","date_gmt":"2024-03-11T13:01:18","guid":{"rendered":"https:\/\/aedcolor.com\/?page_id=11320"},"modified":"2024-03-11T13:11:53","modified_gmt":"2024-03-11T13:11:53","slug":"decorative-bricks","status":"publish","type":"page","link":"https:\/\/aedcolor.com\/index.php\/decorative-bricks\/","title":{"rendered":"DECORATIVE BRICKS"},"content":{"rendered":"<div class=\"wpb-content-wrapper\"><p>[vc_row css=&#8221;.vc_custom_1683099634441{padding-bottom: 30px !important;}&#8221;][vc_column width=&#8221;2\/3&#8243;][vc_custom_heading text=&#8221;DECORATIVE BRICKS<\/p>\n<p>&#8221; font_container=&#8221;tag:h2|font_size:50|text_align:left&#8221; use_theme_fonts=&#8221;yes&#8221; link=&#8221;|title:AQUAMAT%20-%20SUPERELASTIC||&#8221;][\/vc_column][\/vc_row][vc_row][vc_column width=&#8221;1\/2&#8243;][vc_single_image image=&#8221;11063&#8243; img_size=&#8221;full&#8221;][\/vc_column][vc_column width=&#8221;1\/2&#8243;][vc_column_text]<span style=\"color: #000000;\"><strong>Tullat dekorative, t\u00eb cilat jan\u00eb shum\u00eb n\u00eb trend p\u00ebr momentin, jan\u00eb tashm\u00eb pjes\u00eb e gam\u00ebs s\u00eb produkteve tona.<\/strong> Tullat dekorative italiane vijn\u00eb n\u00eb madh\u00ebsi t\u00eb ndryshme dhe nj\u00eb s\u00ebr\u00eb nuancash prej dheu, duke ofruar zgjidhje inovative t\u00eb projektimit p\u00ebr hap\u00ebrsira t\u00eb ndryshme, qofshin brenda apo jasht\u00eb, duke ju lejuar t\u00eb krijoni nj\u00eb pamje unike.<\/span><\/p>\n<p><span style=\"color: #000000;\">Ato shtojn\u00eb nj\u00eb bukuri fshatare, por gjithashtu mund t\u00eb p\u00ebrdoren p\u00ebr t\u00eb krijuar eleganc\u00eb industriale.<\/span><\/p>\n<p style=\"text-align: center;\"><strong><span style=\"color: #000000;\">VETIT\u00cb<\/span><\/strong><\/p>\n<p>[\/vc_column_text][vc_row_inner][vc_column_inner width=&#8221;1\/2&#8243;]<div class=\"standard-arrow bullet-top\"><ul>\n<li>\n<div class=\"col-12 col-xs-6 col-sm-12 col-md-6 d-flex pb-2 pb-md-3 \"><span style=\"color: #000000;\"><span style=\"color: #000000;\">Cil\u00ebsi e lart\u00eb &#8211; p\u00ebrfundim i mir\u00eb.<\/span><\/span><\/div>\n<\/li>\n<li><span style=\"color: #000000;\">Jasht\u00ebzakonisht t\u00eb q\u00ebndrushme.<\/span><\/li>\n<li><span style=\"color: #000000;\">Ideale p\u00ebr sht\u00ebpi tradicionale, nd\u00ebrtesa historike dhe nd\u00ebrtesa t\u00eb reja.<\/span><\/li>\n<li><span style=\"color: #000000;\">Mund t\u00eb p\u00ebrballoj\u00eb edhe kushtet m\u00eb t\u00eb v\u00ebshtira t\u00eb motit.<\/span><\/li>\n<\/ul>\n<\/div>[\/vc_column_inner][vc_column_inner width=&#8221;1\/2&#8243;]<div class=\"standard-arrow bullet-top\"><ul>\n<li><span style=\"color: #000000;\"><span style=\"color: #000000;\">E disponueshme n\u00eb p\u00ebrmasa t\u00eb ndryshme<\/span><\/span><\/li>\n<li><span style=\"color: #000000;\">E disponueshme n\u00eb nuanca t\u00eb ndryshme<\/span><\/li>\n<li><span style=\"color: #000000;\">P\u00ebrfundim natyral &#8211; ngjyra t\u00eb q\u00ebndrueshme.<\/span><\/li>\n<\/ul>\n<\/div>[\/vc_column_inner][\/vc_row_inner][vc_row_inner][vc_column_inner width=&#8221;1\/2&#8243;]<div class=\"aio-icon-component    style_1\"><div id=\"Info-box-wrap-8997\" class=\"aio-icon-box default-icon\" style=\"\"  ><div class=\"aio-icon-default\"><div class=\"ult-just-icon-wrapper  \"><div class=\"align-icon\" style=\"text-align:center;\">\n<div class=\"aio-icon-img \" style=\"font-size:65px;display:inline-block;\" >\n\t<img decoding=\"async\" class=\"img-icon\" alt=\"null\" src=\"https:\/\/aedcolor.com\/wp-content\/uploads\/2023\/05\/image-2.png\"\/>\n<\/div><\/div><\/div><\/div><div class=\"aio-icon-header\" ><h3 class=\"aio-icon-title ult-responsive\"  data-ultimate-target='#Info-box-wrap-8997 .aio-icon-title'  data-responsive-json-new='{\"font-size\":\"\",\"line-height\":\"\"}'  style=\"\">Sip\u00ebrfaqe: Muri<\/h3><\/div> <!-- header --><\/div> <!-- aio-icon-box --><\/div> <!-- aio-icon-component -->[\/vc_column_inner][vc_column_inner width=&#8221;1\/2&#8243;]<div class=\"aio-icon-component    style_1\"><div id=\"Info-box-wrap-9911\" class=\"aio-icon-box default-icon\" style=\"\"  ><div class=\"aio-icon-default\"><div class=\"ult-just-icon-wrapper  \"><div class=\"align-icon\" style=\"text-align:center;\">\n<div class=\"aio-icon-img \" style=\"font-size:65px;display:inline-block;\" >\n\t<img decoding=\"async\" class=\"img-icon\" alt=\"null\" src=\"https:\/\/aedcolor.com\/wp-content\/uploads\/2023\/05\/image-1.png\"\/>\n<\/div><\/div><\/div><\/div><div class=\"aio-icon-header\" ><h3 class=\"aio-icon-title ult-responsive\"  data-ultimate-target='#Info-box-wrap-9911 .aio-icon-title'  data-responsive-json-new='{\"font-size\":\"\",\"line-height\":\"\"}'  style=\"\">Aplikimi: Mistri<\/h3><\/div> <!-- header --><\/div> <!-- aio-icon-box --><\/div> <!-- aio-icon-component -->[\/vc_column_inner][\/vc_row_inner][\/vc_column][\/vc_row][vc_row][vc_column][vc_column_text]<\/p>\n<p>[\/vc_column_text][\/vc_column][\/vc_row]<\/p>\n<\/div>","protected":false},"excerpt":{"rendered":"<p>[vc_row css=&#8221;.vc_custom_1683099634441{padding-bottom: 30px !important;}&#8221;][vc_column width=&#8221;2\/3&#8243;][vc_custom_heading text=&#8221;DECORATIVE BRICKS &#8221; font_container=&#8221;tag:h2|font_size:50|text_align:left&#8221; use_theme_fonts=&#8221;yes&#8221; link=&#8221;|title:AQUAMAT%20-%20SUPERELASTIC||&#8221;][\/vc_column][\/vc_row][vc_row][vc_column width=&#8221;1\/2&#8243;][vc_single_image image=&#8221;11063&#8243; img_size=&#8221;full&#8221;][\/vc_column][vc_column width=&#8221;1\/2&#8243;][vc_column_text]Tullat dekorative, t\u00eb cilat jan\u00eb shum\u00eb n\u00eb trend p\u00ebr momentin, jan\u00eb tashm\u00eb pjes\u00eb e gam\u00ebs s\u00eb produkteve tona. Tullat dekorative italiane vijn\u00eb n\u00eb madh\u00ebsi t\u00eb ndryshme dhe nj\u00eb s\u00ebr\u00eb nuancash prej dheu, duke ofruar zgjidhje inovative t\u00eb projektimit p\u00ebr hap\u00ebrsira t\u00eb&hellip;<\/p>\n","protected":false},"author":2,"featured_media":0,"parent":0,"menu_order":0,"comment_status":"closed","ping_status":"closed","template":"","meta":{"footnotes":""},"class_list":["post-11320","page","type-page","status-publish","hentry","description-off"],"_links":{"self":[{"href":"https:\/\/aedcolor.com\/index.php\/wp-json\/wp\/v2\/pages\/11320","targetHints":{"allow":["GET"]}}],"collection":[{"href":"https:\/\/aedcolor.com\/index.php\/wp-json\/wp\/v2\/pages"}],"about":[{"href":"https:\/\/aedcolor.com\/index.php\/wp-json\/wp\/v2\/types\/page"}],"author":[{"embeddable":true,"href":"https:\/\/aedcolor.com\/index.php\/wp-json\/wp\/v2\/users\/2"}],"replies":[{"embeddable":true,"href":"https:\/\/aedcolor.com\/index.php\/wp-json\/wp\/v2\/comments?post=11320"}],"version-history":[{"count":3,"href":"https:\/\/aedcolor.com\/index.php\/wp-json\/wp\/v2\/pages\/11320\/revisions"}],"predecessor-version":[{"id":11324,"href":"https:\/\/aedcolor.com\/index.php\/wp-json\/wp\/v2\/pages\/11320\/revisions\/11324"}],"wp:attachment":[{"href":"https:\/\/aedcolor.com\/index.php\/wp-json\/wp\/v2\/media?parent=11320"}],"curies":[{"name":"wp","href":"https:\/\/api.w.org\/{rel}","templated":true}]}}