{"id":11533,"date":"2024-05-15T08:37:34","date_gmt":"2024-05-15T08:37:34","guid":{"rendered":"https:\/\/aedcolor.com\/?page_id=11533"},"modified":"2024-06-17T13:15:31","modified_gmt":"2024-06-17T13:15:31","slug":"travertino-romano","status":"publish","type":"page","link":"https:\/\/aedcolor.com\/index.php\/travertino-romano\/","title":{"rendered":"TRAVERTINO ROMANO"},"content":{"rendered":"<div class=\"wpb-content-wrapper\"><p>[vc_row css=&#8221;.vc_custom_1683099634441{padding-bottom: 30px !important;}&#8221;][vc_column width=&#8221;2\/3&#8243;][vc_custom_heading text=&#8221;TRAVERTINO ROMANO&#8221; font_container=&#8221;tag:h2|font_size:50|text_align:left&#8221; use_theme_fonts=&#8221;yes&#8221; link=&#8221;|title:AQUAMAT%20-%20SUPERELASTIC||&#8221;][\/vc_column][\/vc_row][vc_row][vc_column width=&#8221;1\/2&#8243;][vc_single_image image=&#8221;11534&#8243; img_size=&#8221;full&#8221;][\/vc_column][vc_column width=&#8221;1\/2&#8243;][vc_column_text]<span style=\"color: #000000;\"><strong>Bukuria e natyr\u00ebs, forca e gurit natyror, nj\u00eb risi eko-miq\u00ebsore nga Oikos.<\/strong> Q\u00eb nga viti 2004, ajo ka p\u00ebrdorur mbetjet pluhur gurore, me shtimin e lidh\u00ebsve t\u00eb p\u00ebrzier, p\u00ebr t\u00eb formuar nj\u00eb past\u00eb kremoze q\u00eb kur apikohet n\u00eb mur, riprodhon t\u00eb nj\u00ebjt\u00ebn struktur\u00eb natyrale pa ndryshuar karakteristikat e saj.<\/span><\/p>\n<p><strong><span style=\"color: #000000;\">Cil\u00ebsit\u00eb Teknike<\/span><\/strong><br \/>\n<span style=\"color: #000000;\">TRAVERTINO ROMANO nga Oikos \u00ebsht\u00eb\u00a0 nj\u00eb suva dekorative e vecant\u00eb, e gatshme p\u00ebr p\u00ebrdorim, e krijuar duke p\u00ebrdorur r\u00ebr\u00eb, kokrra mermeri t\u00eb zgjedhura, pluhur travertine dhe stuko g\u00eblqereje t\u00eb shuar. Pasta e nj\u00ebtrajtshme \u00ebsht\u00eb e leht\u00eb p\u00ebr t&#8217;u aplikuar dhe duke pvrdorur teknik\u00ebn e treguar t\u00eb aplikimit, mund t\u00eb realizohet nj\u00eb efekt, i ngjash\u00ebm me at\u00eb t\u00eb gurit natyror, duke nxjerr\u00eb n\u00eb pah venat dhe konturet e tij. Nj\u00eb nga karakteristikat kryesore t\u00eb k\u00ebtij produkti \u00ebsht\u00eb ajo e lidhjes s\u00eb p\u00ebrkryer me sip\u00ebrfaqen duke u b\u00ebr\u00eb k\u00ebshtu nj\u00eb trup i vet\u00ebm. TRAVERTINO ROMANO bllokon zhvillimin e mykut dhe baktereve. Ka nj\u00eb nivel t\u00eb ul\u00ebt ere, nuk\u00a0\u00ebsht\u00eb i ndezsh\u00ebm dhe \u00ebsht\u00eb miq\u00ebsor si p\u00ebr njer\u00ebzit ashtu edhe p\u00ebr mjedisin. n\u00eb p\u00ebrputhje me CAM (Kriteret Minimale Mjedisore). Certifikimi i nivelit III. EPD. Formal pa dehide.<\/span><\/p>\n<p><strong><span style=\"color: #000000;\">P\u00ebrdorimi Ideal<\/span><\/strong><br \/>\n<span style=\"color: #000000;\">Sip\u00ebrfaqet e jashtme dhe t\u00eb brendshme (ngjyrat e Travertino Design jan\u00eb t\u00eb destinuara vet\u00ebm pvr p\u00ebrdorim t\u00eb brendsh\u00ebm).<\/span><\/p>\n<p><strong><span style=\"color: #000000;\">P\u00ebrgatitja e Sip\u00ebrfaqes<\/span><\/strong><br \/>\n<span style=\"color: #000000;\">Sip\u00ebrfaqet duhet t\u00eb jen\u00eb t\u00ebr\u00ebsisht t\u00eb thata. Suvaja\u00a0 ere duhet t\u00eb jet\u00eb thare p\u00ebr t\u00eb pakt\u00ebn 30 dit\u00eb p\u00ebr t\u00eb lejuar karbonizimin e plot\u00eb t\u00eb n\u00ebnshtres\u00ebs. Pastroni sip\u00ebrfaqen q\u00eb do t\u00eb lyeni, duke hequr cdo material t\u00eb lirsh\u00ebm ose t\u00eb cop\u00ebtuar. N\u00eb sip\u00ebrfaqe t\u00eb vjetra ose pluhur, rekomandohet t\u00eb aplikohet nj\u00eb shtres\u00eb e izoluesit NEOFIX nga OIKOS. N\u00eb t\u00eb gjitha llojet e tjera t\u00eb sip\u00ebrfaqeve, aplikoni nj\u00eb shtres\u00eb IL PRIMER ose BLANKOR nga Oikos deri n\u00eb nivelin e p\u00ebrthithjes s\u00eb sip\u00ebrfaqes.<\/span><\/p>\n<p><strong><span style=\"color: #000000;\">Si ta aplikoni<\/span><\/strong><br \/>\n<span style=\"color: #000000;\">Efekti MONOLITICO: P\u00ebrhapeni TRAVERTINO ROMANO duke p\u00ebrdorur nj\u00eb mistri celiku inoks nga OIKOS (Art. 113), duke l\u00ebn\u00eb nj\u00eb trash\u00ebsi af\u00ebrsisht 1,5-2,0 mm. Menj\u00ebher\u00eb vazhdoni me punimin mbi TRAVERTINO ROMANO p\u00ebr t\u00eb krijuar vena t\u00eb crregullta horizontale n\u00eb sip\u00ebrfaqe. Lyejini zonat e mbetura, duke p\u00ebrdorur t\u00eb nj\u00ebjtin mjet, n\u00eb m\u00ebnyr\u00eb q\u00eb t\u00eb krijoni kreshta t\u00eb produktit mbi sip\u00ebrfaqe. Sapo produkti t\u00eb filloj\u00eb t\u00eb thahet, kryeni nj\u00eb zbutje t\u00eb par\u00eb t\u00eb sip\u00ebrfaqes duke p\u00ebrdorur mistrin e celikut inoks, duke kompaktuar k\u00ebshtu kreshtat m\u00eb t\u00eb dukshme t\u00eb materialit. Kur produkti t\u00eb jet\u00eb thar\u00eb mjaftuesh\u00ebm p\u00ebr ta lejuar at\u00eb, p\u00ebrs\u00ebritni procesin e zbutjes duke ushqyer presion edhe m\u00eb t\u00eb madh n\u00eb mistri, n\u00eb m\u00ebnyr\u00eb q\u00eb t\u00eb p\u00ebrfitoni nj\u00eb sip\u00ebrfaqe t\u00eb l\u00ebmuar q\u00eb ka venat q\u00eb kalojn\u00eb n\u00ebp\u00ebr t\u00eb q\u00eb imitojn\u00eb efektin e travertinos.<\/span><\/p>\n<p><strong><span style=\"color: #000000;\">P\u00ebrfundimi<\/span><\/strong><br \/>\n<em><strong><span style=\"color: #000000;\">TRAVERTINO ROMANO Natyral\/ I bardh\u00eb me Travertino Romano Finitura<\/span><\/strong><\/em><br \/>\n<span style=\"color: #000000;\">P\u00ebr t\u00eb mbrojtur dhe mbajtur pamjen natyrale t\u00eb TRAVERTINO ROMANO Natural White, aplikojeni me furc\u00eb, nj\u00eb shtres\u00eb t\u00eb pangjyrosur, gati p\u00ebr p\u00ebrdorim TRAVERTINO ROMANO FINITURA.<\/span><\/p>\n<p><em><strong><span style=\"color: #000000;\">TRAVERTINO ROMANO Natyral\/E bardh\u00eb me Toner (Tivoli, Biancospino dhe k\u00ebshtu me rradh\u00eb):<\/span><\/strong><\/em><br \/>\n<span style=\"color: #000000;\">Aplikoni me furc\u00eb nj\u00eb shtres\u00eb TRAVERTINO ROMANO FINITURA t\u00eb pangjyrosur, gati p\u00ebr p\u00ebrdorim, duke i kushtuar v\u00ebmendje q\u00eb produkti t\u00eb p\u00ebrhapet vet\u00ebm n\u00eb zonat e l\u00ebmuara t\u00eb sip\u00ebrfaqes dhe jo brenda venave q\u00eb jan\u00eb krijuar. Prisni derisa shtresa e par\u00eb e p\u00ebrfundimit t\u00eb thahet dhe m\u00eb pas vazhdoni t\u00eb aplikoni nj\u00eb shtres\u00eb t\u00eb dyt\u00eb, duke e aplikuar me furc\u00eb TRAVERTINO ROMANO FINITURA n\u00eb ngjyr\u00ebn e zgjedhur, t\u00eb holluar 50% me uj\u00eb. Eliminoni cdo produkt t\u00eb tep\u00ebrt duke p\u00ebrdorur nj\u00eb sfungjer derisa t\u00eb arrihet nj\u00eb efekt i err\u00ebt n\u00eb sipvrfaqe, i shkaktuar nga nivelet e ndryshme t\u00eb p\u00ebrthithjes midis zonave t\u00eb l\u00ebmuara dhe venave n\u00eb sip\u00ebrfaqe. P\u00ebr t\u00eb marr\u00eb nuanc\u00ebn e zgjedhur nga grafiku i ngjyrave, p\u00ebrzieni 100 ml TONER me 1 lt TRAVERTINO ROMANO FINITURA dhe tundeni mir\u00eb. Kujdes: k\u00ebto dekorime mund t\u00eb p\u00ebrdoren vet\u00ebm p\u00ebr ngjyr\u00ebn e Bardh\u00eb Natyrore, ato nuk mund t\u00eb p\u00ebrdoren p\u00ebr nuancat DESIGN (e zez\u00eb, e kuqe, bezh\u00eb, gri, e verdh\u00eb) t\u00eb cilat jan\u00eb t\u00eb p\u00ebrshtatshme vet\u00ebm p\u00ebr ambiente t\u00eb brendshme.<\/span><\/p>\n<p><strong><span style=\"color: #000000;\">Informacion mbi Sigurin\u00eb<\/span><\/strong><br \/>\n<span style=\"color: #000000;\">Produkti \u00ebsht\u00eb pa metale t\u00eb r\u00ebnda si plumbi ose krom. Nuk p\u00ebrmban tret\u00ebs toksik\u00eb, aromatik\u00eb ose kloride. Nuk ka rrezik t\u00eb polimerizimit t\u00eb rreziksh\u00ebm. Produkti klasifikohet si i rreziksh\u00ebm n\u00eb p\u00ebrputhje me dispozitat e p\u00ebrcaktuara n\u00eb Rregulloret (CE) 1272\/2008 (CLP) dhe ndryshimet dhe shtresat pasuese. P\u00ebr m\u00eb shum\u00eb informacion, shihni flet\u00ebn e tv dh\u00ebnave t\u00eb siguris\u00eb s\u00eb produktit. K\u00ebshillohen masa normale paraprake p\u00ebr trajtimin e bojrave me baz\u00eb uji. Nuk k\u00ebrkohen rregullime t\u00eb vecanta p\u00ebr ruajtjen, l\u00ebvizjen dhe transportin e produktit; kontenier\u00ebt, mbetjet, materiali i derdhur eventual duhet t\u00eb pastrohen duke p\u00ebrdrorur material inert absorbues si r\u00ebr\u00eb, tok\u00eb etj. dhe m\u00eb pas t\u00eb hidhen n\u00eb p\u00ebrputhje me rregulloret rajonale dhe komb\u00ebtare n\u00eb fuqi n\u00eb at\u00eb koh\u00eb. Transporti duhet t\u00eb kryhet n\u00eb p\u00ebrputhje me marr\u00ebveshjet nd\u00ebrkomb\u00ebtare.<\/span><\/p>\n<p><strong><span style=\"color: #000000;\">Specifikimet<\/span><\/strong><br \/>\n<span style=\"color: #000000;\">Sip\u00ebrfaqet duhet t\u00eb jen\u00eb t\u00ebr\u00ebsisht t\u00eb thata dhe t\u00eb pjekura plot\u00ebsisht. Suvaja e re duhet t\u00eb jet\u00eb thar\u00eb p\u00ebr t\u00eb pakt\u00ebn 30 dit\u00eb p\u00ebr t\u00eb lejuar karbonizimin e plot\u00eb t\u00eb n\u00ebnshtres\u00ebs. Pastroni sip\u00ebrfaqen q\u00eb do t\u00eb lyeni, duke hequr cdo material t\u00eb lirsh\u00ebm ose t\u00eb cop\u00ebtuar. N\u00eb sipvrfaqe t\u00eb vjetra ose pluhur, rekomandohet t\u00eb aplikohet nj\u00eb shtres\u00eb e izoluesit NEOFIX nga OIKOS. N\u00eb t\u00eb gjitha llojet e sip\u00ebrfaqeve t\u00eb tjera aplikohet nj\u00eb shtres\u00eb IL PRIMER nga OIKOS ose BLANKOR nga OIKOS.[\/vc_column_text][\/vc_column][\/vc_row][vc_row bg_type=&#8221;bg_color&#8221; bg_override=&#8221;ex-full&#8221; bg_color_value=&#8221;#000000&#8243; css=&#8221;.vc_custom_1686220278017{padding-top: 40px !important;padding-bottom: 50px !important;}&#8221;][vc_column][vc_custom_heading text=&#8221;TEKSTURA&#8221; font_container=&#8221;tag:h2|text_align:center|color:%23ffffff&#8221; use_theme_fonts=&#8221;yes&#8221;][vc_row_inner][vc_column_inner width=&#8221;1\/4&#8243;]<div class=\"ult-content-box-container \" >\t\t<div class=\"ult-content-box\" style=\"box-shadow: px px px px none;-webkit-transition: all 700ms ease;-moz-transition: all 700ms ease;-ms-transition: all 700ms ease;-o-transition: all 700ms ease;transition: all 700ms ease;\"  data-hover_box_shadow=\"none\"    >[vc_single_image image=&#8221;14328&#8243; img_size=&#8221;150X150&#8243; alignment=&#8221;center&#8221;][vc_custom_heading text=&#8221;TRAVERTINO CASSERO&#8221; font_container=&#8221;tag:h4|font_size:18|text_align:center|color:%23ffffff&#8221; use_theme_fonts=&#8221;yes&#8221; css=&#8221;.vc_custom_1718628175578{margin-top: -20px !important;}&#8221;]\t\t<\/div><\/div>[\/vc_column_inner][vc_column_inner width=&#8221;1\/4&#8243;]<div class=\"ult-content-box-container \" >\t\t<div class=\"ult-content-box\" style=\"box-shadow: px px px px none;-webkit-transition: all 700ms ease;-moz-transition: all 700ms ease;-ms-transition: all 700ms ease;-o-transition: all 700ms ease;transition: all 700ms ease;\"  data-hover_box_shadow=\"none\"    >[vc_single_image image=&#8221;14330&#8243; img_size=&#8221;150X150&#8243; alignment=&#8221;center&#8221;][vc_custom_heading text=&#8221;TRAVERTINO GRANATO&#8221; font_container=&#8221;tag:h4|font_size:18|text_align:center|color:%23ffffff&#8221; use_theme_fonts=&#8221;yes&#8221; css=&#8221;.vc_custom_1718628201570{margin-top: -20px !important;}&#8221;]\t\t<\/div><\/div>[\/vc_column_inner][vc_column_inner width=&#8221;1\/4&#8243;]<div class=\"ult-content-box-container \" >\t\t<div class=\"ult-content-box\" style=\"box-shadow: px px px px none;-webkit-transition: all 700ms ease;-moz-transition: all 700ms ease;-ms-transition: all 700ms ease;-o-transition: all 700ms ease;transition: all 700ms ease;\"  data-hover_box_shadow=\"none\"    >[vc_single_image image=&#8221;14332&#8243; img_size=&#8221;150X150&#8243; alignment=&#8221;center&#8221;][vc_custom_heading text=&#8221;TRAVERTINO LEVIGATO&#8221; font_container=&#8221;tag:h4|font_size:18|text_align:center|color:%23ffffff&#8221; use_theme_fonts=&#8221;yes&#8221; css=&#8221;.vc_custom_1718628234162{margin-top: -20px !important;}&#8221;]\t\t<\/div><\/div>[\/vc_column_inner][vc_column_inner width=&#8221;1\/4&#8243;]<div class=\"ult-content-box-container \" >\t\t<div class=\"ult-content-box\" style=\"box-shadow: px px px px none;-webkit-transition: all 700ms ease;-moz-transition: all 700ms ease;-ms-transition: all 700ms ease;-o-transition: all 700ms ease;transition: all 700ms ease;\"  data-hover_box_shadow=\"none\"    >[vc_single_image image=&#8221;14334&#8243; img_size=&#8221;150X150&#8243; alignment=&#8221;center&#8221;][vc_custom_heading text=&#8221;TRAVERTINO LEVIGATO + SUPERFINISH 24&#8243; font_container=&#8221;tag:h4|font_size:18|text_align:center|color:%23ffffff&#8221; use_theme_fonts=&#8221;yes&#8221; css=&#8221;.vc_custom_1718628312203{margin-top: -20px !important;}&#8221;]\t\t<\/div><\/div>[\/vc_column_inner][\/vc_row_inner][vc_row_inner][vc_column_inner width=&#8221;1\/4&#8243;]<div class=\"ult-content-box-container \" >\t\t<div class=\"ult-content-box\" style=\"box-shadow: px px px px none;-webkit-transition: all 700ms ease;-moz-transition: all 700ms ease;-ms-transition: all 700ms ease;-o-transition: all 700ms ease;transition: all 700ms ease;\"  data-hover_box_shadow=\"none\"    >[vc_single_image image=&#8221;14336&#8243; img_size=&#8221;150X150&#8243; alignment=&#8221;center&#8221;][vc_custom_heading text=&#8221;TRAVERTINO METROPOLITANO&#8221; font_container=&#8221;tag:h4|font_size:18|text_align:center|color:%23ffffff&#8221; use_theme_fonts=&#8221;yes&#8221; css=&#8221;.vc_custom_1718628336218{margin-top: -20px !important;}&#8221;]\t\t<\/div><\/div>[\/vc_column_inner][vc_column_inner width=&#8221;1\/4&#8243;]<div class=\"ult-content-box-container \" >\t\t<div class=\"ult-content-box\" style=\"box-shadow: px px px px none;-webkit-transition: all 700ms ease;-moz-transition: all 700ms ease;-ms-transition: all 700ms ease;-o-transition: all 700ms ease;transition: all 700ms ease;\"  data-hover_box_shadow=\"none\"    >[vc_single_image image=&#8221;14338&#8243; img_size=&#8221;150X150&#8243; alignment=&#8221;center&#8221;][vc_custom_heading text=&#8221;TRAVERTINO MONOLITICO&#8221; font_container=&#8221;tag:h4|font_size:18|text_align:center|color:%23ffffff&#8221; use_theme_fonts=&#8221;yes&#8221; css=&#8221;.vc_custom_1718628359058{margin-top: -20px !important;}&#8221;]\t\t<\/div><\/div>[\/vc_column_inner][vc_column_inner width=&#8221;1\/4&#8243;]<div class=\"ult-content-box-container \" >\t\t<div class=\"ult-content-box\" style=\"box-shadow: px px px px none;-webkit-transition: all 700ms ease;-moz-transition: all 700ms ease;-ms-transition: all 700ms ease;-o-transition: all 700ms ease;transition: all 700ms ease;\"  data-hover_box_shadow=\"none\"    >[vc_single_image image=&#8221;14340&#8243; img_size=&#8221;150X150&#8243; alignment=&#8221;center&#8221;][vc_custom_heading text=&#8221;TRAVERTINO PIETRA ANTICA&#8221; font_container=&#8221;tag:h4|font_size:18|text_align:center|color:%23ffffff&#8221; use_theme_fonts=&#8221;yes&#8221; css=&#8221;.vc_custom_1718628386953{margin-top: -20px !important;}&#8221;]\t\t<\/div><\/div>[\/vc_column_inner][vc_column_inner width=&#8221;1\/4&#8243;]<div class=\"ult-content-box-container \" >\t\t<div class=\"ult-content-box\" style=\"box-shadow: px px px px none;-webkit-transition: all 700ms ease;-moz-transition: all 700ms ease;-ms-transition: all 700ms ease;-o-transition: all 700ms ease;transition: all 700ms ease;\"  data-hover_box_shadow=\"none\"    >[vc_single_image image=&#8221;14342&#8243; img_size=&#8221;150X150&#8243; alignment=&#8221;center&#8221;][vc_custom_heading text=&#8221;TRAVERTINO SPACCATO&#8221; font_container=&#8221;tag:h4|font_size:18|text_align:center|color:%23ffffff&#8221; use_theme_fonts=&#8221;yes&#8221; css=&#8221;.vc_custom_1718628421393{margin-top: -20px !important;}&#8221;]\t\t<\/div><\/div>[\/vc_column_inner][\/vc_row_inner][\/vc_column][\/vc_row][vc_row bg_type=&#8221;bg_color&#8221; bg_override=&#8221;ex-full&#8221; bg_color_value=&#8221;#000000&#8243; css=&#8221;.vc_custom_1686220278017{padding-top: 40px !important;padding-bottom: 50px !important;}&#8221;][vc_column][vc_custom_heading text=&#8221;PALETA E NGJYRAVE&#8221; font_container=&#8221;tag:h2|text_align:center|color:%23ffffff&#8221; use_theme_fonts=&#8221;yes&#8221;][vc_row_inner][vc_column_inner width=&#8221;1\/4&#8243;]<div class=\"ult-content-box-container \" >\t\t<div class=\"ult-content-box\" style=\"box-shadow: px px px px none;-webkit-transition: all 700ms ease;-moz-transition: all 700ms ease;-ms-transition: all 700ms ease;-o-transition: all 700ms ease;transition: all 700ms ease;\"  data-hover_box_shadow=\"none\"    >[vc_single_image image=&#8221;14344&#8243; img_size=&#8221;150X150&#8243; alignment=&#8221;center&#8221;][vc_custom_heading text=&#8221;Tivoli&#8221; font_container=&#8221;tag:h4|font_size:18|text_align:center|color:%23ffffff&#8221; use_theme_fonts=&#8221;yes&#8221; css=&#8221;.vc_custom_1718628592351{margin-top: -20px !important;}&#8221;]\t\t<\/div><\/div>[\/vc_column_inner][vc_column_inner width=&#8221;1\/4&#8243;]<div class=\"ult-content-box-container \" >\t\t<div class=\"ult-content-box\" style=\"box-shadow: px px px px none;-webkit-transition: all 700ms ease;-moz-transition: all 700ms ease;-ms-transition: all 700ms ease;-o-transition: all 700ms ease;transition: all 700ms ease;\"  data-hover_box_shadow=\"none\"    >[vc_single_image image=&#8221;14346&#8243; img_size=&#8221;150X150&#8243; alignment=&#8221;center&#8221;][vc_custom_heading text=&#8221;Dorato&#8221; font_container=&#8221;tag:h4|font_size:18|text_align:center|color:%23ffffff&#8221; use_theme_fonts=&#8221;yes&#8221; css=&#8221;.vc_custom_1718628611727{margin-top: -20px !important;}&#8221;]\t\t<\/div><\/div>[\/vc_column_inner][vc_column_inner width=&#8221;1\/4&#8243;]<div class=\"ult-content-box-container \" >\t\t<div class=\"ult-content-box\" style=\"box-shadow: px px px px none;-webkit-transition: all 700ms ease;-moz-transition: all 700ms ease;-ms-transition: all 700ms ease;-o-transition: all 700ms ease;transition: all 700ms ease;\"  data-hover_box_shadow=\"none\"    >[vc_single_image image=&#8221;14348&#8243; img_size=&#8221;150X150&#8243; alignment=&#8221;center&#8221;][vc_custom_heading text=&#8221;Striato&#8221; font_container=&#8221;tag:h4|font_size:18|text_align:center|color:%23ffffff&#8221; use_theme_fonts=&#8221;yes&#8221; css=&#8221;.vc_custom_1718628635498{margin-top: -20px !important;}&#8221;]\t\t<\/div><\/div>[\/vc_column_inner][vc_column_inner width=&#8221;1\/4&#8243;]<div class=\"ult-content-box-container \" >\t\t<div class=\"ult-content-box\" style=\"box-shadow: px px px px none;-webkit-transition: all 700ms ease;-moz-transition: all 700ms ease;-ms-transition: all 700ms ease;-o-transition: all 700ms ease;transition: all 700ms ease;\"  data-hover_box_shadow=\"none\"    >[vc_single_image image=&#8221;14350&#8243; img_size=&#8221;150X150&#8243; alignment=&#8221;center&#8221;][vc_custom_heading text=&#8221;Toscano&#8221; font_container=&#8221;tag:h4|font_size:18|text_align:center|color:%23ffffff&#8221; use_theme_fonts=&#8221;yes&#8221; css=&#8221;.vc_custom_1718628654913{margin-top: -20px !important;}&#8221;]\t\t<\/div><\/div>[\/vc_column_inner][\/vc_row_inner][vc_row_inner][vc_column_inner width=&#8221;1\/4&#8243;]<div class=\"ult-content-box-container \" >\t\t<div class=\"ult-content-box\" style=\"box-shadow: px px px px none;-webkit-transition: all 700ms ease;-moz-transition: all 700ms ease;-ms-transition: all 700ms ease;-o-transition: all 700ms ease;transition: all 700ms ease;\"  data-hover_box_shadow=\"none\"    >[vc_single_image image=&#8221;14352&#8243; img_size=&#8221;150X150&#8243; alignment=&#8221;center&#8221;][vc_custom_heading text=&#8221;Bianco spino&#8221; font_container=&#8221;tag:h4|font_size:18|text_align:center|color:%23ffffff&#8221; use_theme_fonts=&#8221;yes&#8221; css=&#8221;.vc_custom_1718628677521{margin-top: -20px !important;}&#8221;]\t\t<\/div><\/div>[\/vc_column_inner][vc_column_inner width=&#8221;1\/4&#8243;]<div class=\"ult-content-box-container \" >\t\t<div class=\"ult-content-box\" style=\"box-shadow: px px px px none;-webkit-transition: all 700ms ease;-moz-transition: all 700ms ease;-ms-transition: all 700ms ease;-o-transition: all 700ms ease;transition: all 700ms ease;\"  data-hover_box_shadow=\"none\"    >[vc_single_image image=&#8221;14354&#8243; img_size=&#8221;150X150&#8243; alignment=&#8221;center&#8221;][vc_custom_heading text=&#8221;Avana&#8221; font_container=&#8221;tag:h4|font_size:18|text_align:center|color:%23ffffff&#8221; use_theme_fonts=&#8221;yes&#8221; css=&#8221;.vc_custom_1718628698497{margin-top: -20px !important;}&#8221;]\t\t<\/div><\/div>[\/vc_column_inner][vc_column_inner width=&#8221;1\/4&#8243;]<div class=\"ult-content-box-container \" >\t\t<div class=\"ult-content-box\" style=\"box-shadow: px px px px none;-webkit-transition: all 700ms ease;-moz-transition: all 700ms ease;-ms-transition: all 700ms ease;-o-transition: all 700ms ease;transition: all 700ms ease;\"  data-hover_box_shadow=\"none\"    >[vc_single_image image=&#8221;14356&#8243; img_size=&#8221;150X150&#8243; alignment=&#8221;center&#8221;][vc_custom_heading text=&#8221;Acqua bianca&#8221; font_container=&#8221;tag:h4|font_size:18|text_align:center|color:%23ffffff&#8221; use_theme_fonts=&#8221;yes&#8221; css=&#8221;.vc_custom_1718628719897{margin-top: -20px !important;}&#8221;]\t\t<\/div><\/div>[\/vc_column_inner][vc_column_inner width=&#8221;1\/4&#8243;]<div class=\"ult-content-box-container \" >\t\t<div class=\"ult-content-box\" style=\"box-shadow: px px px px none;-webkit-transition: all 700ms ease;-moz-transition: all 700ms ease;-ms-transition: all 700ms ease;-o-transition: all 700ms ease;transition: all 700ms ease;\"  data-hover_box_shadow=\"none\"    >[vc_single_image image=&#8221;14358&#8243; img_size=&#8221;150X150&#8243; alignment=&#8221;center&#8221;][vc_custom_heading text=&#8221;Acqua bianca&#8221; font_container=&#8221;tag:h4|font_size:18|text_align:center|color:%23ffffff&#8221; use_theme_fonts=&#8221;yes&#8221; css=&#8221;.vc_custom_1718628751329{margin-top: -20px !important;}&#8221;]\t\t<\/div><\/div>[\/vc_column_inner][\/vc_row_inner][vc_row_inner][vc_column_inner width=&#8221;1\/4&#8243;]<div class=\"ult-content-box-container \" >\t\t<div class=\"ult-content-box\" style=\"box-shadow: px px px px none;-webkit-transition: all 700ms ease;-moz-transition: all 700ms ease;-ms-transition: all 700ms ease;-o-transition: all 700ms ease;transition: all 700ms ease;\"  data-hover_box_shadow=\"none\"    >[vc_single_image image=&#8221;14360&#8243; img_size=&#8221;150X150&#8243; alignment=&#8221;center&#8221;][vc_custom_heading text=&#8221;Natural&#8221; font_container=&#8221;tag:h4|font_size:18|text_align:center|color:%23ffffff&#8221; use_theme_fonts=&#8221;yes&#8221; css=&#8221;.vc_custom_1718628772617{margin-top: -20px !important;}&#8221;]\t\t<\/div><\/div>[\/vc_column_inner][vc_column_inner width=&#8221;1\/4&#8243;]<div class=\"ult-content-box-container \" >\t\t<div class=\"ult-content-box\" style=\"box-shadow: px px px px none;-webkit-transition: all 700ms ease;-moz-transition: all 700ms ease;-ms-transition: all 700ms ease;-o-transition: all 700ms ease;transition: all 700ms ease;\"  data-hover_box_shadow=\"none\"    >[vc_single_image image=&#8221;14362&#8243; img_size=&#8221;150X150&#8243; alignment=&#8221;center&#8221;][vc_custom_heading text=&#8221;Anticato&#8221; font_container=&#8221;tag:h4|font_size:18|text_align:center|color:%23ffffff&#8221; use_theme_fonts=&#8221;yes&#8221; css=&#8221;.vc_custom_1718628797338{margin-top: -20px !important;}&#8221;]\t\t<\/div><\/div>[\/vc_column_inner][\/vc_row_inner][\/vc_column][\/vc_row][vc_row][vc_column][vc_column_text][\/vc_column_text][\/vc_column][\/vc_row][vc_row][vc_column][vc_column_text]<\/span>[\/vc_column_text][\/vc_column][\/vc_row]<\/p>\n<\/div>","protected":false},"excerpt":{"rendered":"<p>[vc_row css=&#8221;.vc_custom_1683099634441{padding-bottom: 30px !important;}&#8221;][vc_column width=&#8221;2\/3&#8243;][vc_custom_heading text=&#8221;TRAVERTINO ROMANO&#8221; font_container=&#8221;tag:h2|font_size:50|text_align:left&#8221; use_theme_fonts=&#8221;yes&#8221; link=&#8221;|title:AQUAMAT%20-%20SUPERELASTIC||&#8221;][\/vc_column][\/vc_row][vc_row][vc_column width=&#8221;1\/2&#8243;][vc_single_image image=&#8221;11534&#8243; img_size=&#8221;full&#8221;][\/vc_column][vc_column width=&#8221;1\/2&#8243;][vc_column_text]Bukuria e natyr\u00ebs, forca e gurit natyror, nj\u00eb risi eko-miq\u00ebsore nga Oikos. Q\u00eb nga viti 2004, ajo ka p\u00ebrdorur mbetjet pluhur gurore, me shtimin e lidh\u00ebsve t\u00eb p\u00ebrzier, p\u00ebr t\u00eb formuar nj\u00eb past\u00eb kremoze q\u00eb kur apikohet n\u00eb mur, riprodhon t\u00eb nj\u00ebjt\u00ebn&hellip;<\/p>\n","protected":false},"author":2,"featured_media":0,"parent":0,"menu_order":0,"comment_status":"closed","ping_status":"closed","template":"","meta":{"footnotes":""},"class_list":["post-11533","page","type-page","status-publish","hentry","description-off"],"_links":{"self":[{"href":"https:\/\/aedcolor.com\/index.php\/wp-json\/wp\/v2\/pages\/11533","targetHints":{"allow":["GET"]}}],"collection":[{"href":"https:\/\/aedcolor.com\/index.php\/wp-json\/wp\/v2\/pages"}],"about":[{"href":"https:\/\/aedcolor.com\/index.php\/wp-json\/wp\/v2\/types\/page"}],"author":[{"embeddable":true,"href":"https:\/\/aedcolor.com\/index.php\/wp-json\/wp\/v2\/users\/2"}],"replies":[{"embeddable":true,"href":"https:\/\/aedcolor.com\/index.php\/wp-json\/wp\/v2\/comments?post=11533"}],"version-history":[{"count":5,"href":"https:\/\/aedcolor.com\/index.php\/wp-json\/wp\/v2\/pages\/11533\/revisions"}],"predecessor-version":[{"id":14364,"href":"https:\/\/aedcolor.com\/index.php\/wp-json\/wp\/v2\/pages\/11533\/revisions\/14364"}],"wp:attachment":[{"href":"https:\/\/aedcolor.com\/index.php\/wp-json\/wp\/v2\/media?parent=11533"}],"curies":[{"name":"wp","href":"https:\/\/api.w.org\/{rel}","templated":true}]}}