{"id":11595,"date":"2024-05-27T08:14:40","date_gmt":"2024-05-27T08:14:40","guid":{"rendered":"https:\/\/aedcolor.com\/?page_id=11595"},"modified":"2024-05-27T08:16:54","modified_gmt":"2024-05-27T08:16:54","slug":"neokryll","status":"publish","type":"page","link":"https:\/\/aedcolor.com\/index.php\/neokryll\/","title":{"rendered":"NEOKRYLL"},"content":{"rendered":"<div class=\"wpb-content-wrapper\"><p>[vc_row css=&#8221;.vc_custom_1683099634441{padding-bottom: 30px !important;}&#8221;][vc_column width=&#8221;2\/3&#8243;][vc_custom_heading text=&#8221;NEOKRYLL&#8221; font_container=&#8221;tag:h2|font_size:50|text_align:left&#8221; use_theme_fonts=&#8221;yes&#8221; link=&#8221;|title:AQUAMAT%20-%20SUPERELASTIC||&#8221;][\/vc_column][\/vc_row][vc_row][vc_column width=&#8221;1\/2&#8243;][vc_single_image image=&#8221;6680&#8243; img_size=&#8221;full&#8221;][\/vc_column][vc_column width=&#8221;1\/2&#8243;][vc_column_text]<span style=\"color: #000000;\"><strong>Fiksues ngjit\u00ebs akrilik universal p\u00ebr p\u00ebrdorim t\u00eb jasht\u00ebm, me rendiment t\u00eb shk\u00eblqyesh\u00ebm dhe ngjitje t\u00eb lart\u00eb.<\/strong> P\u00ebrforcon\u00a0 sip\u00ebrfaqet q\u00eb i n\u00ebnshtrohen shum\u00ebsimit dhe sip\u00ebrfaqet e reja t\u00eb murit.<\/span><\/p>\n<p><strong><span style=\"color: #000000;\">Cil\u00ebsit\u00eb Teknike<\/span><\/strong><br \/>\n<span style=\"color: #000000;\">NEOKRYLL \u00ebsht\u00eb nj\u00eb fiksues transparent, akrilik p\u00ebr pjes\u00ebn e jashtme. Formula e tij e vecant\u00eb, e p\u00ebrb\u00ebr\u00eb nga rr\u00ebshira akrilike speciale me grimca shum\u00eb t\u00eb imta, e b\u00ebn at\u00eb shum\u00eb t\u00eb p\u00ebrhapur (deri n\u00eb 5 mm) dhe lejon nj\u00eb konsolidim dhe izolim efikas t\u00eb n\u00ebnshtres\u00ebs. Rekomandohet vecan\u00ebrisht p\u00ebr mure me absorbim t\u00eb lart\u00eb, n\u00ebnshtresa shkum\u00ebsuese, suva t\u00eb vjetra t\u00eb th\u00ebrrmuara, mallra suvaje, n\u00ebnshtresa minerale, fibra cimento dhe n\u00eb p\u00ebrgjith\u00ebsi p\u00ebr t\u00eb gjitha llojet e n\u00ebnshtresave t\u00eb mureve. Ka nj\u00eb nivel t\u00eb ul\u00ebt er\u00eb, nuk \u00ebsht\u00eb i ndezsh\u00ebm dhe \u00ebsht\u00eb miq\u00ebsor si p\u00ebr njer\u00ebzit ashtu edhe p\u00ebr mjedisin.<\/span><\/p>\n<p><strong><span style=\"color: #000000;\">P\u00ebrdorimi Ideal<\/span><\/strong><br \/>\n<span style=\"color: #000000;\">Muret e brendshme dhe t\u00eb jashtme<\/span><\/p>\n<p><strong><span style=\"color: #000000;\">P\u00ebrgatitja e Sip\u00ebrfaqes<\/span><\/strong><br \/>\n<span style=\"color: #000000;\">Aplikojeni n\u00eb sip\u00ebrfaqe t\u00ebr\u00ebsisht t\u00eb thata. Suva t\u00eb reja duhet t\u00eb thahen p\u00ebr t\u00eb pakt\u00ebn 30 dit\u00eb p\u00ebr t\u00eb lejuar karbonizimin e plot\u00eb t\u00eb suportit. L\u00ebmoni ose g\u00ebrryeni sip\u00ebrfaqet p\u00ebr t&#8217;i hequr pap\u00ebrsosm\u00ebrit\u00eb dhe cdo material t\u00eb lirsh\u00ebm ose t\u00eb rr\u00ebshqitur. N\u00eb rast t\u00eb punimeve restauruese, t\u00eb gjitha dep\u00ebrtimet e ujit dhe rrjedhjet duhet t\u00eb riparohen.<\/span><\/p>\n<p><strong><span style=\"color: #000000;\">M\u00ebnyra e Aplikimit<\/span><\/strong><br \/>\n<span style=\"color: #000000;\">N\u00eb n\u00ebnshtresat me p\u00ebrthithje normale, aplikoni shtres\u00eb NEOKRYLL nga OIKOS e holluar me 50% uj\u00eb t\u00eb pijsh\u00ebm, N\u00eb n\u00ebnshtresa shum\u00eb absorbuese ose shkum\u00ebsuese aplikoni 2 shtresa t\u00eb produktit, t\u00eb lagur, duke holluar me 100% uj\u00eb t\u00eb pijsh\u00ebm. Produkti mund t\u00eb aplikohet duke p\u00ebrdorur nj\u00eb furc\u00eb, rul ose pistolet\u00eb sp\u00ebrkat\u00ebse (gryk\u00eb 1,3 mm). L\u00ebreni 4-6 or\u00eb t\u00eb\u00a0 thahet p\u00ebrpara se t\u00eb lyeni me produkt t\u00eb fundit.<\/span><\/p>\n<p><strong><span style=\"color: #000000;\">P\u00ebrfundimi<\/span><\/strong><br \/>\n<span style=\"color: #000000;\">Produktet finale t\u00eb Divizionit t\u00eb Fasadave.<\/span><\/p>\n<p><strong><span style=\"color: #000000;\">Informacion mbi Sigurin\u00eb<\/span><\/strong><br \/>\n<span style=\"color: #000000;\">Produkti \u00ebsht\u00eb pa metale t\u00eb r\u00ebnda si plumbi ose kromi. Nuk p\u00ebrmban tret\u00ebs toksik\u00eb, aromatik\u00eb ose kloride. Nuk ka rrezik t\u00eb polimerizimit t\u00eb rreziksh\u00ebm. Produkti konsiderohet t\u00eb jet\u00eb nj\u00eb substanc\u00eb jo e rrezikshme n\u00ebse p\u00ebrdoret n\u00eb m\u00ebnyr\u00ebn e duhur teknikisht. K\u00ebshillohen masa normale paraprake p\u00ebr trajtimin e bojrave me baz\u00eb uji. Nuk k\u00ebrkohen rregullime t\u00eb vecanta p\u00ebr ruajtjen , l\u00ebvizjen dhe transportin e produktit; kontenier\u00ebt, mbetjet, materiali i derdhur eventual duhet t\u00eb pastrohen duke pvrdorur material inert absorbues si r\u00ebr\u00eb, dhe m\u00eb pas t\u00eb hidhen n\u00eb p\u00ebrputhje me rregulloret rajonale dhe komb\u00ebtare n\u00eb fuqi n\u00eb at\u00eb koh\u00eb.<\/span><\/p>\n<p>[\/vc_column_text][\/vc_column][\/vc_row]<\/p>\n<\/div>","protected":false},"excerpt":{"rendered":"<p>[vc_row css=&#8221;.vc_custom_1683099634441{padding-bottom: 30px !important;}&#8221;][vc_column width=&#8221;2\/3&#8243;][vc_custom_heading text=&#8221;NEOKRYLL&#8221; font_container=&#8221;tag:h2|font_size:50|text_align:left&#8221; use_theme_fonts=&#8221;yes&#8221; link=&#8221;|title:AQUAMAT%20-%20SUPERELASTIC||&#8221;][\/vc_column][\/vc_row][vc_row][vc_column width=&#8221;1\/2&#8243;][vc_single_image image=&#8221;6680&#8243; img_size=&#8221;full&#8221;][\/vc_column][vc_column width=&#8221;1\/2&#8243;][vc_column_text]Fiksues ngjit\u00ebs akrilik universal p\u00ebr p\u00ebrdorim t\u00eb jasht\u00ebm, me rendiment t\u00eb shk\u00eblqyesh\u00ebm dhe ngjitje t\u00eb lart\u00eb. P\u00ebrforcon\u00a0 sip\u00ebrfaqet q\u00eb i n\u00ebnshtrohen shum\u00ebsimit dhe sip\u00ebrfaqet e reja t\u00eb murit. Cil\u00ebsit\u00eb Teknike NEOKRYLL \u00ebsht\u00eb nj\u00eb fiksues transparent, akrilik p\u00ebr pjes\u00ebn e jashtme. Formula e tij&hellip;<\/p>\n","protected":false},"author":2,"featured_media":0,"parent":0,"menu_order":0,"comment_status":"closed","ping_status":"closed","template":"","meta":{"footnotes":""},"class_list":["post-11595","page","type-page","status-publish","hentry","description-off"],"_links":{"self":[{"href":"https:\/\/aedcolor.com\/index.php\/wp-json\/wp\/v2\/pages\/11595","targetHints":{"allow":["GET"]}}],"collection":[{"href":"https:\/\/aedcolor.com\/index.php\/wp-json\/wp\/v2\/pages"}],"about":[{"href":"https:\/\/aedcolor.com\/index.php\/wp-json\/wp\/v2\/types\/page"}],"author":[{"embeddable":true,"href":"https:\/\/aedcolor.com\/index.php\/wp-json\/wp\/v2\/users\/2"}],"replies":[{"embeddable":true,"href":"https:\/\/aedcolor.com\/index.php\/wp-json\/wp\/v2\/comments?post=11595"}],"version-history":[{"count":1,"href":"https:\/\/aedcolor.com\/index.php\/wp-json\/wp\/v2\/pages\/11595\/revisions"}],"predecessor-version":[{"id":11597,"href":"https:\/\/aedcolor.com\/index.php\/wp-json\/wp\/v2\/pages\/11595\/revisions\/11597"}],"wp:attachment":[{"href":"https:\/\/aedcolor.com\/index.php\/wp-json\/wp\/v2\/media?parent=11595"}],"curies":[{"name":"wp","href":"https:\/\/api.w.org\/{rel}","templated":true}]}}