{"id":11598,"date":"2024-05-27T09:02:27","date_gmt":"2024-05-27T09:02:27","guid":{"rendered":"https:\/\/aedcolor.com\/?page_id=11598"},"modified":"2024-05-27T09:31:57","modified_gmt":"2024-05-27T09:31:57","slug":"decorsil-primer","status":"publish","type":"page","link":"https:\/\/aedcolor.com\/index.php\/decorsil-primer\/","title":{"rendered":"DECORSIL PRIMER"},"content":{"rendered":"<div class=\"wpb-content-wrapper\"><p>[vc_row css=&#8221;.vc_custom_1683099634441{padding-bottom: 30px !important;}&#8221;][vc_column width=&#8221;2\/3&#8243;][vc_custom_heading text=&#8221;DECORSIL PRIMER<br \/>\n&#8221; font_container=&#8221;tag:h2|font_size:50|text_align:left&#8221; use_theme_fonts=&#8221;yes&#8221; link=&#8221;|title:AQUAMAT%20-%20SUPERELASTIC||&#8221;][\/vc_column][\/vc_row][vc_row][vc_column width=&#8221;1\/2&#8243;][vc_single_image image=&#8221;6682&#8243; img_size=&#8221;full&#8221;][\/vc_column][vc_column width=&#8221;1\/2&#8243;][vc_column_text]<strong><span style=\"color: #000000;\">Primeri kund\u00ebr krip\u00ebs, i formuluar me rr\u00ebshira silikonike, ka nj\u00eb shkall\u00eb t\u00eb lart\u00eb dep\u00ebrtimi dhe lejon kondesim t\u00eb shk\u00eblqyer t\u00eb murit, parandalon dhe bllokon formimin e krip\u00ebrave q\u00eb rrjedhin nga rritja e lag\u00ebshtis\u00eb.<\/span><\/strong><\/p>\n<p><strong><span style=\"color: #000000;\">Cil\u00ebsit\u00eb Teknike<\/span><\/strong><br \/>\n<span style=\"color: #000000;\">DECORSIL PRIMER nga OIKOS \u00ebsht\u00eb nj\u00eb astar special p\u00ebr bllokimin e krip\u00ebs, i prodhuar me rr\u00ebshir\u00eb siloksanike. \u00cbsht\u00eb shum\u00eb i p\u00ebrhapur, forcon murin dhe bllokon krip\u00ebn q\u00eb rrjedh nga lag\u00ebshtia e brendshme. P\u00ebrdorimi i tij \u00ebsht\u00eb thelb\u00ebsor n\u00eb ciklet e aplikimit duke p\u00ebrdorur veshje shum\u00eb t\u00eb p\u00ebrshkueshme nga avulli, siloxanike n\u00eb sip\u00ebrfaqet e mureve dhe vecan\u00ebrisht n\u00eb suva me difuzion t\u00eb lart\u00eb. Produkti ka nj\u00eb nivel t\u00eb ul\u00ebt er\u00eb, nuk \u00ebsht\u00eb i ndezsh\u00ebm dhe \u00ebsht\u00eb miq\u00ebsor si p\u00ebr njer\u00ebzit ashtu edhe p\u00ebr mjedisin.<\/span><\/p>\n<p><strong><span style=\"color: #000000;\">P\u00ebrdorimi Ideal<\/span><\/strong><br \/>\n<span style=\"color: #000000;\">Muret e brendshme dhe t\u00eb jashtme t\u00eb nd\u00ebrtesave prestigjioze, t\u00eb rekomanduara p\u00ebr suva me difuzion t\u00eb lart\u00eb dhe dehumidifikues.<\/span><\/p>\n<p><strong><span style=\"color: #000000;\">P\u00ebrgatitja e Sip\u00ebrfaqes<\/span><\/strong><br \/>\n<span style=\"color: #000000;\">Sip\u00ebrfaqet duhet t\u00eb jen\u00eb plot\u00ebsisht t\u00eb thata dhe t\u00eb pjekura, suvaja e re duhet t\u00eb thahet t\u00eb pakt\u00ebn 30 dit\u00eb p\u00ebr t\u00eb lejuar karbonizimin e plot\u00eb t\u00eb sip\u00ebrfaqes. pastroni sip\u00ebrfaqet q\u00eb do t\u00eb dekorohen dhe hiqni materialet e lirshme ose t\u00eb l\u00ebmuara. n\u00eb rast t\u00eb suvave t\u00eb reja, sigurohuni q\u00eb n\u00ebnshtresa t\u00eb jet\u00eb plot\u00ebsisht e that\u00eb. n\u00eb rast t\u00eb punimeve restauruese, korrigjoni infiltrimin ose rrjedhjet e ujit.<\/span><\/p>\n<p><strong><span style=\"color: #000000;\">M\u00ebnyra e Aplikimit<\/span><\/strong><br \/>\n<span style=\"color: #000000;\">L\u00ebreni murin t\u00eb thahet p\u00ebrpara se t\u00eb vazhdoni t\u00eb aplikoni DECORSIL PRIMER nga OIKOS, gati p\u00ebr p\u00ebrdorim, me furc\u00eb ose rul. P\u00ebrs\u00ebriteni prodecur\u00ebn n\u00eb rast t\u00eb pranis\u00eb s\u00eb fort\u00eb t\u00eb krip\u00ebrave. L\u00ebreni 12 or\u00eb t\u00ebthahet p\u00ebrpara se t\u00eb lyeni me materiale dekorative.<\/span><\/p>\n<p><strong><span style=\"color: #000000;\">Informacion mbi sigurin\u00eb<\/span><\/strong><br \/>\n<span style=\"color: #000000;\">Produkti \u00ebsht\u00eb pa metale t\u00eb r\u00ebnda si plumbi ose krom. Nuk p\u00ebrmban tret\u00ebs toksik\u00eb, aromatik\u00eb ose kloride. Nuk ka asnj\u00eb rrezik t\u00eb polimerizimit t\u00eb rreziksh\u00ebm. Produkti konsiderohet t\u00eb jet\u00eb nj\u00eb substanc\u00eb jo e rrezikshme n\u00ebse p\u00ebrdoret n\u00eb m\u00ebnyr\u00ebn e duhur teknikisht. k\u00ebshillohen masa normale paraprake p\u00ebr trajtimin e bojrave me baz\u00eb uji. Nuk k\u00ebrkohen rregullime t\u00eb vecanta p\u00ebr ruajtjen, l\u00ebvizjen dhe transportin e produktit; kontenier\u00ebt, mbetjet, materiali i derdhur eventual duhet t\u00eb pastrohen duke p\u00ebrdorur material inert absorbues si r\u00ebr\u00eb, dhe etj. dhe m\u00eb pas t\u00eb hidhen n\u00eb p\u00ebrputhje me rregulloret rajonale dhe komb\u00ebtare n\u00eb fuqi n\u00eb at\u00eb koh\u00eb.\u00a0<\/span><\/p>\n<p><strong><span style=\"color: #000000;\">Specifikimet<\/span><\/strong><br \/>\n<span style=\"color: #000000;\">Pastroni sip\u00ebrfaqet q\u00eb do t\u00eb dekorohen dhe hiqni materialet e lirshme ose t\u00eb l\u00ebmuara. N\u00eb rast t\u00eb suvave t\u00eb reja, sigurohuni q\u00eb n\u00ebnshtresa t\u00eb jet\u00eb t\u00ebr\u00ebsisht e that\u00eb dhe e pjekur. N\u00eb rast t\u00eb punimeve restauruese, riparimi i infiltrimeve ose rrejdhjeve t\u00eb ujit. L\u00ebreni murin t\u00eb thahet, m\u00eb pas aplikoni nj\u00eb primer t\u00eb vecant\u00eb p\u00ebr bllokimin e krip\u00ebs si p.sh. DECORSIL PRIMER nga OIKOS. P\u00ebrs\u00ebriteni aplikimin n\u00eb rast t\u00eb pranis\u00eb s\u00eb lart\u00eb t\u00eb krip\u00ebs.<\/span>[\/vc_column_text][\/vc_column][\/vc_row]<\/p>\n<\/div>","protected":false},"excerpt":{"rendered":"<p>[vc_row css=&#8221;.vc_custom_1683099634441{padding-bottom: 30px !important;}&#8221;][vc_column width=&#8221;2\/3&#8243;][vc_custom_heading text=&#8221;DECORSIL PRIMER &#8221; font_container=&#8221;tag:h2|font_size:50|text_align:left&#8221; use_theme_fonts=&#8221;yes&#8221; link=&#8221;|title:AQUAMAT%20-%20SUPERELASTIC||&#8221;][\/vc_column][\/vc_row][vc_row][vc_column width=&#8221;1\/2&#8243;][vc_single_image image=&#8221;6682&#8243; img_size=&#8221;full&#8221;][\/vc_column][vc_column width=&#8221;1\/2&#8243;][vc_column_text]Primeri kund\u00ebr krip\u00ebs, i formuluar me rr\u00ebshira silikonike, ka nj\u00eb shkall\u00eb t\u00eb lart\u00eb dep\u00ebrtimi dhe lejon kondesim t\u00eb shk\u00eblqyer t\u00eb murit, parandalon dhe bllokon formimin e krip\u00ebrave q\u00eb rrjedhin nga rritja e lag\u00ebshtis\u00eb. Cil\u00ebsit\u00eb Teknike DECORSIL PRIMER nga OIKOS \u00ebsht\u00eb nj\u00eb&hellip;<\/p>\n","protected":false},"author":2,"featured_media":0,"parent":0,"menu_order":0,"comment_status":"closed","ping_status":"closed","template":"","meta":{"footnotes":""},"class_list":["post-11598","page","type-page","status-publish","hentry","description-off"],"_links":{"self":[{"href":"https:\/\/aedcolor.com\/index.php\/wp-json\/wp\/v2\/pages\/11598","targetHints":{"allow":["GET"]}}],"collection":[{"href":"https:\/\/aedcolor.com\/index.php\/wp-json\/wp\/v2\/pages"}],"about":[{"href":"https:\/\/aedcolor.com\/index.php\/wp-json\/wp\/v2\/types\/page"}],"author":[{"embeddable":true,"href":"https:\/\/aedcolor.com\/index.php\/wp-json\/wp\/v2\/users\/2"}],"replies":[{"embeddable":true,"href":"https:\/\/aedcolor.com\/index.php\/wp-json\/wp\/v2\/comments?post=11598"}],"version-history":[{"count":1,"href":"https:\/\/aedcolor.com\/index.php\/wp-json\/wp\/v2\/pages\/11598\/revisions"}],"predecessor-version":[{"id":11600,"href":"https:\/\/aedcolor.com\/index.php\/wp-json\/wp\/v2\/pages\/11598\/revisions\/11600"}],"wp:attachment":[{"href":"https:\/\/aedcolor.com\/index.php\/wp-json\/wp\/v2\/media?parent=11598"}],"curies":[{"name":"wp","href":"https:\/\/api.w.org\/{rel}","templated":true}]}}