{"id":11703,"date":"2024-06-03T11:33:54","date_gmt":"2024-06-03T11:33:54","guid":{"rendered":"https:\/\/aedcolor.com\/?page_id=11703"},"modified":"2024-06-03T11:46:12","modified_gmt":"2024-06-03T11:46:12","slug":"ultra-1000","status":"publish","type":"page","link":"https:\/\/aedcolor.com\/index.php\/ultra-1000\/","title":{"rendered":"ULTRA 1000"},"content":{"rendered":"<div class=\"wpb-content-wrapper\"><p>[vc_row css=&#8221;.vc_custom_1683099634441{padding-bottom: 30px !important;}&#8221;][vc_column width=&#8221;2\/3&#8243;][vc_custom_heading text=&#8221;ULTRA 1000<\/p>\n<p>&#8221; font_container=&#8221;tag:h2|font_size:50|text_align:left&#8221; use_theme_fonts=&#8221;yes&#8221; link=&#8221;|title:AQUAMAT%20-%20SUPERELASTIC||&#8221;][\/vc_column][\/vc_row][vc_row][vc_column width=&#8221;1\/2&#8243;][vc_single_image image=&#8221;11701&#8243; img_size=&#8221;full&#8221;][\/vc_column][vc_column width=&#8221;1\/2&#8243;][vc_row_inner][vc_column_inner width=&#8221;1\/2&#8243;]<div class=\"standard-arrow bullet-top\"><ul>\n<li>\n<div class=\"col-12 col-xs-6 col-sm-12 col-md-6 d-flex pb-2 pb-md-3 \"><span style=\"color: #000000;\"><span style=\"color: #000000;\">Ngjitje dhe elasticitet i lart\u00eb;<\/span><\/span><\/div>\n<\/li>\n<li><span style=\"color: #000000;\">\u00cbsht\u00eb rezistente ndaj pisll\u00ebkut dhe njollave dhe n\u00ebse ndotet, mund t\u00eb pastrohet me leck\u00eb t\u00eb lagur;<\/span><\/li>\n<li><span style=\"color: #000000;\">Faktor elasticiteti 40%;<\/span><\/li>\n<li><span style=\"color: #000000;\">Pas tharjes, materiali b\u00ebhet nj\u00ebsi e p\u00ebrputhshme;<\/span><\/li>\n<li><span style=\"color: #000000;\">Mund t\u00eb lyhet;<\/span><\/li>\n<\/ul>\n<\/div>[\/vc_column_inner][vc_column_inner width=&#8221;1\/2&#8243;]<div class=\"standard-arrow bullet-top\"><ul>\n<li><span style=\"color: #000000;\"><span style=\"color: #000000;\">Nuk p\u00ebrmban vaj dhe nuk ndikon n\u00eb sip\u00ebrfaqen e mbushur;<\/span><\/span><\/li>\n<li><span style=\"color: #000000;\">Stabilitet i lart\u00eb ndaj rrezeve UV<\/span><\/li>\n<li><span style=\"color: #000000;\">Rezistent ndaj ujit, er\u00ebs dhe lag\u00ebshtis\u00eb n\u00eb shirat dhe dritaret e aluminit, drurit dhe PVC.<\/span><\/li>\n<\/ul>\n<\/div>[\/vc_column_inner][\/vc_row_inner][\/vc_column][\/vc_row]<\/p>\n<\/div>","protected":false},"excerpt":{"rendered":"<p>[vc_row css=&#8221;.vc_custom_1683099634441{padding-bottom: 30px !important;}&#8221;][vc_column width=&#8221;2\/3&#8243;][vc_custom_heading text=&#8221;ULTRA 1000 &#8221; font_container=&#8221;tag:h2|font_size:50|text_align:left&#8221; use_theme_fonts=&#8221;yes&#8221; link=&#8221;|title:AQUAMAT%20-%20SUPERELASTIC||&#8221;][\/vc_column][\/vc_row][vc_row][vc_column width=&#8221;1\/2&#8243;][vc_single_image image=&#8221;11701&#8243; img_size=&#8221;full&#8221;][\/vc_column][vc_column width=&#8221;1\/2&#8243;][vc_row_inner][vc_column_inner width=&#8221;1\/2&#8243;][\/vc_column_inner][vc_column_inner width=&#8221;1\/2&#8243;][\/vc_column_inner][\/vc_row_inner][\/vc_column][\/vc_row]<\/p>\n","protected":false},"author":2,"featured_media":0,"parent":0,"menu_order":0,"comment_status":"closed","ping_status":"closed","template":"","meta":{"footnotes":""},"class_list":["post-11703","page","type-page","status-publish","hentry","description-off"],"_links":{"self":[{"href":"https:\/\/aedcolor.com\/index.php\/wp-json\/wp\/v2\/pages\/11703","targetHints":{"allow":["GET"]}}],"collection":[{"href":"https:\/\/aedcolor.com\/index.php\/wp-json\/wp\/v2\/pages"}],"about":[{"href":"https:\/\/aedcolor.com\/index.php\/wp-json\/wp\/v2\/types\/page"}],"author":[{"embeddable":true,"href":"https:\/\/aedcolor.com\/index.php\/wp-json\/wp\/v2\/users\/2"}],"replies":[{"embeddable":true,"href":"https:\/\/aedcolor.com\/index.php\/wp-json\/wp\/v2\/comments?post=11703"}],"version-history":[{"count":1,"href":"https:\/\/aedcolor.com\/index.php\/wp-json\/wp\/v2\/pages\/11703\/revisions"}],"predecessor-version":[{"id":11705,"href":"https:\/\/aedcolor.com\/index.php\/wp-json\/wp\/v2\/pages\/11703\/revisions\/11705"}],"wp:attachment":[{"href":"https:\/\/aedcolor.com\/index.php\/wp-json\/wp\/v2\/media?parent=11703"}],"curies":[{"name":"wp","href":"https:\/\/api.w.org\/{rel}","templated":true}]}}