{"id":1548,"date":"2023-05-03T13:30:43","date_gmt":"2023-05-03T13:30:43","guid":{"rendered":"https:\/\/aedcolor.com\/?page_id=1548"},"modified":"2023-09-16T06:55:33","modified_gmt":"2023-09-16T06:55:33","slug":"isoflex","status":"publish","type":"page","link":"https:\/\/aedcolor.com\/index.php\/isoflex\/","title":{"rendered":"ISOFLEX"},"content":{"rendered":"<div class=\"wpb-content-wrapper\"><p>[vc_row css=&#8221;.vc_custom_1683099634441{padding-bottom: 30px !important;}&#8221;][vc_column width=&#8221;2\/3&#8243;][vc_custom_heading text=&#8221;ISOFLEX&#8221; font_container=&#8221;tag:h2|font_size:50|text_align:left&#8221; use_theme_fonts=&#8221;yes&#8221; link=&#8221;|title:AQUAMAT%20-%20SUPERELASTIC||&#8221;][\/vc_column][vc_column width=&#8221;1\/3&#8243;][\/vc_column][\/vc_row][vc_row][vc_column width=&#8221;1\/2&#8243;][vc_single_image image=&#8221;1654&#8243; img_size=&#8221;full&#8221;][\/vc_column][vc_column width=&#8221;1\/2&#8243;][vc_column_text]<span style=\"color: #000000;\"><strong>ISOFLEX \u00ebsht\u00eb nj\u00eb membran\u00eb e l\u00ebngshme hidroizoluese, elastomerike me baz\u00eb uji.<\/strong> Ka ngjitje t\u00eb shk\u00eblqyer me n\u00ebnshtresa t\u00eb ndryshme, si betoni, druri, metali dhe cdo lloj membrane hidroizoluese dhe mund t\u00eb p\u00ebrdoret edhe n\u00eb n\u00ebnshtresa t\u00eb parregullta. Pas mpiksjes, krijon nj\u00eb membran\u00eb t\u00eb nj\u00ebtrajtshme elastike hidroizoluese dhe t\u00eb p\u00ebrshkueshme nga avujt, pa tegela apo fuga, duke ofruar:<\/span><\/p>\n<ul>\n<li><span style=\"color: #000000;\">Elasticitet t\u00eb lart\u00eb<\/span><\/li>\n<li><span style=\"color: #000000;\">Rezistenc\u00eb dhe q\u00ebndrueshm\u00ebri t\u00eb lart\u00eb ndaj kushteve t\u00eb motit<\/span><\/li>\n<li><span style=\"color: #000000;\">Bardh\u00ebsi e lart\u00eb dhe reflektim diellor<\/span><\/li>\n<li><span style=\"color: #000000;\">P\u00ebrmir\u00ebsimi i efikasitetit energjetik t\u00eb nd\u00ebrtesave duke ulur temperatur\u00ebn e catis\u00eb<\/span><\/li>\n<li><span style=\"color: #000000;\">Mund\u00ebsi p\u00ebrdorimi edhe n\u00eb n\u00ebnshtresa t\u00eb paniveluara<\/span><\/li>\n<\/ul>\n<p><span style=\"color: #000000;\">ISOFLEX \u00ebsht\u00eb ideal p\u00ebr hidroizolimin e soletave, cative t\u00eb harkuara etj. P\u00ebrb\u00ebn nj\u00eb zgjidhje t\u00eb thjesht\u00eb dhe t\u00eb sigurt p\u00ebr hidroizolimin e pjes\u00ebve t\u00eb cative, p.sh. k\u00ebndet, buz\u00ebt dhe fugat midis materialeve t\u00eb ndryshme t\u00eb af\u00ebrta, si dhe fuga plasaritjeve t\u00eb izoluara. P\u00ebr m\u00eb tep\u00ebr, mund t\u00eb p\u00ebrdoret edhe si boj\u00eb freskuese p\u00ebr soleta, p\u00ebr shkak t\u00eb pasqyrimit t\u00eb lart\u00eb t\u00eb rrezeve t\u00eb diellit.<\/span><\/p>\n<p><strong><span style=\"color: #000000;\">N\u00ebnshtresa<\/span><\/strong><\/p>\n<p><span style=\"color: #000000;\">Sip\u00ebrfaqja duhet t\u00eb jet\u00eb e that\u00eb, e past\u00ebr, pa graso, grimca t\u00eb lira, pa pluhur etj. Cdo zgav\u00ebr ekzistuese n\u00eb beton duhet t\u00eb riparohet paraprakisht. Pas k\u00ebsaj vijon lyerja me astar, duke p\u00ebrdorur astarin ISO-PRIMER me nj\u00eb konsum rreth 200 g\/m2.<\/span>[\/vc_column_text][vc_row_inner][vc_column_inner width=&#8221;1\/2&#8243;]<div class=\"standard-arrow bullet-top\"><ul>\n<li><span style=\"color: #000000;\">ISOFLEX ofrohet n\u00eb kova metalike 1kg, 5kg, 13kg dhe 25kg.<\/span><\/li>\n<\/ul>\n<\/div>[\/vc_column_inner][vc_column_inner width=&#8221;1\/2&#8243;]<div class=\"standard-arrow bullet-top\"><ul>\n<li><span style=\"color: #000000;\">Afati i ruajtjes p\u00ebr p\u00ebrdorim, n\u00eb kova t\u00eb izoluara dhe n\u00eb ambiente pa ngrica, \u00ebsht\u00eb minimumi 24 muaj.<\/span><\/li>\n<\/ul>\n<\/div>[\/vc_column_inner][\/vc_row_inner][vc_row_inner css=&#8221;.vc_custom_1683100048912{padding-top: 20px !important;}&#8221;][vc_column_inner width=&#8221;1\/2&#8243;]<div class=\"aio-icon-component    style_1\"><div id=\"Info-box-wrap-4829\" class=\"aio-icon-box default-icon\" style=\"\"  ><div class=\"aio-icon-default\"><div class=\"ult-just-icon-wrapper  \"><div class=\"align-icon\" style=\"text-align:center;\">\n<div class=\"aio-icon-img \" style=\"font-size:65px;display:inline-block;\" >\n\t<img decoding=\"async\" class=\"img-icon\" alt=\"null\" src=\"https:\/\/aedcolor.com\/wp-content\/uploads\/2023\/05\/image-2.png\"\/>\n<\/div><\/div><\/div><\/div><div class=\"aio-icon-header\" ><h3 class=\"aio-icon-title ult-responsive\"  data-ultimate-target='#Info-box-wrap-4829 .aio-icon-title'  data-responsive-json-new='{\"font-size\":\"\",\"line-height\":\"\"}'  style=\"\">Sip\u00ebrfaqe: Betoni, dru, metal<\/h3><\/div> <!-- header --><\/div> <!-- aio-icon-box --><\/div> <!-- aio-icon-component -->[\/vc_column_inner][vc_column_inner width=&#8221;1\/2&#8243;]<div class=\"aio-icon-component    style_1\"><div id=\"Info-box-wrap-4829\" class=\"aio-icon-box default-icon\" style=\"\"  ><div class=\"aio-icon-default\"><div class=\"ult-just-icon-wrapper  \"><div class=\"align-icon\" style=\"text-align:center;\">\n<div class=\"aio-icon-img \" style=\"font-size:65px;display:inline-block;\" >\n\t<img decoding=\"async\" class=\"img-icon\" alt=\"null\" src=\"https:\/\/aedcolor.com\/wp-content\/uploads\/2023\/05\/image-1.png\"\/>\n<\/div><\/div><\/div><\/div><div class=\"aio-icon-header\" ><h3 class=\"aio-icon-title ult-responsive\"  data-ultimate-target='#Info-box-wrap-4829 .aio-icon-title'  data-responsive-json-new='{\"font-size\":\"\",\"line-height\":\"\"}'  style=\"\">Aplikimi: Me fur\u00e7\u00eb, rul<\/h3><\/div> <!-- header --><\/div> <!-- aio-icon-box --><\/div> <!-- aio-icon-component -->[\/vc_column_inner][\/vc_row_inner][\/vc_column][\/vc_row]<\/p>\n<\/div>","protected":false},"excerpt":{"rendered":"<p>[vc_row css=&#8221;.vc_custom_1683099634441{padding-bottom: 30px !important;}&#8221;][vc_column width=&#8221;2\/3&#8243;][vc_custom_heading text=&#8221;ISOFLEX&#8221; font_container=&#8221;tag:h2|font_size:50|text_align:left&#8221; use_theme_fonts=&#8221;yes&#8221; link=&#8221;|title:AQUAMAT%20-%20SUPERELASTIC||&#8221;][\/vc_column][vc_column width=&#8221;1\/3&#8243;][\/vc_column][\/vc_row][vc_row][vc_column width=&#8221;1\/2&#8243;][vc_single_image image=&#8221;1654&#8243; img_size=&#8221;full&#8221;][\/vc_column][vc_column width=&#8221;1\/2&#8243;][vc_column_text]ISOFLEX \u00ebsht\u00eb nj\u00eb membran\u00eb e l\u00ebngshme hidroizoluese, elastomerike me baz\u00eb uji. Ka ngjitje t\u00eb shk\u00eblqyer me n\u00ebnshtresa t\u00eb ndryshme, si betoni, druri, metali dhe cdo lloj membrane hidroizoluese dhe mund t\u00eb p\u00ebrdoret edhe n\u00eb n\u00ebnshtresa t\u00eb parregullta. Pas mpiksjes, krijon nj\u00eb membran\u00eb&hellip;<\/p>\n","protected":false},"author":2,"featured_media":0,"parent":0,"menu_order":0,"comment_status":"closed","ping_status":"closed","template":"","meta":{"footnotes":""},"class_list":["post-1548","page","type-page","status-publish","hentry","description-off"],"_links":{"self":[{"href":"https:\/\/aedcolor.com\/index.php\/wp-json\/wp\/v2\/pages\/1548","targetHints":{"allow":["GET"]}}],"collection":[{"href":"https:\/\/aedcolor.com\/index.php\/wp-json\/wp\/v2\/pages"}],"about":[{"href":"https:\/\/aedcolor.com\/index.php\/wp-json\/wp\/v2\/types\/page"}],"author":[{"embeddable":true,"href":"https:\/\/aedcolor.com\/index.php\/wp-json\/wp\/v2\/users\/2"}],"replies":[{"embeddable":true,"href":"https:\/\/aedcolor.com\/index.php\/wp-json\/wp\/v2\/comments?post=1548"}],"version-history":[{"count":8,"href":"https:\/\/aedcolor.com\/index.php\/wp-json\/wp\/v2\/pages\/1548\/revisions"}],"predecessor-version":[{"id":9095,"href":"https:\/\/aedcolor.com\/index.php\/wp-json\/wp\/v2\/pages\/1548\/revisions\/9095"}],"wp:attachment":[{"href":"https:\/\/aedcolor.com\/index.php\/wp-json\/wp\/v2\/media?parent=1548"}],"curies":[{"name":"wp","href":"https:\/\/api.w.org\/{rel}","templated":true}]}}