{"id":1830,"date":"2023-05-06T08:46:13","date_gmt":"2023-05-06T08:46:13","guid":{"rendered":"https:\/\/aedcolor.com\/?page_id=1830"},"modified":"2023-09-23T07:07:56","modified_gmt":"2023-09-23T07:07:56","slug":"montage-w","status":"publish","type":"page","link":"https:\/\/aedcolor.com\/index.php\/montage-w\/","title":{"rendered":"MONTAGE-W"},"content":{"rendered":"<div class=\"wpb-content-wrapper\"><p>[vc_row css=&#8221;.vc_custom_1683099634441{padding-bottom: 30px !important;}&#8221;][vc_column width=&#8221;2\/3&#8243;][vc_custom_heading text=&#8221;MONTAGE-W&#8221; font_container=&#8221;tag:h2|font_size:50|text_align:left&#8221; use_theme_fonts=&#8221;yes&#8221; link=&#8221;|title:AQUAMAT%20-%20SUPERELASTIC||&#8221;][\/vc_column][vc_column width=&#8221;1\/3&#8243;][\/vc_column][\/vc_row][vc_row][vc_column width=&#8221;1\/2&#8243;][vc_single_image image=&#8221;1831&#8243; img_size=&#8221;full&#8221;][\/vc_column][vc_column width=&#8221;1\/2&#8243;][vc_column_text]<span style=\"color: #000000;\"><strong>Ngjit\u00ebs i cil\u00ebsis\u00eb s\u00eb lart\u00eb pa tret\u00ebs me baz\u00eb emulsioni akrilik<\/strong>. P\u00ebrdoret p\u00ebr ngjitje t\u00eb shpejta dhe t\u00eb fuqishme n\u00eb cdo lloj sip\u00ebrfaqeje poroze si druri, betoni, muret, pllakat e gipsit etj. Nuk ka nevoj\u00eb p\u00ebr trepan, vida ose gozhda. MONTAGE-W p\u00ebrshtatet p\u00ebr ngjitje direkte t\u00eb pllakave termoizoluese prej polistirieni, pllaka p\u00ebr izolimin nga zhurma, korniza druri, d\u00ebrrasa hekurosjeje, panele, dysheme druri, dyer, pllaka, korniza dekoruese, gur\u00eb natyral, priza muri etj., n\u00eb sip\u00ebrfaqe poroze.<\/span><\/p>\n<p><strong><span style=\"color: #000000;\">N\u00ebnshtresa<\/span><\/strong><br \/>\n<span style=\"color: #000000;\">N\u00ebnshtresa duhet t\u00eb jen\u00eb t\u00eb thata dhe pa pluhur, yndyr\u00eb, etj.<\/span><\/p>\n<p><strong><span style=\"color: #000000;\">Aplikimi<\/span><\/strong><br \/>\n<span style=\"color: #000000;\">MONTAGE-W \u00ebsht\u00eb gati p\u00ebr p\u00ebrdorim. Fisheku futet n\u00eb pistoleta t\u00eb vecanta p\u00ebr k\u00ebt\u00eb pun\u00eb dhe maja prihet me k\u00ebnd. Pastaj aplikohet n\u00eb nj\u00eb sip\u00ebrfaqe n\u00eb pika me distanc\u00eb 20 cm midis tyre ose shiritave. Dy sip\u00ebrfaqet vihen n\u00eb kontakt me nj\u00ebra tjetr\u00ebn p\u00ebr njomje t\u00eb mir\u00eb, mb\u00ebshtetjet hiqen dhe pritet p\u00ebr 5 minuta para se t\u00eb rivendoset montimi duke u presuar me forc\u00eb ose duke p\u00ebrdorur cekicin prej llastiku. Materialet e r\u00ebnda me pesh\u00eb mbi 8 kg\/m2 duhet t\u00eb mb\u00ebshteten p\u00ebr t\u00eb pakt\u00ebn 15 or\u00eb. P\u00ebr n\u00ebnshtresa mjaft thith\u00ebse (p.sh gips) rekomandohet t\u00eb hollohet ngjit\u00ebsi me uj\u00eb dhe t\u00eb p\u00ebrdoret nj\u00eb furc\u00eb p\u00ebr ta shtruar n\u00eb sip\u00ebrfaqen q\u00eb do t\u00eb ngjitet. Pastaj p\u00ebrs\u00ebritet i nj\u00ebjti proces sic u p\u00ebrmend m\u00eb sip\u00ebr.<\/span>[\/vc_column_text][vc_row_inner][vc_column_inner width=&#8221;1\/2&#8243;]<div class=\"standard-arrow bullet-top\"><ul>\n<li><span style=\"color: #000000;\">Materialet t\u00eb cilat jan\u00eb ngjitur me MONTAGE-W mund t\u00eb mbajn\u00eb pesh\u00eb pas 48 or\u00ebsh.<\/span><\/li>\n<\/ul>\n<\/div>[\/vc_column_inner][vc_column_inner width=&#8221;1\/2&#8243;]<div class=\"standard-arrow bullet-top\"><ul>\n<li><span style=\"color: #000000;\">N\u00eb raste p\u00ebrdorimi t\u00eb ngjit\u00ebsit n\u00eb sip\u00ebrfaqe jo thith\u00ebse, sip\u00ebrfaqja e materialit q\u00eb do t\u00eb ngjitet duhet t\u00eb jet\u00eb thith\u00ebse.<\/span><\/li>\n<\/ul>\n<\/div>[\/vc_column_inner][\/vc_row_inner][vc_row_inner css=&#8221;.vc_custom_1683100048912{padding-top: 20px !important;}&#8221;][vc_column_inner width=&#8221;1\/2&#8243;]<div class=\"aio-icon-component    style_1\"><div id=\"Info-box-wrap-5534\" class=\"aio-icon-box default-icon\" style=\"\"  ><div class=\"aio-icon-default\"><div class=\"ult-just-icon-wrapper  \"><div class=\"align-icon\" style=\"text-align:center;\">\n<div class=\"aio-icon-img \" style=\"font-size:65px;display:inline-block;\" >\n\t<img decoding=\"async\" class=\"img-icon\" alt=\"null\" src=\"https:\/\/aedcolor.com\/wp-content\/uploads\/2023\/05\/image-2.png\"\/>\n<\/div><\/div><\/div><\/div><div class=\"aio-icon-header\" ><h3 class=\"aio-icon-title ult-responsive\"  data-ultimate-target='#Info-box-wrap-5534 .aio-icon-title'  data-responsive-json-new='{\"font-size\":\"\",\"line-height\":\"\"}'  style=\"\">Sip\u00ebrfaqe: Druri, betoni, pllaka gipsi<\/h3><\/div> <!-- header --><\/div> <!-- aio-icon-box --><\/div> <!-- aio-icon-component -->[\/vc_column_inner][vc_column_inner width=&#8221;1\/2&#8243;]<div class=\"aio-icon-component    style_1\"><div id=\"Info-box-wrap-2870\" class=\"aio-icon-box default-icon\" style=\"\"  ><div class=\"aio-icon-default\"><div class=\"ult-just-icon-wrapper  \"><div class=\"align-icon\" style=\"text-align:center;\">\n<div class=\"aio-icon-img \" style=\"font-size:65px;display:inline-block;\" >\n\t<img decoding=\"async\" class=\"img-icon\" alt=\"null\" src=\"https:\/\/aedcolor.com\/wp-content\/uploads\/2023\/05\/image-1.png\"\/>\n<\/div><\/div><\/div><\/div><div class=\"aio-icon-header\" ><h3 class=\"aio-icon-title ult-responsive\"  data-ultimate-target='#Info-box-wrap-2870 .aio-icon-title'  data-responsive-json-new='{\"font-size\":\"\",\"line-height\":\"\"}'  style=\"\">Aplikimi: Me pistolet\u00eb p\u00ebr ngjitje<\/h3><\/div> <!-- header --><\/div> <!-- aio-icon-box --><\/div> <!-- aio-icon-component -->[\/vc_column_inner][\/vc_row_inner][\/vc_column][\/vc_row]<\/p>\n<\/div>","protected":false},"excerpt":{"rendered":"<p>[vc_row css=&#8221;.vc_custom_1683099634441{padding-bottom: 30px !important;}&#8221;][vc_column width=&#8221;2\/3&#8243;][vc_custom_heading text=&#8221;MONTAGE-W&#8221; font_container=&#8221;tag:h2|font_size:50|text_align:left&#8221; use_theme_fonts=&#8221;yes&#8221; link=&#8221;|title:AQUAMAT%20-%20SUPERELASTIC||&#8221;][\/vc_column][vc_column width=&#8221;1\/3&#8243;][\/vc_column][\/vc_row][vc_row][vc_column width=&#8221;1\/2&#8243;][vc_single_image image=&#8221;1831&#8243; img_size=&#8221;full&#8221;][\/vc_column][vc_column width=&#8221;1\/2&#8243;][vc_column_text]Ngjit\u00ebs i cil\u00ebsis\u00eb s\u00eb lart\u00eb pa tret\u00ebs me baz\u00eb emulsioni akrilik. P\u00ebrdoret p\u00ebr ngjitje t\u00eb shpejta dhe t\u00eb fuqishme n\u00eb cdo lloj sip\u00ebrfaqeje poroze si druri, betoni, muret, pllakat e gipsit etj. Nuk ka nevoj\u00eb p\u00ebr trepan, vida ose gozhda. MONTAGE-W p\u00ebrshtatet&hellip;<\/p>\n","protected":false},"author":2,"featured_media":0,"parent":0,"menu_order":0,"comment_status":"closed","ping_status":"closed","template":"","meta":{"footnotes":""},"class_list":["post-1830","page","type-page","status-publish","hentry","description-off"],"_links":{"self":[{"href":"https:\/\/aedcolor.com\/index.php\/wp-json\/wp\/v2\/pages\/1830","targetHints":{"allow":["GET"]}}],"collection":[{"href":"https:\/\/aedcolor.com\/index.php\/wp-json\/wp\/v2\/pages"}],"about":[{"href":"https:\/\/aedcolor.com\/index.php\/wp-json\/wp\/v2\/types\/page"}],"author":[{"embeddable":true,"href":"https:\/\/aedcolor.com\/index.php\/wp-json\/wp\/v2\/users\/2"}],"replies":[{"embeddable":true,"href":"https:\/\/aedcolor.com\/index.php\/wp-json\/wp\/v2\/comments?post=1830"}],"version-history":[{"count":3,"href":"https:\/\/aedcolor.com\/index.php\/wp-json\/wp\/v2\/pages\/1830\/revisions"}],"predecessor-version":[{"id":9196,"href":"https:\/\/aedcolor.com\/index.php\/wp-json\/wp\/v2\/pages\/1830\/revisions\/9196"}],"wp:attachment":[{"href":"https:\/\/aedcolor.com\/index.php\/wp-json\/wp\/v2\/media?parent=1830"}],"curies":[{"name":"wp","href":"https:\/\/api.w.org\/{rel}","templated":true}]}}