{"id":1905,"date":"2023-05-06T11:57:59","date_gmt":"2023-05-06T11:57:59","guid":{"rendered":"https:\/\/aedcolor.com\/?page_id=1905"},"modified":"2023-09-26T13:18:13","modified_gmt":"2023-09-26T13:18:13","slug":"epomax-ek","status":"publish","type":"page","link":"https:\/\/aedcolor.com\/index.php\/epomax-ek\/","title":{"rendered":"EPOMAX-EK"},"content":{"rendered":"<div class=\"wpb-content-wrapper\"><p>[vc_row css=&#8221;.vc_custom_1683099634441{padding-bottom: 30px !important;}&#8221;][vc_column width=&#8221;2\/3&#8243;][vc_custom_heading text=&#8221;EPOMAX-EK<br \/>\n&#8221; font_container=&#8221;tag:h2|font_size:50|text_align:left&#8221; use_theme_fonts=&#8221;yes&#8221; link=&#8221;|title:AQUAMAT%20-%20SUPERELASTIC||&#8221;][\/vc_column][\/vc_row][vc_row][vc_column width=&#8221;1\/2&#8243;][vc_single_image image=&#8221;1906&#8243; img_size=&#8221;full&#8221;][\/vc_column][vc_column width=&#8221;1\/2&#8243;][vc_column_text]<span style=\"color: #000000;\"><strong>EPOMAX-EK \u00ebsht\u00eb nj\u00eb sistem epoksid me 2 p\u00ebrb\u00ebr\u00ebs dhe pa tret\u00ebs, i cili ofron ngjitje shum\u00eb t\u00eb fort\u00eb me n\u00ebnshtres\u00ebn, fort\u00ebsi t\u00eb lart\u00eb dhe rezistenc\u00eb t\u00eb lart\u00eb mekanike.<\/strong> \u00cbsht\u00eb jasht\u00ebzakonisht rezistent ndaj substancave acide, alkaline, ndaj detergjenteve, ujit t\u00eb detit dhe ndaj luhatjeve t\u00eb temperaturave. I certifikuar n\u00eb p\u00ebrputhje me EN 1504-4 dhe i klasifikuar si nj\u00eb agjent lidh\u00ebs strukturor p\u00ebr llac ose beton. Certifikata Nr. 2032-CPR-10.11.\u00a0 EPOMAX-EK p\u00ebrdoret p\u00ebr t\u00eb meremetuar d\u00ebmtimet n\u00eb beton dhe n\u00eb llacin e cimentos, p\u00ebr ankorime p\u00ebrforcuese, si dhe p\u00ebr izolimin e plasaritjeve q\u00eb do t\u00eb riparohen me an\u00eb t\u00eb rr\u00ebshirave epokside t\u00eb injektueshme EPOMAX-L10, EPOMAX-L20 ose DUREBOND. Ajo ngjit betonin, hekurin, gurin, drurin etj.<\/span><\/p>\n<p><strong><span style=\"color: #000000;\">N\u00ebnshtresa<\/span><\/strong><br \/>\n<em><span style=\"color: #000000;\">Sip\u00ebrfaqja e aplikimit duhet t\u00eb jet\u00eb:<\/span><\/em><\/p>\n<ul>\n<li><span style=\"color: #000000;\">E that\u00eb dhe e q\u00ebndrueshme<\/span><\/li>\n<li><span style=\"color: #000000;\">Pa materiale q\u00eb pengojn\u00eb ngjitjen, si p.sh. pluhuri, grasoja, grimcat e lira etj.<\/span><\/li>\n<\/ul>\n<p><strong><span style=\"color: #000000;\">P\u00ebrzierja e p\u00ebrb\u00ebr\u00ebsve<\/span><\/strong><\/p>\n<p><span style=\"color: #000000;\">P\u00ebrb\u00ebr\u00ebsit A (rr\u00ebshira) dhe B (forcuesi) jan\u00eb t\u00eb paketuar n\u00eb dy en\u00eb t\u00eb ndara, t\u00eb cilat kan\u00eb raportin e paracaktuar t\u00eb p\u00ebrzierjes sipas pesh\u00ebs. P\u00ebrzieni plot\u00ebsisht t\u00eb gjith\u00eb sasin\u00eb e p\u00ebrb\u00ebr\u00ebsit A me t\u00eb gjith\u00eb t\u00eb B, derisa t\u00eb p\u00ebrftohet nj\u00eb ngjyr\u00eb gri uniforme. P\u00ebrzierja duhet t\u00eb b\u00ebhet p\u00ebr rreth 5 minuta, duke p\u00ebrdorur nj\u00eb veg\u00ebl dore t\u00eb p\u00ebrshtatshme. \u00cbsht\u00eb e r\u00ebnd\u00ebsishme q\u00eb p\u00ebrzierja t\u00eb trazohet plot\u00ebsisht pran\u00eb an\u00ebve dhe fundit t\u00eb en\u00ebs n\u00eb m\u00ebnyr\u00eb q\u00eb t\u00eb arrihet p\u00ebrhapja uniforme e forcuesit.\u00a0<\/span><\/p>\n<p><strong><span style=\"color: #000000;\">P\u00ebrdorimi-Konsumi<\/span><\/strong><\/p>\n<p><span style=\"color: #000000;\">EPOMAX-EK aplikohet me mistri mbi sip\u00ebrfaqen e past\u00ebr dhe t\u00eb that\u00eb.<\/span>[\/vc_column_text][vc_row_inner][vc_column_inner width=&#8221;1\/2&#8243;]<div class=\"standard-arrow bullet-top\"><ul>\n<li><span style=\"color: #000000;\">24 or\u00eb pasi plasaritjet jan\u00eb izoluar me EPOMAX-EK, mund t\u00eb b\u00ebhen injektimet e rr\u00ebshirave t\u00eb injektueshme EPOMAX-L 10, EPOMAX-L20 ose DUREBOND.<\/span><\/li>\n<li><span style=\"color: #000000;\">Punueshm\u00ebria e materialeve epokside ndikohet nga temperatura e tyre. Temperatura ideale e p\u00ebrdorimit \u00ebsht\u00eb midis +15 oC dhe +25 oC n\u00eb m\u00ebnyr\u00eb q\u00eb produkti t\u00eb jet\u00eb i leht\u00eb p\u00ebr tu p\u00ebrdorur dhe p\u00ebr tu thar\u00eb, ashtu sic shpjegohet m\u00eb lart\u00eb. Temperatura e ambientit n\u00ebn + 15 oC do t\u00eb rris\u00eb koh\u00ebn e tharjes dhe temperatura\u00a0 mbi +30 oC do t\u00eb p\u00ebrshpejtoj\u00eb kohen e tharjes.\u00a0<\/span><\/li>\n<\/ul>\n<\/div>[\/vc_column_inner][vc_column_inner width=&#8221;1\/2&#8243;]<div class=\"standard-arrow bullet-top\"><ul>\n<li><span style=\"color: #000000;\">Gjat\u00eb dimrit rekomandohet ngrohje paraprake e produktit, kurse n\u00eb ver\u00eb rekomandohet ruajtja e materialit n\u00eb nj\u00eb vend t\u00eb fresk\u00ebt p\u00ebrpara p\u00ebrdorimit.\u00a0<\/span><\/li>\n<li><span style=\"color: #000000;\">Pas ngurt\u00ebsimit, EPOMAX-EK \u00ebsht\u00eb totalisht e sigurt p\u00ebr sh\u00ebndetin.<\/span><\/li>\n<\/ul>\n<\/div>[\/vc_column_inner][\/vc_row_inner][vc_row_inner css=&#8221;.vc_custom_1683100048912{padding-top: 20px !important;}&#8221;][vc_column_inner width=&#8221;1\/2&#8243;]<div class=\"aio-icon-component    style_1\"><div id=\"Info-box-wrap-8965\" class=\"aio-icon-box default-icon\" style=\"\"  ><div class=\"aio-icon-default\"><div class=\"ult-just-icon-wrapper  \"><div class=\"align-icon\" style=\"text-align:center;\">\n<div class=\"aio-icon-img \" style=\"font-size:65px;display:inline-block;\" >\n\t<img decoding=\"async\" class=\"img-icon\" alt=\"null\" src=\"https:\/\/aedcolor.com\/wp-content\/uploads\/2023\/05\/image-2.png\"\/>\n<\/div><\/div><\/div><\/div><div class=\"aio-icon-header\" ><h3 class=\"aio-icon-title ult-responsive\"  data-ultimate-target='#Info-box-wrap-8965 .aio-icon-title'  data-responsive-json-new='{\"font-size\":\"\",\"line-height\":\"\"}'  style=\"\">Sip\u00ebrfaqe: Betoni, hekuri<\/h3><\/div> <!-- header --><\/div> <!-- aio-icon-box --><\/div> <!-- aio-icon-component -->[\/vc_column_inner][vc_column_inner width=&#8221;1\/2&#8243;]<div class=\"aio-icon-component    style_1\"><div id=\"Info-box-wrap-9292\" class=\"aio-icon-box default-icon\" style=\"\"  ><div class=\"aio-icon-default\"><div class=\"ult-just-icon-wrapper  \"><div class=\"align-icon\" style=\"text-align:center;\">\n<div class=\"aio-icon-img \" style=\"font-size:65px;display:inline-block;\" >\n\t<img decoding=\"async\" class=\"img-icon\" alt=\"null\" src=\"https:\/\/aedcolor.com\/wp-content\/uploads\/2023\/05\/image-1.png\"\/>\n<\/div><\/div><\/div><\/div><div class=\"aio-icon-header\" ><h3 class=\"aio-icon-title ult-responsive\"  data-ultimate-target='#Info-box-wrap-9292 .aio-icon-title'  data-responsive-json-new='{\"font-size\":\"\",\"line-height\":\"\"}'  style=\"\">Aplikimi: Me mistri<\/h3><\/div> <!-- header --><\/div> <!-- aio-icon-box --><\/div> <!-- aio-icon-component -->[\/vc_column_inner][\/vc_row_inner][\/vc_column][\/vc_row]<\/p>\n<\/div>","protected":false},"excerpt":{"rendered":"<p>[vc_row css=&#8221;.vc_custom_1683099634441{padding-bottom: 30px !important;}&#8221;][vc_column width=&#8221;2\/3&#8243;][vc_custom_heading text=&#8221;EPOMAX-EK &#8221; font_container=&#8221;tag:h2|font_size:50|text_align:left&#8221; use_theme_fonts=&#8221;yes&#8221; link=&#8221;|title:AQUAMAT%20-%20SUPERELASTIC||&#8221;][\/vc_column][\/vc_row][vc_row][vc_column width=&#8221;1\/2&#8243;][vc_single_image image=&#8221;1906&#8243; img_size=&#8221;full&#8221;][\/vc_column][vc_column width=&#8221;1\/2&#8243;][vc_column_text]EPOMAX-EK \u00ebsht\u00eb nj\u00eb sistem epoksid me 2 p\u00ebrb\u00ebr\u00ebs dhe pa tret\u00ebs, i cili ofron ngjitje shum\u00eb t\u00eb fort\u00eb me n\u00ebnshtres\u00ebn, fort\u00ebsi t\u00eb lart\u00eb dhe rezistenc\u00eb t\u00eb lart\u00eb mekanike. \u00cbsht\u00eb jasht\u00ebzakonisht rezistent ndaj substancave acide, alkaline, ndaj detergjenteve, ujit t\u00eb detit dhe ndaj&hellip;<\/p>\n","protected":false},"author":2,"featured_media":0,"parent":0,"menu_order":0,"comment_status":"closed","ping_status":"closed","template":"","meta":{"footnotes":""},"class_list":["post-1905","page","type-page","status-publish","hentry","description-off"],"_links":{"self":[{"href":"https:\/\/aedcolor.com\/index.php\/wp-json\/wp\/v2\/pages\/1905","targetHints":{"allow":["GET"]}}],"collection":[{"href":"https:\/\/aedcolor.com\/index.php\/wp-json\/wp\/v2\/pages"}],"about":[{"href":"https:\/\/aedcolor.com\/index.php\/wp-json\/wp\/v2\/types\/page"}],"author":[{"embeddable":true,"href":"https:\/\/aedcolor.com\/index.php\/wp-json\/wp\/v2\/users\/2"}],"replies":[{"embeddable":true,"href":"https:\/\/aedcolor.com\/index.php\/wp-json\/wp\/v2\/comments?post=1905"}],"version-history":[{"count":4,"href":"https:\/\/aedcolor.com\/index.php\/wp-json\/wp\/v2\/pages\/1905\/revisions"}],"predecessor-version":[{"id":9223,"href":"https:\/\/aedcolor.com\/index.php\/wp-json\/wp\/v2\/pages\/1905\/revisions\/9223"}],"wp:attachment":[{"href":"https:\/\/aedcolor.com\/index.php\/wp-json\/wp\/v2\/media?parent=1905"}],"curies":[{"name":"wp","href":"https:\/\/api.w.org\/{rel}","templated":true}]}}