{"id":2913,"date":"2023-05-18T06:53:51","date_gmt":"2023-05-18T06:53:51","guid":{"rendered":"https:\/\/aedcolor.com\/?page_id=2913"},"modified":"2023-10-04T07:58:59","modified_gmt":"2023-10-04T07:58:59","slug":"plastiproof","status":"publish","type":"page","link":"https:\/\/aedcolor.com\/index.php\/plastiproof\/","title":{"rendered":"PLASTIPROOF"},"content":{"rendered":"<div class=\"wpb-content-wrapper\"><p>[vc_row css=&#8221;.vc_custom_1683099634441{padding-bottom: 30px !important;}&#8221;][vc_column width=&#8221;2\/3&#8243;][vc_custom_heading text=&#8221;PLASTIPROOF<\/p>\n<p>&#8221; font_container=&#8221;tag:h2|font_size:50|text_align:left&#8221; use_theme_fonts=&#8221;yes&#8221; link=&#8221;|title:AQUAMAT%20-%20SUPERELASTIC||&#8221;][\/vc_column][\/vc_row][vc_row][vc_column width=&#8221;1\/2&#8243;][vc_single_image image=&#8221;2909&#8243; img_size=&#8221;full&#8221;][\/vc_column][vc_column width=&#8221;1\/2&#8243;][vc_column_text]<strong><span style=\"color: #000000;\">Aditiv i l\u00ebng\u00ebt i cili vepron si l\u00ebng\u00ebzues (SK-308, ASTM C-494: t\u00eb tipit A) dhe si hidroizolues mase. Ofron avantazhet e m\u00ebposhtme:<\/span><\/strong><\/p>\n<ul>\n<li><span style=\"color: #000000;\">Rrit n\u00eb m\u00ebnyr\u00eb t\u00eb r\u00ebnd\u00ebsishme pap\u00ebrshkueshm\u00ebrin\u00eb nga uji, si p\u00ebr ujin me presion hidrostatik edhe p\u00ebr uj\u00ebthithjen kapilare.<\/span><\/li>\n<li><span style=\"color: #000000;\">Rrit punueshm\u00ebrin\u00eb pa shtres\u00eb uji.<\/span><\/li>\n<li><span style=\"color: #000000;\">Nuk vepron si gazformues.<\/span><\/li>\n<li><span style=\"color: #000000;\">Nuk p\u00ebrmban klorure ose komponente t\u00eb tjera g\u00ebrryese (korrozive).<\/span><\/li>\n<li><span style=\"color: #000000;\">\u00cbsht\u00eb i pajtuesh\u00ebm (p\u00ebrputhet) me t\u00eb gjitha cimentot e tipit Portland.<\/span><\/li>\n<\/ul>\n<p><span style=\"color: #000000;\">PLASTIPROOF \u00ebsht\u00eb mjet i nevojsh\u00ebm p\u00ebr t\u00eb prodhuar beton me veti mekanike t\u00eb larta, betoni q\u00eb nuk suvatohet (p\u00ebr q\u00ebllime dekorative), beton t\u00eb p\u00ebrshtatsh\u00ebm p\u00ebr t&#8217;u hedhur me pomp\u00eb etj. Gjithashtu p\u00ebrdoret p\u00ebr nd\u00ebrtimin e elementeve prej betoni q\u00eb kan\u00eb prezenc\u00eb uji t\u00eb vazhdueshme ose t\u00eb p\u00ebrkohshme si themelet, bodrumet, rezervuar\u00ebt, kanalet, tunelet, impiantet p\u00ebr pastrimin e uj\u00ebrave t\u00eb zeza, pishinat etj.<\/span><\/p>\n<p><strong><span style=\"color: #000000;\">PLASTIPROOF mund t\u00eb shtrohet:<\/span><\/strong><\/p>\n<ul>\n<li><span style=\"color: #000000;\">N\u00eb ujin e p\u00ebrzierjes gjat\u00eb prodhimit t\u00eb betonit.<\/span><\/li>\n<li><span style=\"color: #000000;\">N\u00eb betonin e gatsh\u00ebm pak koh\u00eb para p\u00ebrdorimit t\u00eb tij. N\u00eb k\u00ebt\u00eb rast duhet q\u00eb betoniera t\u00eb rrotullohet p\u00ebr 4-5 minuta q\u00eb t\u00eb kemi shp\u00ebrndarje uniforme t\u00eb PLASTIPROOF n\u00eb mas\u00ebn e betonit.<\/span><\/li>\n<\/ul>\n<p>[\/vc_column_text][vc_row_inner][vc_column_inner width=&#8221;1\/2&#8243;]<div class=\"standard-arrow bullet-top\"><ul>\n<li>\n<div class=\"col-12 col-xs-6 col-sm-12 col-md-6 d-flex pb-2 pb-md-3 \"><span style=\"color: #000000;\">Dozatura e lart\u00eb mund t\u00eb ngadal\u00ebsoj\u00eb koh\u00ebn e ngurt\u00ebsimit (t\u00eb betonit), pa influencuar negativisht vetit\u00eb mekanike p\u00ebrfundimtare.<\/span><\/div>\n<\/li>\n<\/ul>\n<\/div>[\/vc_column_inner][vc_column_inner width=&#8221;1\/2&#8243;]<div class=\"standard-arrow bullet-top\"><ul>\n<li><span style=\"color: #000000;\">T\u00eb pakt\u00ebn 18 muaj nga data e prodhimit t\u00eb mbahet n\u00eb vendet\u00eb mbrojtura nga ngrica.<\/span><\/li>\n<\/ul>\n<\/div>[\/vc_column_inner][\/vc_row_inner][vc_row_inner css=&#8221;.vc_custom_1683100048912{padding-top: 20px !important;}&#8221;][vc_column_inner width=&#8221;1\/2&#8243;]<div class=\"aio-icon-component    style_1\"><div id=\"Info-box-wrap-7766\" class=\"aio-icon-box default-icon\" style=\"\"  ><div class=\"aio-icon-default\"><div class=\"ult-just-icon-wrapper  \"><div class=\"align-icon\" style=\"text-align:center;\">\n<div class=\"aio-icon-img \" style=\"font-size:65px;display:inline-block;\" >\n\t<img decoding=\"async\" class=\"img-icon\" alt=\"null\" src=\"https:\/\/aedcolor.com\/wp-content\/uploads\/2023\/05\/image-2.png\"\/>\n<\/div><\/div><\/div><\/div><div class=\"aio-icon-header\" ><h3 class=\"aio-icon-title ult-responsive\"  data-ultimate-target='#Info-box-wrap-7766 .aio-icon-title'  data-responsive-json-new='{\"font-size\":\"\",\"line-height\":\"\"}'  style=\"\">Sip\u00ebrfaqe: Betoni<\/h3><\/div> <!-- header --><\/div> <!-- aio-icon-box --><\/div> <!-- aio-icon-component -->[\/vc_column_inner][vc_column_inner width=&#8221;1\/2&#8243;]<div class=\"aio-icon-component    style_1\"><div id=\"Info-box-wrap-2939\" class=\"aio-icon-box default-icon\" style=\"\"  ><div class=\"aio-icon-default\"><div class=\"ult-just-icon-wrapper  \"><div class=\"align-icon\" style=\"text-align:center;\">\n<div class=\"aio-icon-img \" style=\"font-size:65px;display:inline-block;\" >\n\t<img decoding=\"async\" class=\"img-icon\" alt=\"null\" src=\"https:\/\/aedcolor.com\/wp-content\/uploads\/2023\/05\/image-1.png\"\/>\n<\/div><\/div><\/div><\/div><div class=\"aio-icon-header\" ><h3 class=\"aio-icon-title ult-responsive\"  data-ultimate-target='#Info-box-wrap-2939 .aio-icon-title'  data-responsive-json-new='{\"font-size\":\"\",\"line-height\":\"\"}'  style=\"\">Aplikimi: Mistri<\/h3><\/div> <!-- header --><\/div> <!-- aio-icon-box --><\/div> <!-- aio-icon-component -->[\/vc_column_inner][\/vc_row_inner][\/vc_column][\/vc_row]<\/p>\n<\/div>","protected":false},"excerpt":{"rendered":"<p>[vc_row css=&#8221;.vc_custom_1683099634441{padding-bottom: 30px !important;}&#8221;][vc_column width=&#8221;2\/3&#8243;][vc_custom_heading text=&#8221;PLASTIPROOF &#8221; font_container=&#8221;tag:h2|font_size:50|text_align:left&#8221; use_theme_fonts=&#8221;yes&#8221; link=&#8221;|title:AQUAMAT%20-%20SUPERELASTIC||&#8221;][\/vc_column][\/vc_row][vc_row][vc_column width=&#8221;1\/2&#8243;][vc_single_image image=&#8221;2909&#8243; img_size=&#8221;full&#8221;][\/vc_column][vc_column width=&#8221;1\/2&#8243;][vc_column_text]Aditiv i l\u00ebng\u00ebt i cili vepron si l\u00ebng\u00ebzues (SK-308, ASTM C-494: t\u00eb tipit A) dhe si hidroizolues mase. Ofron avantazhet e m\u00ebposhtme: Rrit n\u00eb m\u00ebnyr\u00eb t\u00eb r\u00ebnd\u00ebsishme pap\u00ebrshkueshm\u00ebrin\u00eb nga uji, si p\u00ebr ujin me presion hidrostatik edhe p\u00ebr uj\u00ebthithjen kapilare. Rrit punueshm\u00ebrin\u00eb&hellip;<\/p>\n","protected":false},"author":2,"featured_media":0,"parent":0,"menu_order":0,"comment_status":"closed","ping_status":"closed","template":"","meta":{"footnotes":""},"class_list":["post-2913","page","type-page","status-publish","hentry","description-off"],"_links":{"self":[{"href":"https:\/\/aedcolor.com\/index.php\/wp-json\/wp\/v2\/pages\/2913","targetHints":{"allow":["GET"]}}],"collection":[{"href":"https:\/\/aedcolor.com\/index.php\/wp-json\/wp\/v2\/pages"}],"about":[{"href":"https:\/\/aedcolor.com\/index.php\/wp-json\/wp\/v2\/types\/page"}],"author":[{"embeddable":true,"href":"https:\/\/aedcolor.com\/index.php\/wp-json\/wp\/v2\/users\/2"}],"replies":[{"embeddable":true,"href":"https:\/\/aedcolor.com\/index.php\/wp-json\/wp\/v2\/comments?post=2913"}],"version-history":[{"count":3,"href":"https:\/\/aedcolor.com\/index.php\/wp-json\/wp\/v2\/pages\/2913\/revisions"}],"predecessor-version":[{"id":9419,"href":"https:\/\/aedcolor.com\/index.php\/wp-json\/wp\/v2\/pages\/2913\/revisions\/9419"}],"wp:attachment":[{"href":"https:\/\/aedcolor.com\/index.php\/wp-json\/wp\/v2\/media?parent=2913"}],"curies":[{"name":"wp","href":"https:\/\/api.w.org\/{rel}","templated":true}]}}