{"id":2947,"date":"2023-05-18T08:09:39","date_gmt":"2023-05-18T08:09:39","guid":{"rendered":"https:\/\/aedcolor.com\/?page_id=2947"},"modified":"2023-10-04T12:11:29","modified_gmt":"2023-10-04T12:11:29","slug":"retadol","status":"publish","type":"page","link":"https:\/\/aedcolor.com\/index.php\/retadol\/","title":{"rendered":"RETADOL"},"content":{"rendered":"<div class=\"wpb-content-wrapper\"><p>[vc_row css=&#8221;.vc_custom_1683099634441{padding-bottom: 30px !important;}&#8221;][vc_column width=&#8221;2\/3&#8243;][vc_custom_heading text=&#8221;RETADOL<\/p>\n<p>&#8221; font_container=&#8221;tag:h2|font_size:50|text_align:left&#8221; use_theme_fonts=&#8221;yes&#8221; link=&#8221;|title:AQUAMAT%20-%20SUPERELASTIC||&#8221;][\/vc_column][\/vc_row][vc_row][vc_column width=&#8221;1\/2&#8243;][vc_single_image image=&#8221;2948&#8243; img_size=&#8221;full&#8221;][\/vc_column][vc_column width=&#8221;1\/2&#8243;][vc_column_text]<strong><span style=\"color: #000000;\">RETADOL \u00ebsht\u00eb nj\u00eb aaditiv i l\u00ebngsh\u00ebm q\u00eb vonon mpiksjen e betonit dhe q\u00eb ka nj\u00eb veprim reduktues t\u00eb ujit (plastifikim) (ASTM C-494: Tipi D), i cili ofron avantazhet e m\u00ebposhtme:<\/span><\/strong><\/p>\n<ul>\n<li><span style=\"color: #000000;\">Mund\u00ebson d\u00ebrgimin e betonit t\u00eb parap\u00ebrzier n\u00eb distanca t\u00eb larg\u00ebta.<\/span><\/li>\n<li><span style=\"color: #000000;\">Ndihmon n\u00eb evitimin e hap\u00ebsirave gjat\u00eb pun\u00ebs, madje edhe p\u00ebr ndalime t\u00eb gjata midis betonimeve.<\/span><\/li>\n<li><span style=\"color: #000000;\">N\u00eb<strong>\u00a0<\/strong>doz\u00ebn e sakt\u00eb, ai nuk e ngadal\u00ebson zhvillimin e forc\u00ebs lidh\u00ebse fillestare t\u00eb betonit, gj\u00eb e cila do t\u00eb shkaktonte vonesa n\u00eb heqjen e armatur\u00ebs.\u00a0<\/span><\/li>\n<li><span style=\"color: #000000;\">P\u00ebrmes vetive t\u00eb tij plastifikuese, redukton ujin e nevojsh\u00ebm dhe si rrjedhoj\u00eb raportin uj\u00eb\/cimento q\u00eb rezulton nga kjo, si dhe rrit gjithashtu forc\u00ebn lidh\u00ebse fillestare dhe at\u00eb p\u00ebrfundimtare.<\/span><\/li>\n<li><span style=\"color: #000000;\">Rrit aft\u00ebsin\u00eb pompueset\u00eb betonit.<\/span><\/li>\n<li><span style=\"color: #000000;\">Leht\u00ebson ngjeshjen e betonit.<\/span><\/li>\n<li><span style=\"color: #000000;\">Redukton ndarjen n\u00eb shtresa dhe rrjedhjen.<\/span><\/li>\n<li><span style=\"color: #000000;\">kufizon plasaritjen dhe tkurrjen.<\/span><\/li>\n<li><span style=\"color: #000000;\">Nuk p\u00ebrmbanklorure dhe p\u00ebrb\u00ebr\u00ebs t\u00eb tjer\u00eb g\u00ebrryes.<\/span><\/li>\n<li><span style=\"color: #000000;\">Nukka veprim t\u00eb formimit t\u00eb bul\u00ebzave t\u00eb ajrit.<\/span><\/li>\n<li><span style=\"color: #000000;\">Mund t\u00eb p\u00ebrdoret n\u00eb t\u00eb gjitha llojet e cimentos Portland.<\/span><\/li>\n<\/ul>\n<p><span style=\"color: #000000;\">Certifikuar nga ELOT si ngadal\u00ebsues i mpiksjes s\u00eb betonit-plastifikues, sipas ELOT EN 934-2:T10, Certifikata nr. 0906-CPR-02412007\/01.<\/span>[\/vc_column_text][vc_row_inner][vc_column_inner width=&#8221;1\/2&#8243;]<div class=\"standard-arrow bullet-top\"><ul>\n<li>\n<div class=\"col-12 col-xs-6 col-sm-12 col-md-6 d-flex pb-2 pb-md-3 \"><span style=\"color: #000000;\">RETADOL p\u00ebrdoret n\u00eb cdo rast kur nevojitet ngadal\u00ebsimi i mpiksjes s\u00eb betonit, si d\u00ebrgim i betonit t\u00eb parap\u00ebrzier n\u00eb distanca t\u00eb larg\u00ebta, betonimi n\u00eb mot t\u00eb nxeht\u00eb, shmangia e bashkimevet\u00eb punimeve etj., duke ofruar n\u00eb t\u00eb nj\u00ebjt\u00ebn koh\u00eb cil\u00ebsi dhe aft\u00ebsi m\u00eb t\u00eb madhe punimi t\u00eb betonit.<\/span><\/div>\n<\/li>\n<\/ul>\n<\/div>[\/vc_column_inner][vc_column_inner width=&#8221;1\/2&#8243;]<div class=\"standard-arrow bullet-top\"><ul>\n<li><span style=\"color: #000000;\">ADIUM-150 ofrohet n\u00eb bidon plastik 20 kg, n\u00eb fuci 220 kg dhe n\u00eb depozit\u00eb 1000 kg.<\/span><\/li>\n<\/ul>\n<\/div>[\/vc_column_inner][\/vc_row_inner][vc_row_inner css=&#8221;.vc_custom_1683100048912{padding-top: 20px !important;}&#8221;][vc_column_inner width=&#8221;1\/2&#8243;]<div class=\"aio-icon-component    style_1\"><div id=\"Info-box-wrap-4107\" class=\"aio-icon-box default-icon\" style=\"\"  ><div class=\"aio-icon-default\"><div class=\"ult-just-icon-wrapper  \"><div class=\"align-icon\" style=\"text-align:center;\">\n<div class=\"aio-icon-img \" style=\"font-size:65px;display:inline-block;\" >\n\t<img decoding=\"async\" class=\"img-icon\" alt=\"null\" src=\"https:\/\/aedcolor.com\/wp-content\/uploads\/2023\/05\/image-2.png\"\/>\n<\/div><\/div><\/div><\/div><div class=\"aio-icon-header\" ><h3 class=\"aio-icon-title ult-responsive\"  data-ultimate-target='#Info-box-wrap-4107 .aio-icon-title'  data-responsive-json-new='{\"font-size\":\"\",\"line-height\":\"\"}'  style=\"\">Sip\u00ebrfaqe: Betoni<\/h3><\/div> <!-- header --><\/div> <!-- aio-icon-box --><\/div> <!-- aio-icon-component -->[\/vc_column_inner][vc_column_inner width=&#8221;1\/2&#8243;]<div class=\"aio-icon-component    style_1\"><div id=\"Info-box-wrap-2832\" class=\"aio-icon-box default-icon\" style=\"\"  ><div class=\"aio-icon-default\"><div class=\"ult-just-icon-wrapper  \"><div class=\"align-icon\" style=\"text-align:center;\">\n<div class=\"aio-icon-img \" style=\"font-size:65px;display:inline-block;\" >\n\t<img decoding=\"async\" class=\"img-icon\" alt=\"null\" src=\"https:\/\/aedcolor.com\/wp-content\/uploads\/2023\/05\/image-1.png\"\/>\n<\/div><\/div><\/div><\/div><div class=\"aio-icon-header\" ><h3 class=\"aio-icon-title ult-responsive\"  data-ultimate-target='#Info-box-wrap-2832 .aio-icon-title'  data-responsive-json-new='{\"font-size\":\"\",\"line-height\":\"\"}'  style=\"\">Aplikimi: P\u00ebrgatitja<\/h3><\/div> <!-- header --><\/div> <!-- aio-icon-box --><\/div> <!-- aio-icon-component -->[\/vc_column_inner][\/vc_row_inner][\/vc_column][\/vc_row]<\/p>\n<\/div>","protected":false},"excerpt":{"rendered":"<p>[vc_row css=&#8221;.vc_custom_1683099634441{padding-bottom: 30px !important;}&#8221;][vc_column width=&#8221;2\/3&#8243;][vc_custom_heading text=&#8221;RETADOL &#8221; font_container=&#8221;tag:h2|font_size:50|text_align:left&#8221; use_theme_fonts=&#8221;yes&#8221; link=&#8221;|title:AQUAMAT%20-%20SUPERELASTIC||&#8221;][\/vc_column][\/vc_row][vc_row][vc_column width=&#8221;1\/2&#8243;][vc_single_image image=&#8221;2948&#8243; img_size=&#8221;full&#8221;][\/vc_column][vc_column width=&#8221;1\/2&#8243;][vc_column_text]RETADOL \u00ebsht\u00eb nj\u00eb aaditiv i l\u00ebngsh\u00ebm q\u00eb vonon mpiksjen e betonit dhe q\u00eb ka nj\u00eb veprim reduktues t\u00eb ujit (plastifikim) (ASTM C-494: Tipi D), i cili ofron avantazhet e m\u00ebposhtme: Mund\u00ebson d\u00ebrgimin e betonit t\u00eb parap\u00ebrzier n\u00eb distanca t\u00eb larg\u00ebta. Ndihmon n\u00eb&hellip;<\/p>\n","protected":false},"author":2,"featured_media":0,"parent":0,"menu_order":0,"comment_status":"closed","ping_status":"closed","template":"","meta":{"footnotes":""},"class_list":["post-2947","page","type-page","status-publish","hentry","description-off"],"_links":{"self":[{"href":"https:\/\/aedcolor.com\/index.php\/wp-json\/wp\/v2\/pages\/2947","targetHints":{"allow":["GET"]}}],"collection":[{"href":"https:\/\/aedcolor.com\/index.php\/wp-json\/wp\/v2\/pages"}],"about":[{"href":"https:\/\/aedcolor.com\/index.php\/wp-json\/wp\/v2\/types\/page"}],"author":[{"embeddable":true,"href":"https:\/\/aedcolor.com\/index.php\/wp-json\/wp\/v2\/users\/2"}],"replies":[{"embeddable":true,"href":"https:\/\/aedcolor.com\/index.php\/wp-json\/wp\/v2\/comments?post=2947"}],"version-history":[{"count":3,"href":"https:\/\/aedcolor.com\/index.php\/wp-json\/wp\/v2\/pages\/2947\/revisions"}],"predecessor-version":[{"id":9428,"href":"https:\/\/aedcolor.com\/index.php\/wp-json\/wp\/v2\/pages\/2947\/revisions\/9428"}],"wp:attachment":[{"href":"https:\/\/aedcolor.com\/index.php\/wp-json\/wp\/v2\/media?parent=2947"}],"curies":[{"name":"wp","href":"https:\/\/api.w.org\/{rel}","templated":true}]}}