{"id":3513,"date":"2023-05-23T12:31:23","date_gmt":"2023-05-23T12:31:23","guid":{"rendered":"https:\/\/aedcolor.com\/?page_id=3513"},"modified":"2023-05-23T12:31:23","modified_gmt":"2023-05-23T12:31:23","slug":"isomat-premium-acryl","status":"publish","type":"page","link":"https:\/\/aedcolor.com\/index.php\/isomat-premium-acryl\/","title":{"rendered":"ISOMAT PREMIUM ACRYL"},"content":{"rendered":"<div class=\"wpb-content-wrapper\"><p>[vc_row css=&#8221;.vc_custom_1683099634441{padding-bottom: 30px !important;}&#8221;][vc_column width=&#8221;2\/3&#8243;][vc_custom_heading text=&#8221;ISOMAT PREMIUM ACRYL&#8221; font_container=&#8221;tag:h2|font_size:50|text_align:left&#8221; use_theme_fonts=&#8221;yes&#8221; link=&#8221;|title:AQUAMAT%20-%20SUPERELASTIC||&#8221;][\/vc_column][\/vc_row][vc_row][vc_column width=&#8221;1\/2&#8243;][vc_single_image image=&#8221;3514&#8243; img_size=&#8221;full&#8221;][\/vc_column][vc_column width=&#8221;1\/2&#8243;][vc_column_text]<strong>Paraqet rezistenc\u00eb t\u00eb lart\u00eb ndaj ujit, mbulim t\u00eb shk\u00eblqyesh\u00ebm t\u00eb sip\u00ebrfaqes dhe tejdukshm\u00ebri, nd\u00ebrsa ofron rezistenc\u00eb ndaj kushteve t\u00eb motit dhe plakjes.\u00a0<\/strong><\/p>\n<p>Ka ngjitje t\u00eb fort\u00eb n\u00eb \u00e7do lloj n\u00ebnshtrese t\u00eb re apo t\u00eb vjet\u00ebr, si p.sh., beton, dru, etj. Duke qen\u00eb i p\u00ebrshkuesh\u00ebm nga avujt, lejon q\u00eb nd\u00ebrtesa t\u00eb marr\u00eb frym\u00eb.\u00a0Produkti i bardh\u00eb \u00ebsht\u00eb i \u00e7ertifikuar si boj\u00eb e ftoht\u00eb.[\/vc_column_text][vc_row_inner][vc_column_inner width=&#8221;1\/2&#8243;]<div class=\"standard-arrow bullet-top\"><ul>\n<li>\n<div class=\"col-12 col-xs-6 col-sm-12 col-md-6 d-flex pb-2 pb-md-3 \">Rezistenc\u00eb t\u00eb lart\u00eb ndaj ujit<\/div>\n<\/li>\n<li>Rezistenc\u00eb t\u00eb jasht\u00ebzakonshme ndaj kushteve t\u00eb motit<\/li>\n<li>Ofron ngjitje t\u00eb fort\u00eb n\u00eb \u00e7do lloj n\u00ebnshtrese t\u00eb re apo t\u00eb vjet\u00ebr<\/li>\n<\/ul>\n<\/div>[\/vc_column_inner][vc_column_inner width=&#8221;1\/2&#8243;]<div class=\"standard-arrow bullet-top\"><ul>\n<li>Ofron nj\u00eb p\u00ebrfundim mat pa t\u00eb meta<\/li>\n<li>E bardha \u00ebsht\u00eb e \u00e7ertifikuar si boj\u00eb e ftoht\u00eb<\/li>\n<li>E disponueshme n\u00eb nj\u00eb gam\u00eb t\u00eb gjer\u00eb ngjyrash<\/li>\n<\/ul>\n<\/div>[\/vc_column_inner][\/vc_row_inner][vc_row_inner css=&#8221;.vc_custom_1683100048912{padding-top: 20px !important;}&#8221;][vc_column_inner width=&#8221;1\/2&#8243;]<div class=\"aio-icon-component    style_1\"><div id=\"Info-box-wrap-4609\" class=\"aio-icon-box default-icon\" style=\"\"  ><div class=\"aio-icon-default\"><div class=\"ult-just-icon-wrapper  \"><div class=\"align-icon\" style=\"text-align:center;\">\n<div class=\"aio-icon-img \" style=\"font-size:65px;display:inline-block;\" >\n\t<img decoding=\"async\" class=\"img-icon\" alt=\"null\" src=\"https:\/\/aedcolor.com\/wp-content\/uploads\/2023\/05\/image-2.png\"\/>\n<\/div><\/div><\/div><\/div><div class=\"aio-icon-header\" ><h3 class=\"aio-icon-title ult-responsive\"  data-ultimate-target='#Info-box-wrap-4609 .aio-icon-title'  data-responsive-json-new='{\"font-size\":\"\",\"line-height\":\"\"}'  style=\"\">Sip\u00ebrfaqe: Beton, suva, pllaka gipsi<\/h3><\/div> <!-- header --><\/div> <!-- aio-icon-box --><\/div> <!-- aio-icon-component -->[\/vc_column_inner][vc_column_inner width=&#8221;1\/2&#8243;]<div class=\"aio-icon-component    style_1\"><div id=\"Info-box-wrap-5797\" class=\"aio-icon-box default-icon\" style=\"\"  ><div class=\"aio-icon-default\"><div class=\"ult-just-icon-wrapper  \"><div class=\"align-icon\" style=\"text-align:center;\">\n<div class=\"aio-icon-img \" style=\"font-size:65px;display:inline-block;\" >\n\t<img decoding=\"async\" class=\"img-icon\" alt=\"null\" src=\"https:\/\/aedcolor.com\/wp-content\/uploads\/2023\/05\/image-1.png\"\/>\n<\/div><\/div><\/div><\/div><div class=\"aio-icon-header\" ><h3 class=\"aio-icon-title ult-responsive\"  data-ultimate-target='#Info-box-wrap-5797 .aio-icon-title'  data-responsive-json-new='{\"font-size\":\"\",\"line-height\":\"\"}'  style=\"\">Aplikimi: Fur\u00e7\u00eb ose rul<\/h3><\/div> <!-- header --><\/div> <!-- aio-icon-box --><\/div> <!-- aio-icon-component -->[\/vc_column_inner][\/vc_row_inner][\/vc_column][\/vc_row]<\/p>\n<\/div>","protected":false},"excerpt":{"rendered":"<p>[vc_row css=&#8221;.vc_custom_1683099634441{padding-bottom: 30px !important;}&#8221;][vc_column width=&#8221;2\/3&#8243;][vc_custom_heading text=&#8221;ISOMAT PREMIUM ACRYL&#8221; font_container=&#8221;tag:h2|font_size:50|text_align:left&#8221; use_theme_fonts=&#8221;yes&#8221; link=&#8221;|title:AQUAMAT%20-%20SUPERELASTIC||&#8221;][\/vc_column][\/vc_row][vc_row][vc_column width=&#8221;1\/2&#8243;][vc_single_image image=&#8221;3514&#8243; img_size=&#8221;full&#8221;][\/vc_column][vc_column width=&#8221;1\/2&#8243;][vc_column_text]Paraqet rezistenc\u00eb t\u00eb lart\u00eb ndaj ujit, mbulim t\u00eb shk\u00eblqyesh\u00ebm t\u00eb sip\u00ebrfaqes dhe tejdukshm\u00ebri, nd\u00ebrsa ofron rezistenc\u00eb ndaj kushteve t\u00eb motit dhe plakjes.\u00a0 Ka ngjitje t\u00eb fort\u00eb n\u00eb \u00e7do lloj n\u00ebnshtrese t\u00eb re apo t\u00eb vjet\u00ebr, si p.sh., beton, dru, etj. Duke&hellip;<\/p>\n","protected":false},"author":2,"featured_media":0,"parent":0,"menu_order":0,"comment_status":"closed","ping_status":"closed","template":"","meta":{"footnotes":""},"class_list":["post-3513","page","type-page","status-publish","hentry","description-off"],"_links":{"self":[{"href":"https:\/\/aedcolor.com\/index.php\/wp-json\/wp\/v2\/pages\/3513","targetHints":{"allow":["GET"]}}],"collection":[{"href":"https:\/\/aedcolor.com\/index.php\/wp-json\/wp\/v2\/pages"}],"about":[{"href":"https:\/\/aedcolor.com\/index.php\/wp-json\/wp\/v2\/types\/page"}],"author":[{"embeddable":true,"href":"https:\/\/aedcolor.com\/index.php\/wp-json\/wp\/v2\/users\/2"}],"replies":[{"embeddable":true,"href":"https:\/\/aedcolor.com\/index.php\/wp-json\/wp\/v2\/comments?post=3513"}],"version-history":[{"count":1,"href":"https:\/\/aedcolor.com\/index.php\/wp-json\/wp\/v2\/pages\/3513\/revisions"}],"predecessor-version":[{"id":3517,"href":"https:\/\/aedcolor.com\/index.php\/wp-json\/wp\/v2\/pages\/3513\/revisions\/3517"}],"wp:attachment":[{"href":"https:\/\/aedcolor.com\/index.php\/wp-json\/wp\/v2\/media?parent=3513"}],"curies":[{"name":"wp","href":"https:\/\/api.w.org\/{rel}","templated":true}]}}