{"id":3834,"date":"2023-05-31T09:35:43","date_gmt":"2023-05-31T09:35:43","guid":{"rendered":"https:\/\/aedcolor.com\/?page_id=3834"},"modified":"2024-02-28T10:17:21","modified_gmt":"2024-02-28T10:17:21","slug":"eshaperfo","status":"publish","type":"page","link":"https:\/\/aedcolor.com\/index.php\/eshaperfo\/","title":{"rendered":"ESHAPERFO"},"content":{"rendered":"<div class=\"wpb-content-wrapper\"><p>[vc_row css=&#8221;.vc_custom_1683099634441{padding-bottom: 30px !important;}&#8221;][vc_column width=&#8221;2\/3&#8243;][vc_custom_heading text=&#8221;ESHAPERFO<br \/>\n&#8221; font_container=&#8221;tag:h2|font_size:50|text_align:left&#8221; use_theme_fonts=&#8221;yes&#8221; link=&#8221;|title:AQUAMAT%20-%20SUPERELASTIC||&#8221;][\/vc_column][\/vc_row][vc_row][vc_column width=&#8221;1\/2&#8243;][vc_single_image image=&#8221;3797&#8243; img_size=&#8221;medium&#8221; image_hovers=&#8221;false&#8221;][\/vc_column][vc_column width=&#8221;1\/2&#8243;][vc_column_text]<span style=\"color: #000000;\"><b>ESHAPERFO \u00ebsht\u00eb nj\u00eb membran\u00eb bituminoze me vrima, me nj\u00eb pesh\u00eb totale 1.1 kg\/m2, me p\u00ebrforcim t\u00eb xhamit dhe veshje polietileni.\u00a0<\/b>\u00cbsht\u00eb i p\u00ebrshtatsh\u00ebm p\u00ebr sistemet hidroizoluese t\u00eb nj\u00eb ose m\u00eb shum\u00eb shtresave hidroizoluese, ku k\u00ebrkohet krijimi i nj\u00eb shtrese ventilimi.<\/span><\/p>\n<p><span style=\"color: #000000;\">Vrimat n\u00eb mas\u00ebn e tij lejojn\u00eb ngjitjen e kontrolluar pik\u00eb p\u00ebr pik\u00eb t\u00eb membranave hidroizoluese t\u00eb sip\u00ebrme ESHAPERFO me sistemin e hidroizolit.\u00a0<\/span><\/p>\n<p><span style=\"color: #000000;\">Nd\u00ebrtimi i tij i vecant\u00eb lejon qarkullimin e avullit t\u00eb ujit n\u00ebn mas\u00ebn e tij dhe p\u00ebrjashton krijimin e fryrjes n\u00eb hidroizolim.<\/span>[\/vc_column_text][\/vc_column][\/vc_row]<\/p>\n<\/div>","protected":false},"excerpt":{"rendered":"<p>[vc_row css=&#8221;.vc_custom_1683099634441{padding-bottom: 30px !important;}&#8221;][vc_column width=&#8221;2\/3&#8243;][vc_custom_heading text=&#8221;ESHAPERFO &#8221; font_container=&#8221;tag:h2|font_size:50|text_align:left&#8221; use_theme_fonts=&#8221;yes&#8221; link=&#8221;|title:AQUAMAT%20-%20SUPERELASTIC||&#8221;][\/vc_column][\/vc_row][vc_row][vc_column width=&#8221;1\/2&#8243;][vc_single_image image=&#8221;3797&#8243; img_size=&#8221;medium&#8221; image_hovers=&#8221;false&#8221;][\/vc_column][vc_column width=&#8221;1\/2&#8243;][vc_column_text]ESHAPERFO \u00ebsht\u00eb nj\u00eb membran\u00eb bituminoze me vrima, me nj\u00eb pesh\u00eb totale 1.1 kg\/m2, me p\u00ebrforcim t\u00eb xhamit dhe veshje polietileni.\u00a0\u00cbsht\u00eb i p\u00ebrshtatsh\u00ebm p\u00ebr sistemet hidroizoluese t\u00eb nj\u00eb ose m\u00eb shum\u00eb shtresave hidroizoluese, ku k\u00ebrkohet krijimi i nj\u00eb shtrese ventilimi. Vrimat n\u00eb&hellip;<\/p>\n","protected":false},"author":2,"featured_media":0,"parent":0,"menu_order":0,"comment_status":"closed","ping_status":"closed","template":"","meta":{"footnotes":""},"class_list":["post-3834","page","type-page","status-publish","hentry","description-off"],"_links":{"self":[{"href":"https:\/\/aedcolor.com\/index.php\/wp-json\/wp\/v2\/pages\/3834","targetHints":{"allow":["GET"]}}],"collection":[{"href":"https:\/\/aedcolor.com\/index.php\/wp-json\/wp\/v2\/pages"}],"about":[{"href":"https:\/\/aedcolor.com\/index.php\/wp-json\/wp\/v2\/types\/page"}],"author":[{"embeddable":true,"href":"https:\/\/aedcolor.com\/index.php\/wp-json\/wp\/v2\/users\/2"}],"replies":[{"embeddable":true,"href":"https:\/\/aedcolor.com\/index.php\/wp-json\/wp\/v2\/comments?post=3834"}],"version-history":[{"count":4,"href":"https:\/\/aedcolor.com\/index.php\/wp-json\/wp\/v2\/pages\/3834\/revisions"}],"predecessor-version":[{"id":10704,"href":"https:\/\/aedcolor.com\/index.php\/wp-json\/wp\/v2\/pages\/3834\/revisions\/10704"}],"wp:attachment":[{"href":"https:\/\/aedcolor.com\/index.php\/wp-json\/wp\/v2\/media?parent=3834"}],"curies":[{"name":"wp","href":"https:\/\/api.w.org\/{rel}","templated":true}]}}