{"id":3933,"date":"2023-06-01T08:11:55","date_gmt":"2023-06-01T08:11:55","guid":{"rendered":"https:\/\/aedcolor.com\/?page_id=3933"},"modified":"2024-02-22T08:11:04","modified_gmt":"2024-02-22T08:11:04","slug":"danodren-h15-plus","status":"publish","type":"page","link":"https:\/\/aedcolor.com\/index.php\/danodren-h15-plus\/","title":{"rendered":"DANODREN H15 PLUS"},"content":{"rendered":"<div class=\"wpb-content-wrapper\"><p>[vc_row css=&#8221;.vc_custom_1683099634441{padding-bottom: 30px !important;}&#8221;][vc_column width=&#8221;2\/3&#8243;][vc_custom_heading text=&#8221;DANODREN H15 PLUS&#8221; font_container=&#8221;tag:h2|font_size:50|text_align:left&#8221; use_theme_fonts=&#8221;yes&#8221; link=&#8221;|title:AQUAMAT%20-%20SUPERELASTIC||&#8221;][\/vc_column][\/vc_row][vc_row][vc_column width=&#8221;1\/2&#8243;][vc_single_image image=&#8221;3904&#8243; img_size=&#8221;medium&#8221; image_hovers=&#8221;false&#8221;][\/vc_column][vc_column width=&#8221;1\/2&#8243;][vc_column_text]<span style=\"color: #000000;\"><strong>Flet\u00ebt kulluese DANODREN H15 PLUS<\/strong> p\u00ebrb\u00ebhen nga nj\u00eb b\u00ebrtham\u00eb polietileni me densitet t\u00eb lart\u00eb (HDPE) me konfigurime konike 7,5 mm t\u00eb larta dhe nj\u00eb shtres\u00eb gjeotekstili me fib\u00ebr polipropileni t\u00eb ngjitur n\u00eb nj\u00ebr\u00ebn an\u00eb. DANODREN H15 PLUS ka nj\u00eb pesh\u00eb prej 615 gr\/m2 (500 gr HDPE + 115 gr gjeotekstile), shfaq nj\u00eb stres t\u00eb lart\u00eb thyerjeje dhe nj\u00eb rezistenc\u00eb vecan\u00ebrisht t\u00eb shtuar ndaj agjent\u00ebve t\u00eb ndrysh\u00ebm kimik\u00eb. Prodhohen edhe pa gjeotekstile t\u00eb ngjitur n\u00eb pesha t\u00eb ndryshme (ESHADRIN 500 dhe ESHADRAIN 400).<\/span><\/p>\n<p><strong><span style=\"color: #000000;\">APLIKIMI<\/span><\/strong>[\/vc_column_text][vc_row_inner][vc_column_inner width=&#8221;1\/2&#8243;]<div class=\"standard-arrow bullet-top\"><ul>\n<li><span style=\"color: #000000;\">Mbrojtje hidroizoluese &#8211; kullimi n\u00eb sip\u00ebrfaqet vertikale q\u00eb do t\u00eb mbushen.<\/span><\/li>\n<li><span style=\"color: #000000;\">Nd\u00ebrrimi i betonit t\u00eb pastrimit n\u00eb punimet e nd\u00ebrtimit<\/span><\/li>\n<\/ul>\n<\/div>[\/vc_column_inner][vc_column_inner width=&#8221;1\/2&#8243;]<div class=\"standard-arrow bullet-top\"><ul>\n<li><span style=\"color: #000000;\">Mbrojtja e membranave hidroizoluese n\u00eb cati (t\u00eb mbjella ose jo)\/shtresa ndar\u00ebse &#8211; material mb\u00ebshtet\u00ebs i sip\u00ebrfaqes fundore.<\/span><\/li>\n<\/ul>\n<\/div>[\/vc_column_inner][\/vc_row_inner][\/vc_column][\/vc_row]<\/p>\n<\/div>","protected":false},"excerpt":{"rendered":"<p>[vc_row css=&#8221;.vc_custom_1683099634441{padding-bottom: 30px !important;}&#8221;][vc_column width=&#8221;2\/3&#8243;][vc_custom_heading text=&#8221;DANODREN H15 PLUS&#8221; font_container=&#8221;tag:h2|font_size:50|text_align:left&#8221; use_theme_fonts=&#8221;yes&#8221; link=&#8221;|title:AQUAMAT%20-%20SUPERELASTIC||&#8221;][\/vc_column][\/vc_row][vc_row][vc_column width=&#8221;1\/2&#8243;][vc_single_image image=&#8221;3904&#8243; img_size=&#8221;medium&#8221; image_hovers=&#8221;false&#8221;][\/vc_column][vc_column width=&#8221;1\/2&#8243;][vc_column_text]Flet\u00ebt kulluese DANODREN H15 PLUS p\u00ebrb\u00ebhen nga nj\u00eb b\u00ebrtham\u00eb polietileni me densitet t\u00eb lart\u00eb (HDPE) me konfigurime konike 7,5 mm t\u00eb larta dhe nj\u00eb shtres\u00eb gjeotekstili me fib\u00ebr polipropileni t\u00eb ngjitur n\u00eb nj\u00ebr\u00ebn an\u00eb. DANODREN H15 PLUS ka nj\u00eb pesh\u00eb&hellip;<\/p>\n","protected":false},"author":2,"featured_media":0,"parent":0,"menu_order":0,"comment_status":"closed","ping_status":"closed","template":"","meta":{"footnotes":""},"class_list":["post-3933","page","type-page","status-publish","hentry","description-off"],"_links":{"self":[{"href":"https:\/\/aedcolor.com\/index.php\/wp-json\/wp\/v2\/pages\/3933","targetHints":{"allow":["GET"]}}],"collection":[{"href":"https:\/\/aedcolor.com\/index.php\/wp-json\/wp\/v2\/pages"}],"about":[{"href":"https:\/\/aedcolor.com\/index.php\/wp-json\/wp\/v2\/types\/page"}],"author":[{"embeddable":true,"href":"https:\/\/aedcolor.com\/index.php\/wp-json\/wp\/v2\/users\/2"}],"replies":[{"embeddable":true,"href":"https:\/\/aedcolor.com\/index.php\/wp-json\/wp\/v2\/comments?post=3933"}],"version-history":[{"count":3,"href":"https:\/\/aedcolor.com\/index.php\/wp-json\/wp\/v2\/pages\/3933\/revisions"}],"predecessor-version":[{"id":10562,"href":"https:\/\/aedcolor.com\/index.php\/wp-json\/wp\/v2\/pages\/3933\/revisions\/10562"}],"wp:attachment":[{"href":"https:\/\/aedcolor.com\/index.php\/wp-json\/wp\/v2\/media?parent=3933"}],"curies":[{"name":"wp","href":"https:\/\/api.w.org\/{rel}","templated":true}]}}