{"id":3950,"date":"2023-06-01T08:21:19","date_gmt":"2023-06-01T08:21:19","guid":{"rendered":"https:\/\/aedcolor.com\/?page_id=3950"},"modified":"2024-02-22T08:25:28","modified_gmt":"2024-02-22T08:25:28","slug":"nophadrain-600","status":"publish","type":"page","link":"https:\/\/aedcolor.com\/index.php\/nophadrain-600\/","title":{"rendered":"NOPHADRAIN 600"},"content":{"rendered":"<div class=\"wpb-content-wrapper\"><p>[vc_row css=&#8221;.vc_custom_1683099634441{padding-bottom: 30px !important;}&#8221;][vc_column width=&#8221;2\/3&#8243;][vc_custom_heading text=&#8221;NOPHADRAIN 600&#8243; font_container=&#8221;tag:h2|font_size:50|text_align:left&#8221; use_theme_fonts=&#8221;yes&#8221; link=&#8221;|title:AQUAMAT%20-%20SUPERELASTIC||&#8221;][\/vc_column][\/vc_row][vc_row][vc_column width=&#8221;1\/2&#8243;][vc_single_image image=&#8221;3914&#8243; img_size=&#8221;full&#8221; image_hovers=&#8221;false&#8221;][\/vc_column][vc_column width=&#8221;1\/2&#8243;][vc_column_text]<span style=\"color: #000000;\"><strong>Membrana NOPHADRIAN ND 600<\/strong> \u00ebsht\u00eb nj\u00eb membran\u00eb kullimi e p\u00ebrb\u00ebr\u00eb me rezistenc\u00eb t\u00eb lart\u00eb, e p\u00ebrb\u00ebr\u00eb nga nj\u00eb b\u00ebrtham\u00eb polistireni me konfigurime konike me lart\u00ebsi 12,5 mm dhe nj\u00eb gjeotekstile t\u00eb endur t\u00eb ngjitur n\u00eb nj\u00ebr\u00ebn an\u00eb.<\/span><\/p>\n<p><strong><span style=\"color: #000000;\">APLIKIMI<\/span><\/strong>[\/vc_column_text][vc_row_inner][vc_column_inner width=&#8221;1\/2&#8243;]<div class=\"standard-arrow bullet-top\"><ul>\n<li><span style=\"color: #000000;\">NOPHADRAIN ND 600 p\u00ebrdoret n\u00eb peisazhe komplekse dhe \u00ebsht\u00eb i vecant\u00eb p\u00ebr trafikun dhe parkingjet.<\/span><\/li>\n<\/ul>\n<\/div>[\/vc_column_inner][vc_column_inner width=&#8221;1\/2&#8243;]<div class=\"standard-arrow bullet-top\"><ul>\n<li><span style=\"color: #000000;\">Kombinohet me membranat kulluese NOPHADRAIN ND 4+1 (tipi intensiv) dhe NOPHADRAIN ND 5+1 (tipi ekstensive) p\u00ebr t\u00eb krijuar nj\u00eb peisazh kompleks ESHAOXYGEN (peizazh i fort\u00eb dhe nd\u00ebrtime mbjell\u00ebse).<\/span><\/li>\n<\/ul>\n<\/div>[\/vc_column_inner][\/vc_row_inner][\/vc_column][\/vc_row]<\/p>\n<\/div>","protected":false},"excerpt":{"rendered":"<p>[vc_row css=&#8221;.vc_custom_1683099634441{padding-bottom: 30px !important;}&#8221;][vc_column width=&#8221;2\/3&#8243;][vc_custom_heading text=&#8221;NOPHADRAIN 600&#8243; font_container=&#8221;tag:h2|font_size:50|text_align:left&#8221; use_theme_fonts=&#8221;yes&#8221; link=&#8221;|title:AQUAMAT%20-%20SUPERELASTIC||&#8221;][\/vc_column][\/vc_row][vc_row][vc_column width=&#8221;1\/2&#8243;][vc_single_image image=&#8221;3914&#8243; img_size=&#8221;full&#8221; image_hovers=&#8221;false&#8221;][\/vc_column][vc_column width=&#8221;1\/2&#8243;][vc_column_text]Membrana NOPHADRIAN ND 600 \u00ebsht\u00eb nj\u00eb membran\u00eb kullimi e p\u00ebrb\u00ebr\u00eb me rezistenc\u00eb t\u00eb lart\u00eb, e p\u00ebrb\u00ebr\u00eb nga nj\u00eb b\u00ebrtham\u00eb polistireni me konfigurime konike me lart\u00ebsi 12,5 mm dhe nj\u00eb gjeotekstile t\u00eb endur t\u00eb ngjitur n\u00eb nj\u00ebr\u00ebn an\u00eb. APLIKIMI[\/vc_column_text][vc_row_inner][vc_column_inner width=&#8221;1\/2&#8243;][\/vc_column_inner][vc_column_inner width=&#8221;1\/2&#8243;][\/vc_column_inner][\/vc_row_inner][\/vc_column][\/vc_row]<\/p>\n","protected":false},"author":2,"featured_media":0,"parent":0,"menu_order":0,"comment_status":"closed","ping_status":"closed","template":"","meta":{"footnotes":""},"class_list":["post-3950","page","type-page","status-publish","hentry","description-off"],"_links":{"self":[{"href":"https:\/\/aedcolor.com\/index.php\/wp-json\/wp\/v2\/pages\/3950","targetHints":{"allow":["GET"]}}],"collection":[{"href":"https:\/\/aedcolor.com\/index.php\/wp-json\/wp\/v2\/pages"}],"about":[{"href":"https:\/\/aedcolor.com\/index.php\/wp-json\/wp\/v2\/types\/page"}],"author":[{"embeddable":true,"href":"https:\/\/aedcolor.com\/index.php\/wp-json\/wp\/v2\/users\/2"}],"replies":[{"embeddable":true,"href":"https:\/\/aedcolor.com\/index.php\/wp-json\/wp\/v2\/comments?post=3950"}],"version-history":[{"count":4,"href":"https:\/\/aedcolor.com\/index.php\/wp-json\/wp\/v2\/pages\/3950\/revisions"}],"predecessor-version":[{"id":10568,"href":"https:\/\/aedcolor.com\/index.php\/wp-json\/wp\/v2\/pages\/3950\/revisions\/10568"}],"wp:attachment":[{"href":"https:\/\/aedcolor.com\/index.php\/wp-json\/wp\/v2\/media?parent=3950"}],"curies":[{"name":"wp","href":"https:\/\/api.w.org\/{rel}","templated":true}]}}