{"id":6283,"date":"2023-07-12T12:06:10","date_gmt":"2023-07-12T12:06:10","guid":{"rendered":"https:\/\/aedcolor.com\/?page_id=6283"},"modified":"2023-09-18T10:24:46","modified_gmt":"2023-09-18T10:24:46","slug":"ml-primer","status":"publish","type":"page","link":"https:\/\/aedcolor.com\/index.php\/ml-primer\/","title":{"rendered":"ML-PRIMER"},"content":{"rendered":"<div class=\"wpb-content-wrapper\"><p>[vc_row css=&#8221;.vc_custom_1683099634441{padding-bottom: 30px !important;}&#8221;][vc_column width=&#8221;2\/3&#8243;][vc_custom_heading text=&#8221;ML-PRIMER&#8221; font_container=&#8221;tag:h2|font_size:50|text_align:left&#8221; use_theme_fonts=&#8221;yes&#8221; link=&#8221;|title:AQUAMAT%20-%20SUPERELASTIC||&#8221;][\/vc_column][\/vc_row][vc_row][vc_column width=&#8221;1\/2&#8243;][vc_single_image image=&#8221;6281&#8243; img_size=&#8221;full&#8221;][\/vc_column][vc_column width=&#8221;1\/2&#8243;][vc_column_text]<span style=\"color: #000000;\"><strong>ML-PRIMER \u00ebsht\u00eb nj\u00eb astar akrilik me baz\u00eb uji, i bardh\u00eb ose me ngjyrr\u00eb, me kokrra shum\u00eb t\u00eb imta.<\/strong> P\u00ebrmir\u00ebson ashp\u00ebrsin\u00eb e n\u00ebnshtres\u00ebs para shtrimit t\u00eb suvave dekoruese t\u00eb t\u00eb gjitha llojeve ( me baz\u00eb cimentoje, akrilike, silikoni, silikate). Gjithashtu, siguron nuanc\u00ebn uniform\u00eb t\u00eb ngjyr\u00ebs n\u00eb sipvrfaqe p\u00ebrfundimtare, sidomos kur \u00ebsht\u00eb zgjedhur nj\u00eb suva e err\u00ebt. P\u00ebrdoret si astar gati p\u00ebr p\u00ebrdorim, p\u00ebr t\u00eb krijuar nj\u00eb sip\u00ebrfaqe t\u00eb ashp\u00ebr q\u00eb t\u00eb p\u00ebrmir\u00ebsohet ngjitja e suvas\u00eb q\u00eb do t\u00eb shtrohet m\u00eb pas. \u00cbsht\u00eb idela p\u00ebr sip\u00ebrfaqe t\u00eb l\u00ebmuara si betoni, borde detoni, borde gipsi etj. dhe p\u00ebr aplikim n\u00eb shtresa baz\u00eb t\u00eb suvas\u00eb. Rekomandohet t\u00eb p\u00ebrdoret i ngjyrosur n\u00eb t\u00eb nj\u00ebjt\u00ebn nuanc\u00eb me suvan\u00eb sidomos kur p\u00ebrdoren suvat\u00eb MARMOCRYL, MARMOCRYL SILICONE dhe MARMOCRYL SILICONE-SILICATE. I p\u00ebrshtatsh\u00ebm p\u00ebr ambiente t\u00eb brendshme dhe t\u00eb jashtme.<\/span><\/p>\n<p><strong><span style=\"color: #000000;\">N\u00ebnshtresa<\/span><\/strong><\/p>\n<p><span style=\"color: #000000;\">Sip\u00ebrfaqja q\u00eb do astarohet duhet t\u00eb jet\u00eb e that\u00eb dhe pa pluhur, graso, pisll\u00ebk, etj.<\/span><\/p>\n<p><strong><span style=\"color: #000000;\">P\u00ebrdorimi<\/span><\/strong><\/p>\n<p><span style=\"color: #000000;\">Para p\u00ebrdorimit ML-PRIMER duhet t\u00eb p\u00ebrzihet derisa t\u00eb b\u00ebhet homogjen. Pastaj hollohet deri 10% me uj\u00eb. Shtrohet me furc\u00eb, ryl ose sp\u00ebrkatje. Suvaja mund t\u00eb shtrohet mbas tharjes s\u00eb ML-PRIMER.<\/span>[\/vc_column_text][vc_row_inner][vc_column_inner width=&#8221;1\/2&#8243;]<div class=\"standard-arrow bullet-top\"><ul>\n<li class=\"col-12 col-xs-6 col-sm-12 col-md-6 d-flex pb-2 pb-md-3 \"><span style=\"color: #000000;\">ML-PRIMER ofrohet n\u00eb amballazhe plastik\u00eb 5 dhe 15 kg.<\/span><\/li>\n<\/ul>\n<\/div>[\/vc_column_inner][vc_column_inner width=&#8221;1\/2&#8243;]<div class=\"standard-arrow bullet-top\"><ul>\n<li><span style=\"color: #000000;\">Temperatura e p\u00ebrdorimit duhet t\u00eb jet\u00eb nd\u00ebrmjet +5 oC dhe +30oC.<\/span><\/li>\n<\/ul>\n<\/div>[\/vc_column_inner][\/vc_row_inner][vc_row_inner css=&#8221;.vc_custom_1683100048912{padding-top: 20px !important;}&#8221;][vc_column_inner width=&#8221;1\/2&#8243;]<div class=\"aio-icon-component    style_1\"><div id=\"Info-box-wrap-2879\" class=\"aio-icon-box default-icon\" style=\"\"  ><div class=\"aio-icon-default\"><div class=\"ult-just-icon-wrapper  \"><div class=\"align-icon\" style=\"text-align:center;\">\n<div class=\"aio-icon-img \" style=\"font-size:65px;display:inline-block;\" >\n\t<img decoding=\"async\" class=\"img-icon\" alt=\"null\" src=\"https:\/\/aedcolor.com\/wp-content\/uploads\/2023\/05\/image-2.png\"\/>\n<\/div><\/div><\/div><\/div><div class=\"aio-icon-header\" ><h3 class=\"aio-icon-title ult-responsive\"  data-ultimate-target='#Info-box-wrap-2879 .aio-icon-title'  data-responsive-json-new='{\"font-size\":\"\",\"line-height\":\"\"}'  style=\"\">Sip\u00ebrfaqe: Betoni<\/h3><\/div> <!-- header --><\/div> <!-- aio-icon-box --><\/div> <!-- aio-icon-component -->[\/vc_column_inner][vc_column_inner width=&#8221;1\/2&#8243;]<div class=\"aio-icon-component    style_1\"><div id=\"Info-box-wrap-3727\" class=\"aio-icon-box default-icon\" style=\"\"  ><div class=\"aio-icon-default\"><div class=\"ult-just-icon-wrapper  \"><div class=\"align-icon\" style=\"text-align:center;\">\n<div class=\"aio-icon-img \" style=\"font-size:65px;display:inline-block;\" >\n\t<img decoding=\"async\" class=\"img-icon\" alt=\"null\" src=\"https:\/\/aedcolor.com\/wp-content\/uploads\/2023\/05\/image-1.png\"\/>\n<\/div><\/div><\/div><\/div><div class=\"aio-icon-header\" ><h3 class=\"aio-icon-title ult-responsive\"  data-ultimate-target='#Info-box-wrap-3727 .aio-icon-title'  data-responsive-json-new='{\"font-size\":\"\",\"line-height\":\"\"}'  style=\"\">Aplikimi: Fur\u00e7\u00eb, rul<\/h3><\/div> <!-- header --><\/div> <!-- aio-icon-box --><\/div> <!-- aio-icon-component -->[\/vc_column_inner][\/vc_row_inner][\/vc_column][\/vc_row]<\/p>\n<\/div>","protected":false},"excerpt":{"rendered":"<p>[vc_row css=&#8221;.vc_custom_1683099634441{padding-bottom: 30px !important;}&#8221;][vc_column width=&#8221;2\/3&#8243;][vc_custom_heading text=&#8221;ML-PRIMER&#8221; font_container=&#8221;tag:h2|font_size:50|text_align:left&#8221; use_theme_fonts=&#8221;yes&#8221; link=&#8221;|title:AQUAMAT%20-%20SUPERELASTIC||&#8221;][\/vc_column][\/vc_row][vc_row][vc_column width=&#8221;1\/2&#8243;][vc_single_image image=&#8221;6281&#8243; img_size=&#8221;full&#8221;][\/vc_column][vc_column width=&#8221;1\/2&#8243;][vc_column_text]ML-PRIMER \u00ebsht\u00eb nj\u00eb astar akrilik me baz\u00eb uji, i bardh\u00eb ose me ngjyrr\u00eb, me kokrra shum\u00eb t\u00eb imta. P\u00ebrmir\u00ebson ashp\u00ebrsin\u00eb e n\u00ebnshtres\u00ebs para shtrimit t\u00eb suvave dekoruese t\u00eb t\u00eb gjitha llojeve ( me baz\u00eb cimentoje, akrilike, silikoni, silikate). Gjithashtu, siguron nuanc\u00ebn uniform\u00eb t\u00eb&hellip;<\/p>\n","protected":false},"author":2,"featured_media":0,"parent":0,"menu_order":0,"comment_status":"closed","ping_status":"closed","template":"","meta":{"footnotes":""},"class_list":["post-6283","page","type-page","status-publish","hentry","description-off"],"_links":{"self":[{"href":"https:\/\/aedcolor.com\/index.php\/wp-json\/wp\/v2\/pages\/6283","targetHints":{"allow":["GET"]}}],"collection":[{"href":"https:\/\/aedcolor.com\/index.php\/wp-json\/wp\/v2\/pages"}],"about":[{"href":"https:\/\/aedcolor.com\/index.php\/wp-json\/wp\/v2\/types\/page"}],"author":[{"embeddable":true,"href":"https:\/\/aedcolor.com\/index.php\/wp-json\/wp\/v2\/users\/2"}],"replies":[{"embeddable":true,"href":"https:\/\/aedcolor.com\/index.php\/wp-json\/wp\/v2\/comments?post=6283"}],"version-history":[{"count":3,"href":"https:\/\/aedcolor.com\/index.php\/wp-json\/wp\/v2\/pages\/6283\/revisions"}],"predecessor-version":[{"id":9123,"href":"https:\/\/aedcolor.com\/index.php\/wp-json\/wp\/v2\/pages\/6283\/revisions\/9123"}],"wp:attachment":[{"href":"https:\/\/aedcolor.com\/index.php\/wp-json\/wp\/v2\/media?parent=6283"}],"curies":[{"name":"wp","href":"https:\/\/api.w.org\/{rel}","templated":true}]}}