{"id":6850,"date":"2023-07-18T10:46:31","date_gmt":"2023-07-18T10:46:31","guid":{"rendered":"https:\/\/aedcolor.com\/?page_id=6850"},"modified":"2023-09-19T13:30:22","modified_gmt":"2023-09-19T13:30:22","slug":"marmocret-sp","status":"publish","type":"page","link":"https:\/\/aedcolor.com\/index.php\/marmocret-sp\/","title":{"rendered":"MARMOCRET-SP"},"content":{"rendered":"<div class=\"wpb-content-wrapper\"><p>[vc_row css=&#8221;.vc_custom_1683099634441{padding-bottom: 30px !important;}&#8221;][vc_column width=&#8221;2\/3&#8243;][vc_custom_heading text=&#8221;MARMOCRET-SP&#8221; font_container=&#8221;tag:h2|font_size:50|text_align:left&#8221; use_theme_fonts=&#8221;yes&#8221; link=&#8221;|title:AQUAMAT%20-%20SUPERELASTIC||&#8221;][\/vc_column][\/vc_row][vc_row][vc_column width=&#8221;1\/2&#8243;][vc_single_image image=&#8221;6851&#8243; img_size=&#8221;full&#8221;][\/vc_column][vc_column width=&#8221;1\/2&#8243;][vc_column_text]<span style=\"color: #000000;\"><strong>MARMOCRET-SP \u00ebsht\u00eb nj\u00eb suva risaurimi i parap\u00ebrzier, me rezistenc\u00eb ndaj krip\u00ebrave dhe lag\u00ebshtis\u00eb.<\/strong> Si rezultat i p\u00ebrb\u00ebrjes s\u00eb tij, lejon rinovimin dhe mbrojtjen nga sulmi i lag\u00ebshtis\u00eb dhe nga muret e d\u00ebmtuara nga kripa.<\/span><\/p>\n<ul>\n<li><span style=\"color: #000000;\">I ofron struktur\u00ebs dep\u00ebrtueshm\u00ebri t\u00eb shk\u00eblqyer nga avulli.<\/span><\/li>\n<li><span style=\"color: #000000;\">Veti standarde t\u00eb q\u00ebndrueshme.<\/span><\/li>\n<li><span style=\"color: #000000;\">P\u00ebrshtatet p\u00ebr p\u00ebrdorim t\u00eb brendsh\u00ebm dhe t\u00eb jasht\u00ebm.<\/span><\/li>\n<li><span style=\"color: #000000;\">Thjeshton dhe p\u00ebrshpejton p\u00ebrdorimin.<\/span><\/li>\n<li><span style=\"color: #000000;\">Parandalon plasaritjen, e cila nuk ndodh me suvat\u00eb e zakonshme prej cimento-g\u00eblqere.<\/span><\/li>\n<li><span style=\"color: #000000;\">P\u00ebrdorim t\u00eb thjesht\u00eb (duhet vet\u00ebm uj\u00eb).<\/span><\/li>\n<\/ul>\n<p><span style=\"color: #000000;\">Klasifikohet si lloji R CS II sipas EN 998-1. MARMOCRET-SP p\u00ebrshtatet kryesisht p\u00ebr nd\u00ebrtesat af\u00ebr detit ose n\u00eb zona t\u00eb ekspozuara nga lag\u00ebshtia q\u00eb mund t\u00eb vij\u00eb. Gjithashtu p\u00ebrshtatet p\u00ebr ambiente me lag\u00ebshti t\u00eb lart\u00eb si banjat, bodrumet, etj.<\/span><\/p>\n<p><strong><span style=\"color: #000000;\">N\u00ebnshtresa<\/span><\/strong><\/p>\n<p><span style=\"color: #000000;\">Hiqet krejt suvaja e vjet\u00ebr, boja ose cdo material hidroizolues q\u00eb jan\u00eb shtruar n\u00eb sip\u00ebrfaqe ose n\u00eb nj\u00eb distanc\u00eb prej t\u00eb pakt\u00ebn 80 cm nga zona q\u00eb \u00ebsht\u00eb d\u00ebmtuar nga kripa ose lag\u00ebshtia.<\/span><\/p>\n<p><em><span style=\"color: #000000;\">a) Muret:<\/span><\/em><\/p>\n<p><span style=\"color: #000000;\">Fugat e vjetra t\u00eb murit me thell\u00ebsi 2 cm hiqen dhe sip\u00ebrfaqja pastrohet n\u00eb m\u00ebnyr\u00eb mekanike.<\/span><\/p>\n<p><em><span style=\"color: #000000;\">b) Betoni:<\/span><\/em><\/p>\n<p><span style=\"color: #000000;\">Sip\u00ebrfaqja duhet t\u00eb pastrohet n\u00eb m\u00ebnyr\u00eb mekanike dhe t\u00eb ket\u00eb pore t\u00eb hapura. Sip\u00ebrfaqja duhet t\u00eb mundet t\u00eb mbaj\u00eb pesh\u00eb dhe t\u00eb jet\u00eb e lir\u00eb nga cdo l\u00ebnd\u00eb ose material t\u00eb lir\u00eb q\u00eb mund t\u00eb ul\u00eb ngjitjen e MARMOCRET-SP. Llaci MARMOCRET-BOND p\u00ebrdoret p\u00ebr t\u00eb krijuar shtres\u00ebn lidh\u00ebse n\u00eb sip\u00ebrfaqe p\u00ebr p\u00ebrforcimin e ngjitjes s\u00eb MARMOCRET-SP. AQUAMAT-F p\u00ebrdoret p\u00ebr t\u00eb krijuar nj\u00eb penges\u00eb horizontale kundra lag\u00ebshtis\u00eb, n\u00eb bazat e mureve. K\u00ebshillohuni me broshur\u00ebn teknike q\u00eb i p\u00ebrket AQUAMAT-F holl\u00ebsira.<\/span><\/p>\n<p><strong><span style=\"color: #000000;\">P\u00ebrdorimi<\/span><\/strong><\/p>\n<p><span style=\"color: #000000;\">MARMOCRET-SP hidhet n\u00eb uj\u00eb duke u p\u00ebrzier\u00eb vazhdimisht, derisa t\u00eb krijohet njv llac me punueshm\u00ebrin\u00eb e k\u00ebrkuar. Suvaja shtrohet me dor\u00eb, duke p\u00ebrdorur nj\u00eb mistri ose mall\u00eb, ose nj\u00eb makin\u00eb suvatimi n\u00eb nj\u00eb trash\u00ebsi t\u00eb pakt\u00ebn 1,5 cm. Pastaj, suvaja f\u00ebrkohet me materialin f\u00ebrkues prej druri derisa t\u00eb ket\u00eb mpiksje t\u00eb mjafteshme. Ferkimi i suvas\u00eb \u00ebsht\u00eb i domosdosh\u00ebm p\u00ebr t\u00eb krijuar sip\u00ebrfaqen me poret e hapura dhe t\u00eb siguroj\u00eb shp\u00ebrndarjen e avullit nga sip\u00ebrfaqja. Koha e punueshm\u00ebris\u00eb varet nga aft\u00ebsia thith\u00ebse e n\u00ebnshtres\u00ebs, temperatura dhe punueshm\u00ebria e llacit.<\/span><\/p>\n<p>[\/vc_column_text][vc_row_inner][vc_column_inner width=&#8221;1\/2&#8243;]<div class=\"standard-arrow bullet-top\"><ul>\n<li class=\"col-12 col-xs-6 col-sm-12 col-md-6 d-flex pb-2 pb-md-3 \"><span style=\"color: #000000;\">Temperatura gjat\u00eb aplikimit duhet t\u00eb jet\u00eb t\u00eb pakt\u00ebn +5 oC.<\/span><\/li>\n<li><span style=\"color: #000000;\">N\u00ebnshtresat shum\u00eb t\u00eb lagura \u00ebsht\u00eb e mundshme q\u00eb t\u00eb zgjasin koh\u00ebn e pritjes para trajtimit t\u00eb MARMOCRET-SP.<\/span><\/li>\n<li><span style=\"color: #000000;\">MARMOCRET-SP rekomandohet t\u00eb mbulohet me bojra shum\u00eb t\u00eb dep\u00ebrtueshme nga avulli.<\/span><\/li>\n<\/ul>\n<\/div>[\/vc_column_inner][vc_column_inner width=&#8221;1\/2&#8243;]<div class=\"standard-arrow bullet-top\"><ul>\n<li>Thjeshton dhe p\u00ebrshpejton p\u00ebrdorimin<\/li>\n<li>Parandalon plasaritjen, e cila nuk ndodh me<br \/>\nsuvat\u00eb e zakonsh\u00ebm prej \u00e7imento-g\u00eblqere<\/li>\n<li>P\u00ebrdorim t\u00eb thjesht\u00eb n\u00eb v\u00ebnd (duhet vet\u00ebm<br \/>\nuj\u00eb)<\/li>\n<\/ul>\n<\/div>[\/vc_column_inner][\/vc_row_inner][vc_row_inner css=&#8221;.vc_custom_1683100048912{padding-top: 20px !important;}&#8221;][vc_column_inner width=&#8221;1\/2&#8243;]<div class=\"aio-icon-component    style_1\"><div id=\"Info-box-wrap-6445\" class=\"aio-icon-box default-icon\" style=\"\"  ><div class=\"aio-icon-default\"><div class=\"ult-just-icon-wrapper  \"><div class=\"align-icon\" style=\"text-align:center;\">\n<div class=\"aio-icon-img \" style=\"font-size:65px;display:inline-block;\" >\n\t<img decoding=\"async\" class=\"img-icon\" alt=\"null\" src=\"https:\/\/aedcolor.com\/wp-content\/uploads\/2023\/05\/image-2.png\"\/>\n<\/div><\/div><\/div><\/div><div class=\"aio-icon-header\" ><h3 class=\"aio-icon-title ult-responsive\"  data-ultimate-target='#Info-box-wrap-6445 .aio-icon-title'  data-responsive-json-new='{\"font-size\":\"\",\"line-height\":\"\"}'  style=\"\">Sip\u00ebrfaqe: Beton<\/h3><\/div> <!-- header --><\/div> <!-- aio-icon-box --><\/div> <!-- aio-icon-component -->[\/vc_column_inner][vc_column_inner width=&#8221;1\/2&#8243;]<div class=\"aio-icon-component    style_1\"><div id=\"Info-box-wrap-6347\" class=\"aio-icon-box default-icon\" style=\"\"  ><div class=\"aio-icon-default\"><div class=\"ult-just-icon-wrapper  \"><div class=\"align-icon\" style=\"text-align:center;\">\n<div class=\"aio-icon-img \" style=\"font-size:65px;display:inline-block;\" >\n\t<img decoding=\"async\" class=\"img-icon\" alt=\"null\" src=\"https:\/\/aedcolor.com\/wp-content\/uploads\/2023\/05\/image-1.png\"\/>\n<\/div><\/div><\/div><\/div><div class=\"aio-icon-header\" ><h3 class=\"aio-icon-title ult-responsive\"  data-ultimate-target='#Info-box-wrap-6347 .aio-icon-title'  data-responsive-json-new='{\"font-size\":\"\",\"line-height\":\"\"}'  style=\"\">Aplikimi: Mistri, pomp\u00eb lla\u00e7i<\/h3><\/div> <!-- header --><\/div> <!-- aio-icon-box --><\/div> <!-- aio-icon-component -->[\/vc_column_inner][\/vc_row_inner][\/vc_column][\/vc_row]<\/p>\n<\/div>","protected":false},"excerpt":{"rendered":"<p>[vc_row css=&#8221;.vc_custom_1683099634441{padding-bottom: 30px !important;}&#8221;][vc_column width=&#8221;2\/3&#8243;][vc_custom_heading text=&#8221;MARMOCRET-SP&#8221; font_container=&#8221;tag:h2|font_size:50|text_align:left&#8221; use_theme_fonts=&#8221;yes&#8221; link=&#8221;|title:AQUAMAT%20-%20SUPERELASTIC||&#8221;][\/vc_column][\/vc_row][vc_row][vc_column width=&#8221;1\/2&#8243;][vc_single_image image=&#8221;6851&#8243; img_size=&#8221;full&#8221;][\/vc_column][vc_column width=&#8221;1\/2&#8243;][vc_column_text]MARMOCRET-SP \u00ebsht\u00eb nj\u00eb suva risaurimi i parap\u00ebrzier, me rezistenc\u00eb ndaj krip\u00ebrave dhe lag\u00ebshtis\u00eb. Si rezultat i p\u00ebrb\u00ebrjes s\u00eb tij, lejon rinovimin dhe mbrojtjen nga sulmi i lag\u00ebshtis\u00eb dhe nga muret e d\u00ebmtuara nga kripa. I ofron struktur\u00ebs dep\u00ebrtueshm\u00ebri t\u00eb shk\u00eblqyer nga avulli. Veti&hellip;<\/p>\n","protected":false},"author":2,"featured_media":0,"parent":0,"menu_order":0,"comment_status":"closed","ping_status":"closed","template":"","meta":{"footnotes":""},"class_list":["post-6850","page","type-page","status-publish","hentry","description-off"],"_links":{"self":[{"href":"https:\/\/aedcolor.com\/index.php\/wp-json\/wp\/v2\/pages\/6850","targetHints":{"allow":["GET"]}}],"collection":[{"href":"https:\/\/aedcolor.com\/index.php\/wp-json\/wp\/v2\/pages"}],"about":[{"href":"https:\/\/aedcolor.com\/index.php\/wp-json\/wp\/v2\/types\/page"}],"author":[{"embeddable":true,"href":"https:\/\/aedcolor.com\/index.php\/wp-json\/wp\/v2\/users\/2"}],"replies":[{"embeddable":true,"href":"https:\/\/aedcolor.com\/index.php\/wp-json\/wp\/v2\/comments?post=6850"}],"version-history":[{"count":3,"href":"https:\/\/aedcolor.com\/index.php\/wp-json\/wp\/v2\/pages\/6850\/revisions"}],"predecessor-version":[{"id":9143,"href":"https:\/\/aedcolor.com\/index.php\/wp-json\/wp\/v2\/pages\/6850\/revisions\/9143"}],"wp:attachment":[{"href":"https:\/\/aedcolor.com\/index.php\/wp-json\/wp\/v2\/media?parent=6850"}],"curies":[{"name":"wp","href":"https:\/\/api.w.org\/{rel}","templated":true}]}}