{"id":6950,"date":"2023-07-19T12:43:38","date_gmt":"2023-07-19T12:43:38","guid":{"rendered":"https:\/\/aedcolor.com\/?page_id=6950"},"modified":"2023-10-07T10:02:57","modified_gmt":"2023-10-07T10:02:57","slug":"duroprimer-w","status":"publish","type":"page","link":"https:\/\/aedcolor.com\/index.php\/duroprimer-w\/","title":{"rendered":"DUROPRIMER-W"},"content":{"rendered":"<div class=\"wpb-content-wrapper\"><p>[vc_row css=&#8221;.vc_custom_1683099634441{padding-bottom: 30px !important;}&#8221;][vc_column width=&#8221;2\/3&#8243;][vc_custom_heading text=&#8221;DUROPRIMER-W&#8221; font_container=&#8221;tag:h2|font_size:50|text_align:left&#8221; use_theme_fonts=&#8221;yes&#8221; link=&#8221;|title:AQUAMAT%20-%20SUPERELASTIC||&#8221;][\/vc_column][\/vc_row][vc_row][vc_column width=&#8221;1\/2&#8243;][vc_single_image image=&#8221;6951&#8243; img_size=&#8221;full&#8221;][\/vc_column][vc_column width=&#8221;1\/2&#8243;][vc_column_text]<span style=\"color: #000000;\"><strong>DUROPRIMER-W \u00ebsht\u00eb nj\u00eb mbush\u00ebs epoksi me baz\u00eb ujin me tre p\u00ebrb\u00ebr\u00ebs, i cili ofron nj\u00eb ngjitje t\u00eb shkall\u00ebs m\u00eb t\u00eb lart\u00eb n\u00eb n\u00ebnshtresat e lagura dhe aft\u00ebsi t\u00eb madhe punuese.<\/strong> Certifikuar sipas EN 13813 dhe klasifikuar si SR-B2,0. Mban sh\u00ebnimin CE. P\u00ebrdoret si astar mbi\u00a0 betonin e njom\u00eb ose t\u00eb ri (m\u00eb t\u00eb ri se 28 dit\u00eb) q\u00eb do t\u00eb mbulohet me nj\u00eb shtres\u00eb epokside t\u00eb sistemuar DUROFLOOR.<\/span><\/p>\n<p><strong><span style=\"color: #000000;\">N\u00ebnshtresa<\/span><\/strong><br \/>\n<span style=\"color: #000000;\">Sip\u00ebrfaqet q\u00eb do t\u00eb trajtohen duhet t\u00eb jen\u00eb:<\/span><\/p>\n<ul>\n<li><span style=\"color: #000000;\">T\u00eb q\u00ebndrueshme dhe pa uj\u00eb t\u00eb mbledhur mbi to.<\/span><\/li>\n<li><span style=\"color: #000000;\">Pa materiale q\u00eb duhet t\u00eb pengojn\u00eb ngjitjen, si p.sh. pluhuri, grimcat e lira, grasoja etj.\u00a0<\/span><\/li>\n<\/ul>\n<p><span style=\"color: #000000;\">P\u00ebrvec k\u00ebsaj, n\u00eb var\u00ebsi t\u00eb natyr\u00ebs s\u00eb n\u00ebnshtres\u00ebs duhet t\u00eb kryhet p\u00ebrgatitja e duhur, si p.sh. g\u00ebrryerja, frezimi, pastrimi me sacma me presion etj. N\u00eb vijim, sip\u00ebrfaqja duhet t\u00eb pastrohet plot\u00ebsisht me nj\u00eb fshes\u00eb me vakum me fuqi t\u00eb madhe thith\u00ebse.<\/span><\/p>\n<p><strong><span style=\"color: #000000;\">P\u00ebrzierja e DUROPRIMER-W<\/span><\/strong><br \/>\n<span style=\"color: #000000;\">P\u00ebrb\u00ebr\u00ebsi A (ngurt\u00ebsues), B (rr\u00ebshira) dhe C (agregate) jan\u00eb t\u00eb paketuara n\u00eb qese t\u00eb vecanta me raporte t\u00eb paracaktuara p\u00ebrzierje. Fillimisht, e gjith\u00eb p\u00ebrmbajtja e p\u00ebrb\u00ebr\u00ebsit A i shtohet p\u00ebrb\u00ebr\u00ebsit B. P\u00ebrzierja e t\u00eb dy p\u00ebrb\u00ebr\u00ebsve duhet t\u00eb\u00a0 b\u00ebhet p\u00ebr rreth 5 minuta, me nj\u00eb mikser me xhirot\u00eb ul\u00ebta (300 rrot\/m). \u00cbsht\u00eb e r\u00ebnd\u00ebsishme q\u00eb p\u00ebrzierja t\u00eb trazohet plot\u00ebsisht pran\u00eb an\u00ebve dhe fundit t\u00eb en\u00ebs n\u00eb m\u00ebnyr\u00eb q\u00eb t\u00eb arrihet p\u00ebrpara uniforme e forcuesit. Pastaj, p\u00ebrzierja (A+B) derdhet n\u00eb nj\u00eb en\u00eb t\u00eb past\u00ebr dhe p\u00ebrb\u00ebr\u00ebsi C shtohet duke u trazuar vazhdimisht. P\u00ebrzierja realizohet me nj\u00eb mikser me xhiro t\u00eb ul\u00ebta dhe vazhdon derisa e gjith\u00eb p\u00ebrzierja t\u00eb b\u00ebhet krejt\u00ebsisht uniforme.<\/span><\/p>\n<p><strong><span style=\"color: #000000;\">P\u00ebrdorimi-Konsumi<\/span><\/strong><br \/>\n<span style=\"color: #000000;\">Si fillim, cdo carje dhe defekt mbushet me DUROPRIMER-W (A+B+C). Pasi materiali mbush\u00ebs t\u00eb jet\u00eb ngurt\u00ebsuar, DUROPRIMER-W i holluar deri n\u00eb 20% me uj\u00eb aplikohet n\u00eb n\u00ebnshtres\u00eb me nj\u00eb furc\u00eb apo me rul n\u00eb dy duar. Konsumi: 250-300 g\/m2\/shtres\u00eb. Pas 48 or\u00ebsh dhe me kushtin q\u00eb niveli i lag\u00ebshtir\u00ebs i shtres\u00ebs s\u00eb DUROPRIMER-W t\u00eb jet\u00eb m\u00eb i ul\u00ebt se 4%, mund t\u00eb vazhdohet me aplikimin e nj\u00eb sistemi epoksid DUROFLOOR.<\/span><\/p>\n<p><span style=\"color: #000000;\">Pas 48 or\u00ebsh dhe me kushtin q\u00eb niveli i lag\u00ebshtir\u00ebs i shtres\u00ebs s\u00eb DUROPRIMER-W t\u00eb jet\u00eb m\u00eb i ul\u00ebt se 4%, mund t\u00eb vazhdohet me aplikimin e nj\u00eb sistemi epoksid DUROFLOOR. T\u00eb pakt\u00ebn 24 muaj nga data e prodhimit n\u00ebse ruhet n\u00eb paketimin origjinal t\u00eb izoluar, n\u00eb ambiente t\u00eb mbrojtura nga lag\u00ebshtira dhe ekspozimi n\u00eb drit\u00ebn e diellit. Temperatura e rekomanduar e magazinimit \u00ebsht\u00eb midis +5oC dhe +35oC.<\/span>[\/vc_column_text][vc_row_inner][vc_column_inner width=&#8221;1\/2&#8243;]<div class=\"standard-arrow bullet-top\"><ul>\n<li class=\"col-12 col-xs-6 col-sm-12 col-md-6 d-flex pb-2 pb-md-3 \"><span style=\"color: #000000;\">Punueshm\u00ebria e materialeve epokside ndikohet nga temperatura e tyre. Temperatura ideale e p\u00ebrdorimit \u00ebsht\u00eb midis +15oC dhe +25oC n\u00eb m\u00ebnyr\u00eb q\u00eb produkti t\u00eb jet\u00eb i leht\u00eb p\u00ebr tu p\u00ebrdorur dhe per tu thar\u00eb, ashtu sic shpjegohet m\u00eb lart\u00eb. Temperatura e ambientit n\u00ebn +15oC do t\u00eb rris\u00eb koh\u00ebn e tharjes dhe temperatura mbi +30 oC do t\u00eb p\u00ebrshpejtoj\u00eb koh\u00ebn e tharjes. Gjat\u00eb dimrit rekomandohet nj\u00eb ngrohje paraprake produktit, kurse n\u00eb ver\u00eb rekomandohet ruajtja e materialit n\u00eb nj\u00eb vend t\u00eb fresk\u00ebt p\u00ebrpara p\u00ebrdorimit.<\/span><\/li>\n<li><span style=\"color: #000000;\">N\u00ebse nj\u00eb koh\u00eb m\u00eb e gjat\u00eb se ajo e parashikuar ndodh midis aplikimeve t\u00eb shtresave pasardh\u00ebse ose n\u00eb rast se dyshemet\u00eb e vjetra do t\u00eb shtrohen pvrsvri, sipvrfaqja duhet t\u00eb g\u00ebrryhet dhe t\u00eb pastrohet plot\u00ebsisht p\u00ebrpra aplikimit t\u00eb nj\u00eb\u00a0 shtrese t\u00eb re.\u00a0<\/span><\/li>\n<\/ul>\n<\/div>[\/vc_column_inner][vc_column_inner width=&#8221;1\/2&#8243;]<div class=\"standard-arrow bullet-top\"><ul>\n<li><span style=\"color: #000000;\">Pas ngurt\u00ebsimit, DUROPRIMER-W \u00ebsht\u00eb totalisht e sigurt p\u00ebr sh\u00ebndetin.<\/span><\/li>\n<\/ul>\n<\/div>[\/vc_column_inner][\/vc_row_inner][vc_row_inner css=&#8221;.vc_custom_1683100048912{padding-top: 20px !important;}&#8221;][vc_column_inner width=&#8221;1\/2&#8243;]<div class=\"aio-icon-component    style_1\"><div id=\"Info-box-wrap-7088\" class=\"aio-icon-box default-icon\" style=\"\"  ><div class=\"aio-icon-default\"><div class=\"ult-just-icon-wrapper  \"><div class=\"align-icon\" style=\"text-align:center;\">\n<div class=\"aio-icon-img \" style=\"font-size:65px;display:inline-block;\" >\n\t<img decoding=\"async\" class=\"img-icon\" alt=\"null\" src=\"https:\/\/aedcolor.com\/wp-content\/uploads\/2023\/05\/image-2.png\"\/>\n<\/div><\/div><\/div><\/div><div class=\"aio-icon-header\" ><h3 class=\"aio-icon-title ult-responsive\"  data-ultimate-target='#Info-box-wrap-7088 .aio-icon-title'  data-responsive-json-new='{\"font-size\":\"\",\"line-height\":\"\"}'  style=\"\">Sip\u00ebrfaqe: Beton, suva<\/h3><\/div> <!-- header --><\/div> <!-- aio-icon-box --><\/div> <!-- aio-icon-component -->[\/vc_column_inner][vc_column_inner width=&#8221;1\/2&#8243;]<div class=\"aio-icon-component    style_1\"><div id=\"Info-box-wrap-5675\" class=\"aio-icon-box default-icon\" style=\"\"  ><div class=\"aio-icon-default\"><div class=\"ult-just-icon-wrapper  \"><div class=\"align-icon\" style=\"text-align:center;\">\n<div class=\"aio-icon-img \" style=\"font-size:65px;display:inline-block;\" >\n\t<img decoding=\"async\" class=\"img-icon\" alt=\"null\" src=\"https:\/\/aedcolor.com\/wp-content\/uploads\/2023\/05\/image-1.png\"\/>\n<\/div><\/div><\/div><\/div><div class=\"aio-icon-header\" ><h3 class=\"aio-icon-title ult-responsive\"  data-ultimate-target='#Info-box-wrap-5675 .aio-icon-title'  data-responsive-json-new='{\"font-size\":\"\",\"line-height\":\"\"}'  style=\"\">Aplikimi: Fur\u00e7\u00eb, rul<\/h3><\/div> <!-- header --><\/div> <!-- aio-icon-box --><\/div> <!-- aio-icon-component -->[\/vc_column_inner][\/vc_row_inner][\/vc_column][\/vc_row]<\/p>\n<\/div>","protected":false},"excerpt":{"rendered":"<p>[vc_row css=&#8221;.vc_custom_1683099634441{padding-bottom: 30px !important;}&#8221;][vc_column width=&#8221;2\/3&#8243;][vc_custom_heading text=&#8221;DUROPRIMER-W&#8221; font_container=&#8221;tag:h2|font_size:50|text_align:left&#8221; use_theme_fonts=&#8221;yes&#8221; link=&#8221;|title:AQUAMAT%20-%20SUPERELASTIC||&#8221;][\/vc_column][\/vc_row][vc_row][vc_column width=&#8221;1\/2&#8243;][vc_single_image image=&#8221;6951&#8243; img_size=&#8221;full&#8221;][\/vc_column][vc_column width=&#8221;1\/2&#8243;][vc_column_text]DUROPRIMER-W \u00ebsht\u00eb nj\u00eb mbush\u00ebs epoksi me baz\u00eb ujin me tre p\u00ebrb\u00ebr\u00ebs, i cili ofron nj\u00eb ngjitje t\u00eb shkall\u00ebs m\u00eb t\u00eb lart\u00eb n\u00eb n\u00ebnshtresat e lagura dhe aft\u00ebsi t\u00eb madhe punuese. Certifikuar sipas EN 13813 dhe klasifikuar si SR-B2,0. Mban sh\u00ebnimin CE. P\u00ebrdoret si&hellip;<\/p>\n","protected":false},"author":2,"featured_media":0,"parent":0,"menu_order":0,"comment_status":"closed","ping_status":"closed","template":"","meta":{"footnotes":""},"class_list":["post-6950","page","type-page","status-publish","hentry","description-off"],"_links":{"self":[{"href":"https:\/\/aedcolor.com\/index.php\/wp-json\/wp\/v2\/pages\/6950","targetHints":{"allow":["GET"]}}],"collection":[{"href":"https:\/\/aedcolor.com\/index.php\/wp-json\/wp\/v2\/pages"}],"about":[{"href":"https:\/\/aedcolor.com\/index.php\/wp-json\/wp\/v2\/types\/page"}],"author":[{"embeddable":true,"href":"https:\/\/aedcolor.com\/index.php\/wp-json\/wp\/v2\/users\/2"}],"replies":[{"embeddable":true,"href":"https:\/\/aedcolor.com\/index.php\/wp-json\/wp\/v2\/comments?post=6950"}],"version-history":[{"count":3,"href":"https:\/\/aedcolor.com\/index.php\/wp-json\/wp\/v2\/pages\/6950\/revisions"}],"predecessor-version":[{"id":9476,"href":"https:\/\/aedcolor.com\/index.php\/wp-json\/wp\/v2\/pages\/6950\/revisions\/9476"}],"wp:attachment":[{"href":"https:\/\/aedcolor.com\/index.php\/wp-json\/wp\/v2\/media?parent=6950"}],"curies":[{"name":"wp","href":"https:\/\/api.w.org\/{rel}","templated":true}]}}