{"id":6999,"date":"2023-07-20T07:39:30","date_gmt":"2023-07-20T07:39:30","guid":{"rendered":"https:\/\/aedcolor.com\/?page_id=6999"},"modified":"2023-10-09T12:46:37","modified_gmt":"2023-10-09T12:46:37","slug":"durofloor-pu","status":"publish","type":"page","link":"https:\/\/aedcolor.com\/index.php\/durofloor-pu\/","title":{"rendered":"DUROFLOOR-PU"},"content":{"rendered":"<div class=\"wpb-content-wrapper\"><p>[vc_row css=&#8221;.vc_custom_1683099634441{padding-bottom: 30px !important;}&#8221;][vc_column width=&#8221;2\/3&#8243;][vc_custom_heading text=&#8221;DUROFLOOR-PU&#8221; font_container=&#8221;tag:h2|font_size:50|text_align:left&#8221; use_theme_fonts=&#8221;yes&#8221; link=&#8221;|title:AQUAMAT%20-%20SUPERELASTIC||&#8221;][\/vc_column][\/vc_row][vc_row][vc_column width=&#8221;1\/2&#8243;][vc_single_image image=&#8221;7000&#8243; img_size=&#8221;full&#8221;][\/vc_column][vc_column width=&#8221;1\/2&#8243;][vc_column_text]<span style=\"color: #000000;\"><strong>DUROFLOOR-PU \u00ebsht\u00eb nj\u00eb sistem alifatik poliuretani, me dy p\u00ebrb\u00ebr\u00ebs, me ngjyr\u00eb.<\/strong> Pas aplikimit, krijon nj\u00eb membran\u00eb elastike me rezistenc\u00eb t\u00eb p\u00ebrkryer ndaj rezatimit UV. Ka rezistenc\u00eb ndaj f\u00ebrkimit, si dhe nga acidet organike dhe jo organike, alkalet, produktet e naft\u00ebs, tret\u00ebs t\u00eb p\u00ebrcaktuar, mbeturinat, uj\u00eb, uj\u00eb deti dhe ndaj efekteve t\u00eb motit. Reziston n\u00eb temperatura nga -30oC deri n\u00eb +100oC n\u00eb ngarkim t\u00eb that\u00eb dhe deri n\u00eb +60oC n\u00eb ngarkim t\u00eb lagur. Klasifikohet si SR-B2,0-AR0,5-IR5, sipas EN 13813. \u00cbsht\u00eb certifikuar me sh\u00ebnimin CE si shtres\u00eb mbrojtjeje pvr sip\u00ebrfaqet e betonit, sipas, certifikates EN 1504-2.\u00a0 DUROFLOOR-PU p\u00ebrdoret si shtres\u00eb lyerse n\u00eb dysheme me k\u00ebrkesa t\u00eb larta n\u00eb elasticitet, rezistenc\u00eb mekanike dhe kimike. P\u00ebrdoret p\u00ebr:<\/span><\/p>\n<ul>\n<li><span style=\"color: #000000;\">N\u00ebnshtresa me baz\u00eb cimentoje, si betoni, llace, cimento ose cimento asbesti.<\/span><\/li>\n<li><span style=\"color: #000000;\">Sipvrfaqe prej hekuri ose prej celiku<\/span><\/li>\n<li><span style=\"color: #000000;\">Dysheme ekzistuese epokside.<\/span><\/li>\n<li><span style=\"color: #000000;\">Frigorifer\u00eb dhe dhoma ngrirje, zona industriale, depo, laboratore, spitale, fabrika vere, punishte riparimi makinash, etj.<\/span><\/li>\n<\/ul>\n<p><span style=\"color: #000000;\">P\u00ebragtitja e n\u00ebnshtres\u00ebs<\/span><br \/>\n<span style=\"color: #000000;\">Sip\u00ebrfaqja duhet t\u00eb jet\u00eb:<\/span><\/p>\n<ul>\n<li><span style=\"color: #000000;\">E that\u00eb dhe e q\u00ebndrueshme.<\/span><\/li>\n<li><span style=\"color: #000000;\">Pa materiale q\u00eb mund t\u00eb pengojn\u00eb ngjitjen si pluhur, grimca t\u00eb lira, yndyr\u00eb, etj.<\/span><\/li>\n<li><span style=\"color: #000000;\">E mbrojtur nga lag\u00ebshtia nga posht\u00eb.<\/span><\/li>\n<\/ul>\n<p><strong><span style=\"color: #000000;\">P\u00ebrzierja e DUROFLOOR-PU<\/span><\/strong><br \/>\n<span style=\"color: #000000;\">P\u00ebrb\u00ebr\u00ebsi A (rr\u00ebshira) dhe ai B (ngurt\u00ebsuesi) jan\u00eb t\u00eb paketuara n\u00eb dy ambalazhime t\u00eb ndara, n\u00eb raportin e duhur t\u00eb parap\u00ebrcaktuar sipas pesh\u00ebs. P\u00ebrpara p\u00ebrzierjes, p\u00ebrb\u00ebr\u00ebsi A trazohet n\u00eb m\u00ebnyr\u00eb mekanike p\u00ebr 1 minut\u00eb. Pastaj, e gjith\u00eb p\u00ebrmbajtja e p\u00ebrb\u00ebr\u00ebsit B i shtohet p\u00ebrb\u00ebr\u00ebsit A dhe t\u00ebdy p\u00ebrb\u00ebr\u00ebsit p\u00ebrzihen n\u00eb m\u00ebnyr\u00eb t\u00eb vazhdueshme p\u00ebr afro 5 minuta me an\u00eb t\u00eb nj\u00eb mikseri me shpejt\u00ebsi t\u00eb ul\u00ebt (300 rpm) derisa t\u00eb p\u00ebrafrohet nj\u00eb p\u00ebrzierje e nj\u00ebtrajtshme. \u00cbsht\u00eb e r\u00ebnd\u00ebsishme q\u00eb p\u00ebrzierja t\u00eb trazohet t\u00ebr\u00ebsisht pran\u00eb skajeve dhe n\u00eb fund t\u00eb en\u00ebs p\u00ebr t\u00eb p\u00ebrfituar nj\u00eb shp\u00ebrndarje uniforme t\u00eb ngurt\u00ebsuesit. P\u00ebr t\u00eb siguruar nj\u00eb p\u00ebrzierje t\u00eb plot\u00eb, p\u00ebrmbajtja derdhet n\u00eb nj\u00eb en\u00eb t\u00eb past\u00ebr dhe p\u00ebrzihet p\u00ebrs\u00ebri p\u00ebr t\u00eb pakt\u00ebn 1 minut\u00eb derisa t\u00eb pvrftohet nj\u00eb p\u00ebrzierje e q\u00ebndrueshme.<\/span><\/p>\n<p><strong><span style=\"color: #000000;\">Aplikimi-Konsumi<\/span><\/strong><br \/>\n<span style=\"color: #000000;\">Sipas form\u00ebs t\u00eb sip\u00ebrfaqes p\u00ebrfundimtare q\u00eb k\u00ebrkohet, ekzistojn\u00eb dy raste aplikimi:<\/span><\/p>\n<p><strong><span style=\"color: #000000;\">a) Sip\u00ebrfaqe e l\u00ebmuar<\/span><\/strong><br \/>\n<span style=\"color: #000000;\">DUROFLOOR-PU aplikohet me ryl n\u00eb dy shtresa. Shtresa e dyt\u00eb aplikohet pas tharjes s\u00eb shtres\u00ebs s\u00eb par\u00eb, por brenda 24 or\u00ebve. Konsumi: 250-300 g\/m2 shtres\u00eb.<\/span><\/p>\n<p><strong><span style=\"color: #000000;\">b) Sip\u00ebrfaqe jo rr\u00ebshqit\u00ebse<\/span><\/strong><br \/>\n<span style=\"color: #000000;\">DUROFLOOR-PU aplikohet me ryl n\u00eb nj\u00eb shtres\u00eb. Konsumi: 250-300 g\/m2.<\/span><\/p>\n<p><span style=\"color: #000000;\">Gjat\u00eb koh\u00ebs q\u00eb shtresa \u00ebsht\u00eb e njom\u00eb, hidhet r\u00ebr\u00eb kuarcore (me granulometri 0,1-0,4 mm ose 0,3-0,8 mm), n\u00eb vart\u00ebsi t\u00eb efektit kundra rr\u00ebshqitjes. Konsumi i r\u00ebr\u00ebs kuarcore: rreth 3 kg\/m2. Pas mpiksjes s\u00eb DUROFLOOR-PU, kokrrat e lira duhet t\u00eb largohen me fshes\u00eb korrenti me thithje t\u00eb lart\u00eb.\u00a0 P\u00ebrfundimisht aplikohet shtresa p\u00ebrfundimtare e DUROFLOOR-PU me furc\u00eb.<\/span>[\/vc_column_text][vc_row_inner][vc_column_inner width=&#8221;1\/2&#8243;]<div class=\"standard-arrow bullet-top\"><ul>\n<li class=\"col-12 col-xs-6 col-sm-12 col-md-6 d-flex pb-2 pb-md-3 \"><span style=\"color: #000000;\">Koha e punueshm\u00ebris\u00eb s\u00eb materialeve poliuretanike influencohet nga temperatura. Temperatura ideale e aplikimit \u00ebsht\u00eb nd\u00ebrmjet +15 oC dhe +25 oC, n\u00eb t\u00eb cil\u00ebn materiali ka punueshm\u00ebri dhe koh\u00eb mpiksjeje optimale. Temperatura n\u00ebn +15 oC e shtojn\u00eb koh\u00ebn e mpiksjes, nd\u00ebrsa temperatura mbi +30 oC e ulin. Rekomandohet ngrohje e leht\u00eb e materialit gjat\u00eb dimrit dhe magazinimi n\u00eb dhom\u00eb t\u00eb fresk\u00ebta para aplikimit gjat\u00eb ver\u00ebs.<\/span><\/li>\n<li><span style=\"color: #000000;\">Ngjitja nd\u00ebmjet shtresave q\u00eb jan\u00eb nj\u00ebra pas tjetr\u00ebs mund t\u00eb influencohet seriozisht nga lag\u00ebshtia ose pluhuri q\u00eb mund t\u00eb ndodhen nd\u00ebrmjet tyre.<\/span><\/li>\n<li><span style=\"color: #000000;\">Shtresat poliuretanike duhet t\u00eb mbrohen nga lag\u00ebshtia p\u00ebr 4-6 or\u00eb pas aplikimit. Lag\u00ebshtia mund t\u00eb zbardh\u00eb sip\u00ebrfaqen dhe\/ose ta b\u00ebj\u00eb t\u00eb ngjis\u00eb. Mund gjithashtu t\u00eb crregulloj\u00eb mpiksjen. Shtresa q\u00eb pjes\u00ebrisht kan\u00eb humbur ngjyr\u00ebn ose ngjisin duhet t\u00eb hiqen me f\u00ebrkim ose duke p\u00ebrdorur frez\u00ebn. Pak k\u00ebsaj k\u00ebto sip\u00ebrfaqe duhet t\u00eb shtrohen p\u00ebrs\u00ebri.\u00a0<\/span><\/li>\n<\/ul>\n<\/div>[\/vc_column_inner][vc_column_inner width=&#8221;1\/2&#8243;]<div class=\"standard-arrow bullet-top\"><ul>\n<li><span style=\"color: #000000;\">N\u00eb raste kur koha nd\u00ebrmjet aplikimit t\u00eb n\u00ebnshtresave t\u00eb cilat jan\u00eb nj\u00ebra pas tjetr\u00ebs \u00ebsht\u00eb m\u00eb e gjat\u00eb se sa parashikimi ose n\u00eb rast kur duhet t\u00eb shtrohen nga e para sip\u00ebrfaqe t\u00eb vjetra pas kohe t\u00eb gjat\u00eb, sip\u00ebrfaqja duhet t\u00eb pstrohet shum\u00eb mir\u00eb dhe t\u00eb f\u00ebrkohet e gjitha. Pastaj aplikohet shtresa e re.<\/span><\/li>\n<li><span style=\"color: #000000;\">Pas mpiksjes, DUROFLOOR-PU \u00ebsht\u00eb krejt i pareziksh\u00ebm p\u00ebr sh\u00ebndetin.<\/span><\/li>\n<li><span style=\"color: #000000;\">DUROFLOOR-PU \u00ebsht\u00eb synuar vet\u00ebm p\u00ebr p\u00ebrdorim professional.<\/span><\/li>\n<\/ul>\n<\/div>[\/vc_column_inner][\/vc_row_inner][vc_row_inner css=&#8221;.vc_custom_1683100048912{padding-top: 20px !important;}&#8221;][vc_column_inner width=&#8221;1\/2&#8243;]<div class=\"aio-icon-component    style_1\"><div id=\"Info-box-wrap-8531\" class=\"aio-icon-box default-icon\" style=\"\"  ><div class=\"aio-icon-default\"><div class=\"ult-just-icon-wrapper  \"><div class=\"align-icon\" style=\"text-align:center;\">\n<div class=\"aio-icon-img \" style=\"font-size:65px;display:inline-block;\" >\n\t<img decoding=\"async\" class=\"img-icon\" alt=\"null\" src=\"https:\/\/aedcolor.com\/wp-content\/uploads\/2023\/05\/image-2.png\"\/>\n<\/div><\/div><\/div><\/div><div class=\"aio-icon-header\" ><h3 class=\"aio-icon-title ult-responsive\"  data-ultimate-target='#Info-box-wrap-8531 .aio-icon-title'  data-responsive-json-new='{\"font-size\":\"\",\"line-height\":\"\"}'  style=\"\">Sip\u00ebrfaqe: Beton<\/h3><\/div> <!-- header --><\/div> <!-- aio-icon-box --><\/div> <!-- aio-icon-component -->[\/vc_column_inner][vc_column_inner width=&#8221;1\/2&#8243;]<div class=\"aio-icon-component    style_1\"><div id=\"Info-box-wrap-4842\" class=\"aio-icon-box default-icon\" style=\"\"  ><div class=\"aio-icon-default\"><div class=\"ult-just-icon-wrapper  \"><div class=\"align-icon\" style=\"text-align:center;\">\n<div class=\"aio-icon-img \" style=\"font-size:65px;display:inline-block;\" >\n\t<img decoding=\"async\" class=\"img-icon\" alt=\"null\" src=\"https:\/\/aedcolor.com\/wp-content\/uploads\/2023\/05\/image-1.png\"\/>\n<\/div><\/div><\/div><\/div><div class=\"aio-icon-header\" ><h3 class=\"aio-icon-title ult-responsive\"  data-ultimate-target='#Info-box-wrap-4842 .aio-icon-title'  data-responsive-json-new='{\"font-size\":\"\",\"line-height\":\"\"}'  style=\"\">Aplikimi: Fur\u00e7\u00eb<\/h3><\/div> <!-- header --><\/div> <!-- aio-icon-box --><\/div> <!-- aio-icon-component -->[\/vc_column_inner][\/vc_row_inner][\/vc_column][\/vc_row]<\/p>\n<\/div>","protected":false},"excerpt":{"rendered":"<p>[vc_row css=&#8221;.vc_custom_1683099634441{padding-bottom: 30px !important;}&#8221;][vc_column width=&#8221;2\/3&#8243;][vc_custom_heading text=&#8221;DUROFLOOR-PU&#8221; font_container=&#8221;tag:h2|font_size:50|text_align:left&#8221; use_theme_fonts=&#8221;yes&#8221; link=&#8221;|title:AQUAMAT%20-%20SUPERELASTIC||&#8221;][\/vc_column][\/vc_row][vc_row][vc_column width=&#8221;1\/2&#8243;][vc_single_image image=&#8221;7000&#8243; img_size=&#8221;full&#8221;][\/vc_column][vc_column width=&#8221;1\/2&#8243;][vc_column_text]DUROFLOOR-PU \u00ebsht\u00eb nj\u00eb sistem alifatik poliuretani, me dy p\u00ebrb\u00ebr\u00ebs, me ngjyr\u00eb. Pas aplikimit, krijon nj\u00eb membran\u00eb elastike me rezistenc\u00eb t\u00eb p\u00ebrkryer ndaj rezatimit UV. Ka rezistenc\u00eb ndaj f\u00ebrkimit, si dhe nga acidet organike dhe jo organike, alkalet, produktet e naft\u00ebs, tret\u00ebs t\u00eb p\u00ebrcaktuar,&hellip;<\/p>\n","protected":false},"author":2,"featured_media":0,"parent":0,"menu_order":0,"comment_status":"closed","ping_status":"closed","template":"","meta":{"footnotes":""},"class_list":["post-6999","page","type-page","status-publish","hentry","description-off"],"_links":{"self":[{"href":"https:\/\/aedcolor.com\/index.php\/wp-json\/wp\/v2\/pages\/6999","targetHints":{"allow":["GET"]}}],"collection":[{"href":"https:\/\/aedcolor.com\/index.php\/wp-json\/wp\/v2\/pages"}],"about":[{"href":"https:\/\/aedcolor.com\/index.php\/wp-json\/wp\/v2\/types\/page"}],"author":[{"embeddable":true,"href":"https:\/\/aedcolor.com\/index.php\/wp-json\/wp\/v2\/users\/2"}],"replies":[{"embeddable":true,"href":"https:\/\/aedcolor.com\/index.php\/wp-json\/wp\/v2\/comments?post=6999"}],"version-history":[{"count":3,"href":"https:\/\/aedcolor.com\/index.php\/wp-json\/wp\/v2\/pages\/6999\/revisions"}],"predecessor-version":[{"id":9489,"href":"https:\/\/aedcolor.com\/index.php\/wp-json\/wp\/v2\/pages\/6999\/revisions\/9489"}],"wp:attachment":[{"href":"https:\/\/aedcolor.com\/index.php\/wp-json\/wp\/v2\/media?parent=6999"}],"curies":[{"name":"wp","href":"https:\/\/api.w.org\/{rel}","templated":true}]}}