{"id":7591,"date":"2023-07-26T13:22:27","date_gmt":"2023-07-26T13:22:27","guid":{"rendered":"https:\/\/aedcolor.com\/?page_id=7591"},"modified":"2024-05-25T10:58:18","modified_gmt":"2024-05-25T10:58:18","slug":"sterylsan","status":"publish","type":"page","link":"https:\/\/aedcolor.com\/index.php\/sterylsan\/","title":{"rendered":"STERYLSAN"},"content":{"rendered":"<div class=\"wpb-content-wrapper\"><p>[vc_row css=&#8221;.vc_custom_1683099634441{padding-bottom: 30px !important;}&#8221;][vc_column width=&#8221;2\/3&#8243;][vc_custom_heading text=&#8221;STERYLSAN&#8221; font_container=&#8221;tag:h2|font_size:50|text_align:left&#8221; use_theme_fonts=&#8221;yes&#8221; link=&#8221;|title:AQUAMAT%20-%20SUPERELASTIC||&#8221;][\/vc_column][\/vc_row][vc_row][vc_column width=&#8221;1\/2&#8243;][vc_single_image image=&#8221;7458&#8243; img_size=&#8221;full&#8221;][\/vc_column][vc_column width=&#8221;1\/2&#8243;][vc_column_text]<span style=\"color: #000000;\"><strong>Primer dezinfektues, restaurues p\u00ebr muret e brendshme dhe t\u00eb jashtme t\u00eb kontaminuara nga myku dhe algat.<\/strong> Aplikohet n\u00eb zonat q\u00eb do t\u00eb rikuperohen, p\u00ebr t\u00eb krijuar nj\u00eb penges\u00eb ndaj formimit t\u00eb mykut t\u00eb ri. Garanton veprim t\u00eb q\u00ebndruesh\u00ebm.<\/span><\/p>\n<p><span style=\"color: #000000;\"><strong>Cil\u00ebsit\u00eb Teknike<\/strong><\/span><br \/>\n<span style=\"color: #000000;\">STERYLSAN nga OIKOS \u00ebsht\u00eb nj\u00eb produkt rigjall\u00ebrues dhe dezinfektues p\u00ebr muret e brendshme dhe t\u00eb jashtme q\u00eb vuajn\u00eb nga ndotja nga myku dhe algat. \u00cbsht\u00eb nj\u00eb produkt i p\u00ebrgatitur duke p\u00ebrdorur nj\u00eb s\u00ebr\u00eb p\u00ebrb\u00ebr\u00ebsish aktiv\u00eb q\u00eb veprojn\u00eb kund\u00ebr t\u00eb gjitha llojeve t\u00eb mikroorganizmave n\u00eb sip\u00ebrfaqe, fal\u00eb aft\u00ebsis\u00eb s\u00eb tij p\u00ebr t\u00eb dep\u00ebrtuar thell\u00eb brenda suportit. Nuk lahet me uj\u00eb dhe ruan veprimin e tij kund\u00ebr mykut me kalimin e koh\u00ebs.<\/span><\/p>\n<p><span style=\"color: #000000;\"><strong>P\u00ebrdorimi Ideal<\/strong><\/span><br \/>\n<span style=\"color: #000000;\">Muret e brendshme dhe t\u00eb jashtme me probleme t\u00eb mykut dhe algave.<\/span><\/p>\n<p><span style=\"color: #000000;\"><strong>P\u00ebrgatitja e sip\u00ebrfaqes<\/strong><\/span><br \/>\n<span style=\"color: #000000;\">N\u00eb n\u00ebnshtresat q\u00eb tashm\u00eb jan\u00eb prekur nga myku dhe algat, hiqni dhe neutralizoni \u00e7do mikroorganiz\u00ebm duke aplikuar nj\u00eb shtres\u00eb STERYLFIX nga OIKOS.<\/span><\/p>\n<p><span style=\"color: #000000;\"><strong>Metoda e Aplikimit<\/strong><\/span><br \/>\n<span style=\"color: #000000;\">Aplikoni nj\u00eb shtres\u00eb STERYLSAN nga OIKOS t\u00eb paholluar, duke p\u00ebrdorur nj\u00eb fur\u00e7\u00eb ose rul p\u00ebr t\u00eb rigjall\u00ebruar n\u00eb m\u00ebnyr\u00eb perfekte murin. L\u00ebreni produktin n\u00eb mur p\u00ebr t\u00eb pakt\u00ebn 6-8 or\u00eb p\u00ebrpara se t\u00eb vazhdoni me lyerjen. Kjo lejon dezinfektimin e plot\u00eb t\u00eb murit edhe n\u00eb thell\u00ebsi t\u00eb sip\u00ebrfaqes.<\/span><\/p>\n<p><span style=\"color: #000000;\"><strong>Informacion mbi sigurin\u00eb<\/strong><\/span><br \/>\n<span style=\"color: #000000;\">Produkti \u00ebsht\u00eb pa metale t\u00eb r\u00ebnda si plumbi ose krom. Nuk p\u00ebrmban tret\u00ebs toksik\u00eb, aromatik\u00eb ose kloride. Nuk ka rrezik t\u00eb polimerizimit t\u00eb rreziksh\u00ebm. Produkti klasifikohet si i rreziksh\u00ebm n\u00eb p\u00ebrputhje me dispozitat e p\u00ebrcaktuara n\u00eb Rregulloret (CE) 1272\/2008 (CLP) dhe ndryshimet dhe shtesat pasuese. P\u00ebr m\u00eb shum\u00eb informacion, shihni flet\u00ebn e t\u00eb dh\u00ebnave t\u00eb siguris\u00eb s\u00eb produktit. Nuk k\u00ebrkohen rregullime t\u00eb ve\u00e7anta p\u00ebr ruajtjen, l\u00ebvizjen dhe transportin e produktit; kontejner\u00ebt, mbetjet, materiali i derdhur eventual duhet t\u00eb pastrohen duke p\u00ebrdorur material inert absorbues si r\u00ebr\u00eb, tok\u00eb etj. etj. dhe m\u00eb pas t\u00eb hidhen n\u00eb p\u00ebrputhje me rregulloret rajonale dhe komb\u00ebtare n\u00eb fuqi n\u00eb at\u00eb koh\u00eb. Transporti duhet t\u00eb kryhet n\u00eb p\u00ebrputhje me marr\u00ebveshjet nd\u00ebrkomb\u00ebtare.<\/span>[\/vc_column_text][\/vc_column][\/vc_row]<\/p>\n<\/div>","protected":false},"excerpt":{"rendered":"<p>[vc_row css=&#8221;.vc_custom_1683099634441{padding-bottom: 30px !important;}&#8221;][vc_column width=&#8221;2\/3&#8243;][vc_custom_heading text=&#8221;STERYLSAN&#8221; font_container=&#8221;tag:h2|font_size:50|text_align:left&#8221; use_theme_fonts=&#8221;yes&#8221; link=&#8221;|title:AQUAMAT%20-%20SUPERELASTIC||&#8221;][\/vc_column][\/vc_row][vc_row][vc_column width=&#8221;1\/2&#8243;][vc_single_image image=&#8221;7458&#8243; img_size=&#8221;full&#8221;][\/vc_column][vc_column width=&#8221;1\/2&#8243;][vc_column_text]Primer dezinfektues, restaurues p\u00ebr muret e brendshme dhe t\u00eb jashtme t\u00eb kontaminuara nga myku dhe algat. Aplikohet n\u00eb zonat q\u00eb do t\u00eb rikuperohen, p\u00ebr t\u00eb krijuar nj\u00eb penges\u00eb ndaj formimit t\u00eb mykut t\u00eb ri. Garanton veprim t\u00eb q\u00ebndruesh\u00ebm. Cil\u00ebsit\u00eb Teknike STERYLSAN nga OIKOS&hellip;<\/p>\n","protected":false},"author":2,"featured_media":0,"parent":0,"menu_order":0,"comment_status":"closed","ping_status":"closed","template":"","meta":{"footnotes":""},"class_list":["post-7591","page","type-page","status-publish","hentry","description-off"],"_links":{"self":[{"href":"https:\/\/aedcolor.com\/index.php\/wp-json\/wp\/v2\/pages\/7591","targetHints":{"allow":["GET"]}}],"collection":[{"href":"https:\/\/aedcolor.com\/index.php\/wp-json\/wp\/v2\/pages"}],"about":[{"href":"https:\/\/aedcolor.com\/index.php\/wp-json\/wp\/v2\/types\/page"}],"author":[{"embeddable":true,"href":"https:\/\/aedcolor.com\/index.php\/wp-json\/wp\/v2\/users\/2"}],"replies":[{"embeddable":true,"href":"https:\/\/aedcolor.com\/index.php\/wp-json\/wp\/v2\/comments?post=7591"}],"version-history":[{"count":4,"href":"https:\/\/aedcolor.com\/index.php\/wp-json\/wp\/v2\/pages\/7591\/revisions"}],"predecessor-version":[{"id":11588,"href":"https:\/\/aedcolor.com\/index.php\/wp-json\/wp\/v2\/pages\/7591\/revisions\/11588"}],"wp:attachment":[{"href":"https:\/\/aedcolor.com\/index.php\/wp-json\/wp\/v2\/media?parent=7591"}],"curies":[{"name":"wp","href":"https:\/\/api.w.org\/{rel}","templated":true}]}}