{"id":7601,"date":"2023-07-27T06:44:59","date_gmt":"2023-07-27T06:44:59","guid":{"rendered":"https:\/\/aedcolor.com\/?page_id=7601"},"modified":"2024-05-23T13:15:00","modified_gmt":"2024-05-23T13:15:00","slug":"fondo-murales","status":"publish","type":"page","link":"https:\/\/aedcolor.com\/index.php\/fondo-murales\/","title":{"rendered":"FONDO MURALES"},"content":{"rendered":"<div class=\"wpb-content-wrapper\"><p>[vc_row css=&#8221;.vc_custom_1683099634441{padding-bottom: 30px !important;}&#8221;][vc_column width=&#8221;2\/3&#8243;][vc_custom_heading text=&#8221;FONDO MURALES&#8221; font_container=&#8221;tag:h2|font_size:50|text_align:left&#8221; use_theme_fonts=&#8221;yes&#8221; link=&#8221;|title:AQUAMAT%20-%20SUPERELASTIC||&#8221;][\/vc_column][\/vc_row][vc_row][vc_column width=&#8221;1\/2&#8243;][vc_single_image image=&#8221;7479&#8243; img_size=&#8221;full&#8221;][\/vc_column][vc_column width=&#8221;1\/2&#8243;][vc_column_text]<span style=\"color: #000000;\"><strong>Boj\u00eb mbush\u00ebse akrilike me mbulim shum\u00eb t\u00eb lart\u00eb p\u00ebr t&#8217;u aplikuar direkt n\u00eb mur, nuk k\u00ebrkon fiksues dhe ajrosjet, ideale si astar per dekorim.<\/strong> E disponueshme ne 116 ngjyra.<\/span><\/p>\n<p><strong><span style=\"color: #000000;\">Cil\u00ebsit\u00eb Teknike<\/span><\/strong><br \/>\n<span style=\"color: #000000;\">FONDO MURALES nga OIKOS \u00ebsht\u00eb nj\u00eb shtres\u00eb baz\u00eb e vecant\u00eb, akrilike q\u00eb formon dhe baz\u00eb ideale p\u00ebr p\u00ebrfundimet dekorative. Formulimi i vecant\u00eb i produkteve i bazuar n\u00eb rr\u00ebshira akrilike bashkon karakteristikat e p\u00ebrshkueshm\u00ebris\u00eb s\u00eb avullit dhe mbulimit t\u00eb shk\u00eblqyer t\u00eb sip\u00ebrfaqes, duke p\u00ebrgatitur k\u00ebshtu sip\u00ebrfaqen n\u00eb nj\u00eb m\u00ebnyr\u00eb ideale p\u00ebr dekorimin e m\u00ebvonsh\u00ebm. Produkti ka nj\u00eb nivel t\u00eb ul\u00ebt er\u00eb, nuk \u00ebsht\u00eb i ndezsh\u00ebm dhe \u00ebsht\u00eb miq\u00ebsor si p\u00ebr njer\u00ebzit ashtu edhe p\u00ebr mjedisin.<\/span><\/p>\n<p><strong><span style=\"color: #000000;\">P\u00ebrgatitja e Sip\u00ebrfaqes<\/span><\/strong><br \/>\n<span style=\"color: #000000;\">Sip\u00ebrfaqet e reja duhet t\u00eb jen\u00eb t\u00ebr\u00ebsisht t\u00eb thata. N\u00eb sip\u00ebrfaqet e vjetra ose t\u00eb lyera m\u00eb par\u00eb, hiqni cdo depozit\u00eb pluhuri, smogu ose papast\u00ebrti t\u00eb tjera duke p\u00ebrdorur furc\u00eb ose larje t\u00eb plot\u00eb. Hiqni cdo material t\u00eb lirsh\u00ebm ose t\u00eb th\u00ebrrmuar, n\u00ebse \u00ebsht\u00eb e nevojshme, aplikoni nj\u00eb shtres\u00eb t\u00eb izoluesit special NEOFIX nga OIKOS. Prisni 4-6 or\u00eb t\u00eb thahet.<\/span><\/p>\n<p><strong><span style=\"color: #000000;\">Metoda e Aplikimit<\/span><\/strong><br \/>\n<span style=\"color: #000000;\">Aplikoni me furc\u00eb, rul ose pistolet\u00eb, sipas mbulimit t\u00eb k\u00ebrkuar, nj\u00eb ose dy shtresa FONDO MURALES nga OIKOS n\u00eb ngjyr\u00ebn e treguar p\u00ebr produktin p\u00ebrfundimtar q\u00eb do t\u00eb p\u00ebrdorni, holloni me 20-30% uj\u00eb t\u00eb pijsh\u00ebm duke l\u00ebn\u00eb af\u00ebrsisht 6 or\u00eb nd\u00ebrmjet nj\u00eb shtres\u00eb dhe tjetra me furc\u00eb ose rul.<\/span><\/p>\n<p><strong><span style=\"color: #000000;\">Informacion mbi Sigurin\u00eb<\/span><\/strong><br \/>\n<span style=\"color: #000000;\">Produkti \u00ebsht\u00eb pa metale t\u00eb r\u00ebnda si plumbi ose kromi. Nuk p\u00ebrmban tret\u00ebs toksik\u00eb, aromatik\u00eb ose kloride. Nuk ka asnj\u00eb rrezik t\u00eb polimerizimit t\u00eb rreziksh\u00ebm. Produkti konsiderohet t\u00eb jet\u00eb nj\u00eb substanc\u00eb jo e rrezikshme n\u00ebse p\u00ebrdoret n\u00eb m\u00ebnyr\u00ebn e duhur teknikisht. K\u00ebshillohen masa normale paraprake p\u00ebr trajtimin e bojrave me baz\u00eb uji. Nuk k\u00ebrkohen rregullime t\u00eb vecanta p\u00ebr ruajtjen, l\u00ebvizjen dhe transportin e produktit; kontenier\u00ebt, mbetjet, materiali eventual i derdhur duhet t\u00eb pastrohen duke p\u00ebrdorur material inert absorbues si r\u00ebr\u00eb, dhe, etj. dhe m\u00eb pas t\u00eb hidhen n\u00eb p\u00ebrputhje me rregulloret rajonale dhe komb\u00ebtare n\u00eb fuqi n\u00eb at\u00eb koh\u00eb. Transporti duhet t\u00eb kryhet n\u00eb p\u00ebrputhje me marr\u00ebveshjet nd\u00ebrkomb\u00ebtare.<\/span><\/p>\n<p><strong><span style=\"color: #000000;\">Specifikimet<\/span><\/strong><br \/>\n<span style=\"color: #000000;\">Sip\u00ebrfaqet e reja duhet t\u00eb jen\u00eb plot\u00ebsisht t\u00eb thata. N\u00eb sip\u00ebrfaqet e vjetra ose sip\u00ebrfaqet e lyera m\u00eb par\u00eb, hiqni pluhurin, smogun ose papast\u00ebrtit\u00eb e tjera me furc\u00eb ose larje. Hiqni cdo material t\u00eb lirsh\u00ebm ose t\u00eb shk\u00ebrmoqur. Ndiqni k\u00ebt\u00eb duke aplikuar, n\u00ebse\u00a0\u00ebsht\u00eb e nevojshme, nj\u00eb shtres\u00eb t\u00eb ngjit\u00ebsit special NEOFIX nga OIKOS. Prisni 4-6 or\u00eb derisa t\u00eb thahet. Aplikoni nj\u00eb ose dy shtresa FONDO MURALES nga OIKOS si shtres\u00eb baz\u00eb. Prisni 6-8 or\u00eb derisa t\u00eb thahet.<\/span><\/p>\n<p>[\/vc_column_text][\/vc_column][\/vc_row]<\/p>\n<\/div>","protected":false},"excerpt":{"rendered":"<p>[vc_row css=&#8221;.vc_custom_1683099634441{padding-bottom: 30px !important;}&#8221;][vc_column width=&#8221;2\/3&#8243;][vc_custom_heading text=&#8221;FONDO MURALES&#8221; font_container=&#8221;tag:h2|font_size:50|text_align:left&#8221; use_theme_fonts=&#8221;yes&#8221; link=&#8221;|title:AQUAMAT%20-%20SUPERELASTIC||&#8221;][\/vc_column][\/vc_row][vc_row][vc_column width=&#8221;1\/2&#8243;][vc_single_image image=&#8221;7479&#8243; img_size=&#8221;full&#8221;][\/vc_column][vc_column width=&#8221;1\/2&#8243;][vc_column_text]Boj\u00eb mbush\u00ebse akrilike me mbulim shum\u00eb t\u00eb lart\u00eb p\u00ebr t&#8217;u aplikuar direkt n\u00eb mur, nuk k\u00ebrkon fiksues dhe ajrosjet, ideale si astar per dekorim. E disponueshme ne 116 ngjyra. Cil\u00ebsit\u00eb Teknike FONDO MURALES nga OIKOS \u00ebsht\u00eb nj\u00eb shtres\u00eb baz\u00eb e vecant\u00eb, akrilike&hellip;<\/p>\n","protected":false},"author":2,"featured_media":0,"parent":0,"menu_order":0,"comment_status":"closed","ping_status":"closed","template":"","meta":{"footnotes":""},"class_list":["post-7601","page","type-page","status-publish","hentry","description-off"],"_links":{"self":[{"href":"https:\/\/aedcolor.com\/index.php\/wp-json\/wp\/v2\/pages\/7601","targetHints":{"allow":["GET"]}}],"collection":[{"href":"https:\/\/aedcolor.com\/index.php\/wp-json\/wp\/v2\/pages"}],"about":[{"href":"https:\/\/aedcolor.com\/index.php\/wp-json\/wp\/v2\/types\/page"}],"author":[{"embeddable":true,"href":"https:\/\/aedcolor.com\/index.php\/wp-json\/wp\/v2\/users\/2"}],"replies":[{"embeddable":true,"href":"https:\/\/aedcolor.com\/index.php\/wp-json\/wp\/v2\/comments?post=7601"}],"version-history":[{"count":2,"href":"https:\/\/aedcolor.com\/index.php\/wp-json\/wp\/v2\/pages\/7601\/revisions"}],"predecessor-version":[{"id":11575,"href":"https:\/\/aedcolor.com\/index.php\/wp-json\/wp\/v2\/pages\/7601\/revisions\/11575"}],"wp:attachment":[{"href":"https:\/\/aedcolor.com\/index.php\/wp-json\/wp\/v2\/media?parent=7601"}],"curies":[{"name":"wp","href":"https:\/\/api.w.org\/{rel}","templated":true}]}}