{"id":7620,"date":"2023-07-27T08:48:44","date_gmt":"2023-07-27T08:48:44","guid":{"rendered":"https:\/\/aedcolor.com\/?page_id=7620"},"modified":"2024-05-25T08:29:55","modified_gmt":"2024-05-25T08:29:55","slug":"cera-per-stucco","status":"publish","type":"page","link":"https:\/\/aedcolor.com\/index.php\/cera-per-stucco\/","title":{"rendered":"CERA PER STUCCO"},"content":{"rendered":"<div class=\"wpb-content-wrapper\"><p>[vc_row css=&#8221;.vc_custom_1683099634441{padding-bottom: 30px !important;}&#8221;][vc_column width=&#8221;2\/3&#8243;][vc_custom_heading text=&#8221;CERA PER STUCCO&#8221; font_container=&#8221;tag:h2|font_size:50|text_align:left&#8221; use_theme_fonts=&#8221;yes&#8221; link=&#8221;|title:AQUAMAT%20-%20SUPERELASTIC||&#8221;][\/vc_column][\/vc_row][vc_row][vc_column width=&#8221;1\/2&#8243;][vc_single_image image=&#8221;7510&#8243; img_size=&#8221;full&#8221;][\/vc_column][vc_column width=&#8221;1\/2&#8243;][vc_column_text]<span style=\"color: #000000;\"><strong>Dylli dekorativ i krijuar p\u00ebr t\u00eb rritur shk\u00eblqimin e llacit.<\/strong> Rendiment i lart\u00eb, fal\u00eb aplikimit t\u00eb thjesht\u00eb dhe t\u00eb shpejt\u00eb me spatul, n\u00eb nj\u00eb shtres\u00eb t\u00eb vetme, mund\u00ebson marrjen e efekteve t\u00eb shk\u00eblqyera mermeri duke respektuar p\u00ebrpunimin dhe natyralitetin e llacit mbi t\u00eb cilin aplikohet.<\/span><\/p>\n<p><strong><span style=\"color: #000000;\">Karakteristikat Teknike<br \/>\n<\/span><\/strong><span style=\"color: #000000;\">CERA PER STUCCO \u00ebsht\u00eb nj\u00eb dyll dekorativ n\u00eb form\u00eb paste, i krijuar p\u00ebr t\u00eb lart\u00ebsuar shk\u00eblqimin e llacit. Fal\u00eb aplikimit t\u00eb tij t\u00eb shpejt\u00eb dhe t\u00eb thejsht\u00eb, me nj\u00eb shtres\u00eb, aplikimi me mistri ose sfungjer, \u00ebsht\u00eb e mundur t\u00eb p\u00ebrftohen efekte t\u00eb shk\u00eblqyera mermeri duke respektuar teknik\u00ebn dhe ndjesin\u00eb natyrale t\u00eb p\u00ebrfundimit t\u00eb llacit mbi t\u00eb cilin aplikohet Cera per Stucco. Aditiv\u00ebt n\u00eb produkt leht\u00ebsojn\u00eb aplikimin e tij dhe e b\u00ebjn\u00eb m\u00eb t\u00eb leht\u00eb lustrimin. Cera per Stucco mbron sip\u00ebrfaqen n\u00eb t\u00eb cil\u00ebn aplikohet duke e b\u00ebr\u00eb at\u00eb rezistente ndaj f\u00ebrkimit. \u00cbsht\u00eb jo i ndezsh\u00ebm, nuk ka formaldehid t\u00eb shtuar dhe \u00ebsht\u00eb miq\u00ebsor si p\u00ebr njer\u00ebzit ashtu edhe p\u00ebr mjedisin.<\/span><\/p>\n<p><strong><span style=\"color: #000000;\">P\u00ebrdorimi Ideal<\/span><\/strong><br \/>\n<span style=\"color: #000000;\">Lustrim dhe mbrojtje t\u00eb mureve t\u00eb brendshme dhe orendive t\u00eb veshura me llac dekorativ.<\/span><\/p>\n<p><strong><span style=\"color: #000000;\">P\u00ebrgatitja e sip\u00ebrfaqes<\/span><\/strong><br \/>\n<span style=\"color: #000000;\">Prisni t\u00eb pakt\u00ebn 6-8 or\u00eb pas aplikimit t\u00eb shtres\u00ebs s\u00eb fundit t\u00eb llacit dhe n\u00eb cdo rast derisa t\u00eb thahet plot\u00ebsisht.<\/span><\/p>\n<p><strong><span style=\"color: #000000;\">M\u00ebnyra e aplikimit<\/span><\/strong><br \/>\n<span style=\"color: #000000;\">Aplikoni nj\u00eb shtres\u00eb t\u00eb vetme dhe t\u00eb barabart\u00eb CERA PER STUCCO duke p\u00ebrdorur nj\u00eb mistri inoxi. N\u00eb sip\u00ebrfaqe t\u00eb pabarabarta \u00ebsht\u00eb e mundur t\u00eb aplikoni produktin duke p\u00ebrdorur nj\u00eb sfungjer sintetik. P\u00ebr t\u00eb rritur m\u00eb tej shk\u00eblqimin, pas 24 or\u00ebsh \u00ebsht\u00eb e mundur t\u00eb lustohet sip\u00ebrfaqja duke p\u00ebrdorur nj\u00eb leck\u00eb t\u00eb but\u00eb.<\/span><br \/>\n<span style=\"color: #000000;\">Kujdes: mos lini shum\u00eb produkt n\u00eb sip\u00ebrfaqe sepse kjo mund t\u00eb shkaktoj\u00eb formimin e aureol\u00ebve t\u00eb lehta.<\/span><\/p>\n<p><strong><span style=\"color: #000000;\">Informacion mbi sigurin\u00eb<\/span><\/strong><br \/>\n<span style=\"color: #000000;\">Produkti \u00ebsht\u00eb pa metale t\u00eb r\u00ebnda si plumbi ose kromi. Nuk p\u00ebrmban tret\u00ebs toksik\u00eb, aromatik\u00eb ose kloride. Nuk ka rrezik t\u00eb polimerizimit t\u00eb rreziksh\u00ebm. Produkti konsiderohet t\u00eb jet\u00eb nj\u00eb substanc\u00eb jo e rrezikshme n\u00ebse p\u00ebrdoret n\u00eb m\u00ebnyr\u00ebn e duhur teknikisht. K\u00ebshillohen masa normale paraprake p\u00ebr trajtimin e bojrave me baz\u00eb uji. Nuk k\u00ebrkohen rregullime t\u00eb vecanta p\u00ebr ruajtjen, l\u00ebvizjen dhe transportin e produktit; kontenier\u00ebt, mbetjet, materiali i derdhur eventual duhet t\u00eb pastrohen duke p\u00ebrdorur material inert absorbues si r\u00ebr\u00eb, dhe etj. dhe m\u00eb pas t\u00eb hidhen n\u00eb p\u00ebrputhje me rregulloret rajonale dhe komb\u00ebtare n\u00eb fuqi n\u00eb at\u00eb koh\u00eb. Transporti duhet t\u00eb kryhet n\u00eb p\u00ebrputhje me marr\u00ebveshjet nd\u00ebrkomb\u00ebtare.<\/span>[\/vc_column_text][\/vc_column][\/vc_row]<\/p>\n<\/div>","protected":false},"excerpt":{"rendered":"<p>[vc_row css=&#8221;.vc_custom_1683099634441{padding-bottom: 30px !important;}&#8221;][vc_column width=&#8221;2\/3&#8243;][vc_custom_heading text=&#8221;CERA PER STUCCO&#8221; font_container=&#8221;tag:h2|font_size:50|text_align:left&#8221; use_theme_fonts=&#8221;yes&#8221; link=&#8221;|title:AQUAMAT%20-%20SUPERELASTIC||&#8221;][\/vc_column][\/vc_row][vc_row][vc_column width=&#8221;1\/2&#8243;][vc_single_image image=&#8221;7510&#8243; img_size=&#8221;full&#8221;][\/vc_column][vc_column width=&#8221;1\/2&#8243;][vc_column_text]Dylli dekorativ i krijuar p\u00ebr t\u00eb rritur shk\u00eblqimin e llacit. Rendiment i lart\u00eb, fal\u00eb aplikimit t\u00eb thjesht\u00eb dhe t\u00eb shpejt\u00eb me spatul, n\u00eb nj\u00eb shtres\u00eb t\u00eb vetme, mund\u00ebson marrjen e efekteve t\u00eb shk\u00eblqyera mermeri duke respektuar p\u00ebrpunimin dhe natyralitetin e llacit&hellip;<\/p>\n","protected":false},"author":2,"featured_media":0,"parent":0,"menu_order":0,"comment_status":"closed","ping_status":"closed","template":"","meta":{"footnotes":""},"class_list":["post-7620","page","type-page","status-publish","hentry","description-off"],"_links":{"self":[{"href":"https:\/\/aedcolor.com\/index.php\/wp-json\/wp\/v2\/pages\/7620","targetHints":{"allow":["GET"]}}],"collection":[{"href":"https:\/\/aedcolor.com\/index.php\/wp-json\/wp\/v2\/pages"}],"about":[{"href":"https:\/\/aedcolor.com\/index.php\/wp-json\/wp\/v2\/types\/page"}],"author":[{"embeddable":true,"href":"https:\/\/aedcolor.com\/index.php\/wp-json\/wp\/v2\/users\/2"}],"replies":[{"embeddable":true,"href":"https:\/\/aedcolor.com\/index.php\/wp-json\/wp\/v2\/comments?post=7620"}],"version-history":[{"count":2,"href":"https:\/\/aedcolor.com\/index.php\/wp-json\/wp\/v2\/pages\/7620\/revisions"}],"predecessor-version":[{"id":11583,"href":"https:\/\/aedcolor.com\/index.php\/wp-json\/wp\/v2\/pages\/7620\/revisions\/11583"}],"wp:attachment":[{"href":"https:\/\/aedcolor.com\/index.php\/wp-json\/wp\/v2\/media?parent=7620"}],"curies":[{"name":"wp","href":"https:\/\/api.w.org\/{rel}","templated":true}]}}