{"id":8862,"date":"2023-09-09T10:49:00","date_gmt":"2023-09-09T10:49:00","guid":{"rendered":"https:\/\/aedcolor.com\/?page_id=8862"},"modified":"2023-09-09T10:49:00","modified_gmt":"2023-09-09T10:49:00","slug":"joint-filler","status":"publish","type":"page","link":"https:\/\/aedcolor.com\/index.php\/joint-filler\/","title":{"rendered":"JOINT-FILLER"},"content":{"rendered":"<div class=\"wpb-content-wrapper\"><p>[vc_row css=&#8221;.vc_custom_1683099634441{padding-bottom: 30px !important;}&#8221;][vc_column width=&#8221;2\/3&#8243;][vc_custom_heading text=&#8221;JOINT-FILLER&#8221; font_container=&#8221;tag:h2|font_size:50|text_align:left&#8221; use_theme_fonts=&#8221;yes&#8221; link=&#8221;|title:AQUAMAT%20-%20SUPERELASTIC||&#8221;][\/vc_column][\/vc_row][vc_row][vc_column width=&#8221;1\/2&#8243;][vc_single_image image=&#8221;8860&#8243; img_size=&#8221;full&#8221;][\/vc_column][vc_column width=&#8221;1\/2&#8243;][vc_column_text]<span style=\"color: #000000;\"><strong>JOINT-FILLER \u00ebsht\u00eb nj\u00eb material plastik me baz\u00eb cimentoje, i p\u00ebrforcuar me fibra p\u00ebr stukimin e pllakave t\u00eb cimentos.<\/strong> Ka p\u00ebrkulshm\u00ebri t\u00eb lart\u00eb, rezistenc\u00eb t\u00eb lart\u00eb mekanike dhe ngjitje t\u00eb shk\u00eblqyer me n\u00ebnshtres\u00ebn. Mund t\u00eb p\u00ebrdoret dhe t\u00eb f\u00ebrkohet leht\u00ebsisht. Ofron nj\u00eb sip\u00ebrfaqe finale t\u00eb l\u00ebmuar, t\u00eb gatshme p\u00ebr veshje shtes\u00eb (boj\u00eb, pllaka etj.). JOINT-FILLER \u00ebsht\u00eb e p\u00ebrshtatshme p\u00ebr stukimin e fugave t\u00eb bashkimeve t\u00eb pllakave t\u00eb cimentos, gjithmon\u00eb e kombinuar me rezistent\u00ebt e alkalin\u00ebve dhe shiritat me vet\u00ebngjitje t\u00eb fibrave t\u00eb xhamit. Ideal p\u00ebr izolim t\u00eb plasaritjeve lokale t\u00eb sip\u00ebrfaqeve, poreve etj. I p\u00ebrshtatsh\u00ebm gjithashtu p\u00ebr stukimin e vidave t\u00eb mb\u00ebrthimit t\u00eb pllakave t\u00eb cimentos.<\/span><\/p>\n<p><strong><span style=\"color: #000000;\">N\u00ebnshtresa<\/span><\/strong><\/p>\n<p><span style=\"color: #000000;\">Pllakat e cimentos duhet t\u00eb vendosen mir\u00eb dhe vidat e tyre mb\u00ebrthyese nuk duhet t\u00eb dalin mbi sip\u00ebrfaqe. Bashkimi duhet t\u00eb jet\u00eb i past\u00ebr, pa pluhur, graso, grimca t\u00eb lira etj. P\u00ebrpara p\u00ebrdorimit t\u00eb JOINT-FILLER, vendi i bashkimit duhet t\u00eb laget plot\u00ebsisht.<\/span><\/p>\n<p><strong><span style=\"color: #000000;\">P\u00ebrdorimi<\/span><\/strong><\/p>\n<p><span style=\"color: #000000;\">JOINT-FILLER shtohet gradualisht n\u00eb uj\u00eb, duke u trazuar vazhdimisht, derisa t\u00eb krijohet nj\u00eb p\u00ebrzierje homogjene n\u00eb punueshm\u00ebrin\u00eb e k\u00ebrkuar. Fillimisht, mbi vendin e bashkimit vendoset nj\u00eb shirit me vet\u00ebngjitje, rezistues ndaj alkalin\u00ebve, prej fibrave t\u00eb xhamit. M\u00eb pas, materiali hidhet n\u00eb sip\u00ebrfaqen e p\u00ebrgatitur m\u00eb par\u00eb me nj\u00eb shpatull celiku, derisa t\u00eb mbushet i gjith\u00eb vendi i bashkimit. P\u00ebr izolimin e plasaritjeve lokalet\u00eb sip\u00ebrfaqeve, poreve etj, sip\u00ebrfaqja duhet vet\u00ebm t\u00eb stukohet. Pasi t\u00eb thahet materiali, sip\u00ebrfaqja smerilohet me let\u00ebr smerile.<\/span>[\/vc_column_text][vc_row_inner][vc_column_inner width=&#8221;1\/2&#8243;]<div class=\"standard-arrow bullet-top\"><ul>\n<li><span style=\"color: #000000;\">Konsumi: Rreth 100-150 g p\u00ebr met\u00ebr linear t\u00eb bashkuar.<\/span><\/li>\n<\/ul>\n<\/div>[\/vc_column_inner][vc_column_inner width=&#8221;1\/2&#8243;]<div class=\"standard-arrow bullet-top\"><ul>\n<li><span style=\"color: #000000;\">Ambalazhimi: Thas\u00eb prej 20 kg<\/span><\/li>\n<\/ul>\n<\/div>[\/vc_column_inner][\/vc_row_inner][vc_row_inner css=&#8221;.vc_custom_1683100048912{padding-top: 20px !important;}&#8221;][vc_column_inner width=&#8221;1\/2&#8243;]<div class=\"aio-icon-component    style_1\"><div id=\"Info-box-wrap-7054\" class=\"aio-icon-box default-icon\" style=\"\"  ><div class=\"aio-icon-default\"><div class=\"ult-just-icon-wrapper  \"><div class=\"align-icon\" style=\"text-align:center;\">\n<div class=\"aio-icon-img \" style=\"font-size:65px;display:inline-block;\" >\n\t<img decoding=\"async\" class=\"img-icon\" alt=\"null\" src=\"https:\/\/aedcolor.com\/wp-content\/uploads\/2023\/05\/image-2.png\"\/>\n<\/div><\/div><\/div><\/div><div class=\"aio-icon-header\" ><h3 class=\"aio-icon-title ult-responsive\"  data-ultimate-target='#Info-box-wrap-7054 .aio-icon-title'  data-responsive-json-new='{\"font-size\":\"\",\"line-height\":\"\"}'  style=\"\">Sip\u00ebrfaqe: Beton<\/h3><\/div> <!-- header --><\/div> <!-- aio-icon-box --><\/div> <!-- aio-icon-component -->[\/vc_column_inner][vc_column_inner width=&#8221;1\/2&#8243;]<div class=\"aio-icon-component    style_1\"><div id=\"Info-box-wrap-9538\" class=\"aio-icon-box default-icon\" style=\"\"  ><div class=\"aio-icon-default\"><div class=\"ult-just-icon-wrapper  \"><div class=\"align-icon\" style=\"text-align:center;\">\n<div class=\"aio-icon-img \" style=\"font-size:65px;display:inline-block;\" >\n\t<img decoding=\"async\" class=\"img-icon\" alt=\"null\" src=\"https:\/\/aedcolor.com\/wp-content\/uploads\/2023\/05\/image-1.png\"\/>\n<\/div><\/div><\/div><\/div><div class=\"aio-icon-header\" ><h3 class=\"aio-icon-title ult-responsive\"  data-ultimate-target='#Info-box-wrap-9538 .aio-icon-title'  data-responsive-json-new='{\"font-size\":\"\",\"line-height\":\"\"}'  style=\"\">Aplikimi: Mistri<\/h3><\/div> <!-- header --><\/div> <!-- aio-icon-box --><\/div> <!-- aio-icon-component -->[\/vc_column_inner][\/vc_row_inner][\/vc_column][\/vc_row]<\/p>\n<\/div>","protected":false},"excerpt":{"rendered":"<p>[vc_row css=&#8221;.vc_custom_1683099634441{padding-bottom: 30px !important;}&#8221;][vc_column width=&#8221;2\/3&#8243;][vc_custom_heading text=&#8221;JOINT-FILLER&#8221; font_container=&#8221;tag:h2|font_size:50|text_align:left&#8221; use_theme_fonts=&#8221;yes&#8221; link=&#8221;|title:AQUAMAT%20-%20SUPERELASTIC||&#8221;][\/vc_column][\/vc_row][vc_row][vc_column width=&#8221;1\/2&#8243;][vc_single_image image=&#8221;8860&#8243; img_size=&#8221;full&#8221;][\/vc_column][vc_column width=&#8221;1\/2&#8243;][vc_column_text]JOINT-FILLER \u00ebsht\u00eb nj\u00eb material plastik me baz\u00eb cimentoje, i p\u00ebrforcuar me fibra p\u00ebr stukimin e pllakave t\u00eb cimentos. Ka p\u00ebrkulshm\u00ebri t\u00eb lart\u00eb, rezistenc\u00eb t\u00eb lart\u00eb mekanike dhe ngjitje t\u00eb shk\u00eblqyer me n\u00ebnshtres\u00ebn. Mund t\u00eb p\u00ebrdoret dhe t\u00eb f\u00ebrkohet leht\u00ebsisht. Ofron nj\u00eb sip\u00ebrfaqe finale&hellip;<\/p>\n","protected":false},"author":2,"featured_media":0,"parent":0,"menu_order":0,"comment_status":"closed","ping_status":"closed","template":"","meta":{"footnotes":""},"class_list":["post-8862","page","type-page","status-publish","hentry","description-off"],"_links":{"self":[{"href":"https:\/\/aedcolor.com\/index.php\/wp-json\/wp\/v2\/pages\/8862","targetHints":{"allow":["GET"]}}],"collection":[{"href":"https:\/\/aedcolor.com\/index.php\/wp-json\/wp\/v2\/pages"}],"about":[{"href":"https:\/\/aedcolor.com\/index.php\/wp-json\/wp\/v2\/types\/page"}],"author":[{"embeddable":true,"href":"https:\/\/aedcolor.com\/index.php\/wp-json\/wp\/v2\/users\/2"}],"replies":[{"embeddable":true,"href":"https:\/\/aedcolor.com\/index.php\/wp-json\/wp\/v2\/comments?post=8862"}],"version-history":[{"count":1,"href":"https:\/\/aedcolor.com\/index.php\/wp-json\/wp\/v2\/pages\/8862\/revisions"}],"predecessor-version":[{"id":8864,"href":"https:\/\/aedcolor.com\/index.php\/wp-json\/wp\/v2\/pages\/8862\/revisions\/8864"}],"wp:attachment":[{"href":"https:\/\/aedcolor.com\/index.php\/wp-json\/wp\/v2\/media?parent=8862"}],"curies":[{"name":"wp","href":"https:\/\/api.w.org\/{rel}","templated":true}]}}