{"id":8914,"date":"2023-09-12T08:49:18","date_gmt":"2023-09-12T08:49:18","guid":{"rendered":"https:\/\/aedcolor.com\/?page_id=8914"},"modified":"2023-09-12T08:49:18","modified_gmt":"2023-09-12T08:49:18","slug":"fd-clean","status":"publish","type":"page","link":"https:\/\/aedcolor.com\/index.php\/fd-clean\/","title":{"rendered":"FD-CLEAN"},"content":{"rendered":"<div class=\"wpb-content-wrapper\"><p>[vc_row css=&#8221;.vc_custom_1683099634441{padding-bottom: 30px !important;}&#8221;][vc_column width=&#8221;2\/3&#8243;][vc_custom_heading text=&#8221;FD-CLEAN&#8221; font_container=&#8221;tag:h2|font_size:50|text_align:left&#8221; use_theme_fonts=&#8221;yes&#8221; link=&#8221;|title:AQUAMAT%20-%20SUPERELASTIC||&#8221;][\/vc_column][\/vc_row][vc_row][vc_column width=&#8221;1\/2&#8243;][vc_single_image image=&#8221;8912&#8243; img_size=&#8221;full&#8221;][\/vc_column][vc_column width=&#8221;1\/2&#8243;][vc_column_text]<span style=\"color: #000000;\"><strong>FD-CLEAN \u00ebsht\u00eb nj\u00eb agjent i l\u00ebngsh\u00ebm special pastrues q\u00eb p\u00ebrdoret p\u00ebr heqjen e mbetjeve t\u00eb vajit, grasos dhe yndyr\u00ebs (p.sh. lubrifikant\u00eb, graso, vajra dhe yndyr\u00eb bimore dhe shtazore, mbetje t\u00eb produkteve p\u00ebr prodhimin e djathit etj.) nga dyshemet\u00eb prej betoni, k\u00ebshtu q\u00eb shtresat epokside mund t\u00eb aplikohen mbi to pa probleme p\u00ebr ngjitjen.<\/strong> FD-CLEAN dep\u00ebrton n\u00eb poret e dyshemes\u00eb prej betoni t\u00eb lagur me mbetje yndyre ose vaji dhe i emulsionon ato, n\u00eb m\u00ebnyr\u00eb q\u00eb ato t\u00eb largohen me uj\u00eb. FD-CLEAN p\u00ebrdoret p\u00ebr largimin e vajrave lubrifikues dhe mineral\u00eb nga dyshemet\u00eb prej betoni n\u00eb garazhe, oficina, hap\u00ebsira me pajisje makinerie etj. dhe p\u00ebr heqjen e vajit dhe t\u00eb yndyr\u00ebs nga dyshemet\u00eb prej betoni n\u00eb mjediset e industris\u00eb ushtarake, n\u00eb magazinat e produkteve yndyrore etj.\u00a0<\/span><\/p>\n<p><span style=\"color: #000000;\">Fillimisht sip\u00ebrfaqja e dyshemes\u00eb pastrohet nga papast\u00ebrtit\u00eb sip\u00ebrfaq\u00ebsore duke p\u00ebrdorur rrym\u00eb uji me presion dhe temperatur\u00eb t\u00eb lart\u00eb. Pas kvsaj, sip\u00ebrfaqja duhet t\u00eb p\u00ebrgatitet n\u00eb m\u00ebnyr\u00ebn e duhur, p.sh. frezim, fryrje me presion me grimca metalike etj., n\u00eb m\u00ebnyr\u00eb q\u00eb poret e n\u00ebnshtres\u00ebs t\u00eb hapen. Pastaj, FD-CLEAN p\u00ebrhapet mbi dysheme dhe f\u00ebrkohet me kujdes me furc\u00eb teli t\u00eb fort\u00eb me q\u00ebllim q\u00eb t\u00eb dep\u00ebrtoj\u00eb n\u00eb poret e n\u00ebnshtres\u00ebs dhe t\u00eb emusifikoj\u00eb vajin ose yndyr\u00ebn q\u00eb ka njomur sip\u00ebrfaqen. Pas t\u00eb pakt\u00ebn 30 minuta, vaji ose yndyra e emulsifikuar largohet nga poret me an\u00eb t\u00eb nj\u00eb rryme uji me presion dhe temperatur\u00eb t\u00eb lart\u00eb.<\/span><\/p>\n<p>&nbsp;<\/p>\n<p>[\/vc_column_text][vc_row_inner][vc_column_inner width=&#8221;1\/2&#8243;]<div class=\"standard-arrow bullet-top\"><ul>\n<li><span style=\"color: #000000;\"><span style=\"color: #000000;\">Shikoni rreziqet e p\u00ebrdorimit dhe k\u00ebshillat p\u00ebr sigurin\u00eb q\u00eb jan\u00eb t\u00eb shkruara mbi etiket\u00eb.<\/span><\/span><\/li>\n<li><span style=\"color: #000000;\">N\u00eb rast p\u00ebrdorimi n\u00eb ambiente t\u00eb mbyllura, duhet t\u00eb merren masa p\u00ebr ajrosje t\u00eb mir\u00eb.<\/span><\/li>\n<li><span style=\"color: #000000;\">Evitoni pirjen e duhanit dhe p\u00ebrdorimin e flak\u00ebve gjat\u00eb p\u00ebrdorimit.<\/span><\/li>\n<\/ul>\n<\/div>[\/vc_column_inner][vc_column_inner width=&#8221;1\/2&#8243;]<div class=\"standard-arrow bullet-top\"><ul>\n<li><span style=\"color: #000000;\"><span style=\"color: #000000;\">P\u00ebrmban m\u00eb shum\u00eb se 5% (por m\u00eb pak se 15%) t\u00eb surfaktant\u00ebve jo-jonik\u00eb dhe m\u00eb pak se 5% t\u00eb surfaktant\u00ebve anionik\u00eb. Ai gjithashtu p\u00ebrmban m\u00eb shum\u00eb se 30% t\u00eb hidrokarbureve alifatike.<\/span><\/span><\/li>\n<li><span style=\"color: #000000;\">FD-CLEAN \u00ebsht\u00eb ideuar vet\u00ebm p\u00ebr p\u00ebrdorim profesional.<\/span><\/li>\n<\/ul>\n<\/div>[\/vc_column_inner][\/vc_row_inner][vc_row_inner css=&#8221;.vc_custom_1683100048912{padding-top: 20px !important;}&#8221;][vc_column_inner width=&#8221;1\/2&#8243;]<div class=\"aio-icon-component    style_1\"><div id=\"Info-box-wrap-7666\" class=\"aio-icon-box default-icon\" style=\"\"  ><div class=\"aio-icon-default\"><div class=\"ult-just-icon-wrapper  \"><div class=\"align-icon\" style=\"text-align:center;\">\n<div class=\"aio-icon-img \" style=\"font-size:65px;display:inline-block;\" >\n\t<img decoding=\"async\" class=\"img-icon\" alt=\"null\" src=\"https:\/\/aedcolor.com\/wp-content\/uploads\/2023\/05\/image-2.png\"\/>\n<\/div><\/div><\/div><\/div><div class=\"aio-icon-header\" ><h3 class=\"aio-icon-title ult-responsive\"  data-ultimate-target='#Info-box-wrap-7666 .aio-icon-title'  data-responsive-json-new='{\"font-size\":\"\",\"line-height\":\"\"}'  style=\"\">Sip\u00ebrfaqe: Beton<\/h3><\/div> <!-- header --><\/div> <!-- aio-icon-box --><\/div> <!-- aio-icon-component -->[\/vc_column_inner][vc_column_inner width=&#8221;1\/2&#8243;]<div class=\"aio-icon-component    style_1\"><div id=\"Info-box-wrap-5937\" class=\"aio-icon-box default-icon\" style=\"\"  ><div class=\"aio-icon-default\"><div class=\"ult-just-icon-wrapper  \"><div class=\"align-icon\" style=\"text-align:center;\">\n<div class=\"aio-icon-img \" style=\"font-size:65px;display:inline-block;\" >\n\t<img decoding=\"async\" class=\"img-icon\" alt=\"null\" src=\"https:\/\/aedcolor.com\/wp-content\/uploads\/2023\/05\/image-1.png\"\/>\n<\/div><\/div><\/div><\/div><div class=\"aio-icon-header\" ><h3 class=\"aio-icon-title ult-responsive\"  data-ultimate-target='#Info-box-wrap-5937 .aio-icon-title'  data-responsive-json-new='{\"font-size\":\"\",\"line-height\":\"\"}'  style=\"\">Aplikimi: Furc\u00eb, rul<\/h3><\/div> <!-- header --><\/div> <!-- aio-icon-box --><\/div> <!-- aio-icon-component -->[\/vc_column_inner][\/vc_row_inner][\/vc_column][\/vc_row]<\/p>\n<\/div>","protected":false},"excerpt":{"rendered":"<p>[vc_row css=&#8221;.vc_custom_1683099634441{padding-bottom: 30px !important;}&#8221;][vc_column width=&#8221;2\/3&#8243;][vc_custom_heading text=&#8221;FD-CLEAN&#8221; font_container=&#8221;tag:h2|font_size:50|text_align:left&#8221; use_theme_fonts=&#8221;yes&#8221; link=&#8221;|title:AQUAMAT%20-%20SUPERELASTIC||&#8221;][\/vc_column][\/vc_row][vc_row][vc_column width=&#8221;1\/2&#8243;][vc_single_image image=&#8221;8912&#8243; img_size=&#8221;full&#8221;][\/vc_column][vc_column width=&#8221;1\/2&#8243;][vc_column_text]FD-CLEAN \u00ebsht\u00eb nj\u00eb agjent i l\u00ebngsh\u00ebm special pastrues q\u00eb p\u00ebrdoret p\u00ebr heqjen e mbetjeve t\u00eb vajit, grasos dhe yndyr\u00ebs (p.sh. lubrifikant\u00eb, graso, vajra dhe yndyr\u00eb bimore dhe shtazore, mbetje t\u00eb produkteve p\u00ebr prodhimin e djathit etj.) nga dyshemet\u00eb prej betoni, k\u00ebshtu q\u00eb shtresat&hellip;<\/p>\n","protected":false},"author":2,"featured_media":0,"parent":0,"menu_order":0,"comment_status":"closed","ping_status":"closed","template":"","meta":{"footnotes":""},"class_list":["post-8914","page","type-page","status-publish","hentry","description-off"],"_links":{"self":[{"href":"https:\/\/aedcolor.com\/index.php\/wp-json\/wp\/v2\/pages\/8914","targetHints":{"allow":["GET"]}}],"collection":[{"href":"https:\/\/aedcolor.com\/index.php\/wp-json\/wp\/v2\/pages"}],"about":[{"href":"https:\/\/aedcolor.com\/index.php\/wp-json\/wp\/v2\/types\/page"}],"author":[{"embeddable":true,"href":"https:\/\/aedcolor.com\/index.php\/wp-json\/wp\/v2\/users\/2"}],"replies":[{"embeddable":true,"href":"https:\/\/aedcolor.com\/index.php\/wp-json\/wp\/v2\/comments?post=8914"}],"version-history":[{"count":1,"href":"https:\/\/aedcolor.com\/index.php\/wp-json\/wp\/v2\/pages\/8914\/revisions"}],"predecessor-version":[{"id":8916,"href":"https:\/\/aedcolor.com\/index.php\/wp-json\/wp\/v2\/pages\/8914\/revisions\/8916"}],"wp:attachment":[{"href":"https:\/\/aedcolor.com\/index.php\/wp-json\/wp\/v2\/media?parent=8914"}],"curies":[{"name":"wp","href":"https:\/\/api.w.org\/{rel}","templated":true}]}}