{"id":8922,"date":"2023-09-12T10:18:25","date_gmt":"2023-09-12T10:18:25","guid":{"rendered":"https:\/\/aedcolor.com\/?page_id=8922"},"modified":"2023-09-12T10:18:25","modified_gmt":"2023-09-12T10:18:25","slug":"cl-grout","status":"publish","type":"page","link":"https:\/\/aedcolor.com\/index.php\/cl-grout\/","title":{"rendered":"CL-GROUT"},"content":{"rendered":"<div class=\"wpb-content-wrapper\"><p>[vc_row css=&#8221;.vc_custom_1683099634441{padding-bottom: 30px !important;}&#8221;][vc_column width=&#8221;2\/3&#8243;][vc_custom_heading text=&#8221;CL-GROUT&#8221; font_container=&#8221;tag:h2|font_size:50|text_align:left&#8221; use_theme_fonts=&#8221;yes&#8221; link=&#8221;|title:AQUAMAT%20-%20SUPERELASTIC||&#8221;][\/vc_column][\/vc_row][vc_row][vc_column width=&#8221;1\/2&#8243;][vc_single_image image=&#8221;8923&#8243; img_size=&#8221;full&#8221;][\/vc_column][vc_column width=&#8221;1\/2&#8243;][vc_column_text]<span style=\"color: #000000;\"><strong>L\u00ebng special p\u00ebr pastrimin e stukove t\u00eb pllakave. CL-GROUT pastron thell\u00eb.<\/strong> Pas pastrimit, stukot mbajn\u00eb ngjyr\u00ebn fillestare dhe nuk influencohet. CL-GROUT p\u00ebrdoret p\u00ebr t\u00eb pastruar stukot e pllakave nga krip\u00ebrat, pislliku, funget, njollat nga kafeja, nga vera, etj. P\u00ebrshtatet p\u00ebr p\u00ebrdorim sht\u00ebpiak dhe p\u00ebr spitale, restorante, zona industriale, etj. CL-GROUT aplikohet n\u00eb stuko i pa holluar ose pak i holluar me uj\u00eb n\u00eb var\u00ebsi me llojin e njoll\u00ebs, pastaj sip\u00ebrfaqja pastrohet me sfungjer dhe p\u00ebrfundimisht shplahet me uj\u00eb. P\u00ebr njolla t\u00eb v\u00ebshtria p\u00ebrs\u00ebritet e nj\u00ebjta m\u00ebnyr\u00eb pastrimi. Afati i ruajtjes p\u00ebr p\u00ebrdorim n\u00eb bidon\u00eb t\u00eb izoluar dhe n\u00eb ambiente me temperatura nd\u00ebrmjet +5 oC dhe +35 oC \u00ebsht\u00eb minimumi 12 muaj. Duhet mbrojtur nga ekspozimi direkt n\u00eb diell dhe nga ngrica.<\/span>[\/vc_column_text][vc_row_inner][vc_column_inner width=&#8221;1\/2&#8243;]<div class=\"standard-arrow bullet-top\"><ul>\n<li><span style=\"color: #000000;\">K\u00ebshillohuni me rreziqet e p\u00ebrdorimit dhe k\u00ebshillat p\u00ebr sigurin\u00eb q\u00eb jan\u00eb t\u00eb shkruara n\u00eb amballazhim.<\/span><\/li>\n<\/ul>\n<\/div>[\/vc_column_inner][vc_column_inner width=&#8221;1\/2&#8243;]<div class=\"standard-arrow bullet-top\"><ul>\n<li><span style=\"color: #000000;\">P\u00ebrmban m\u00eb pak se 5% l\u00ebnd\u00eb jo jonike q\u00eb reagojn\u00eb me sip\u00ebrfaqen. Gjithashtu p\u00ebrmban methilkloroisothiazolinon dhe parfum. Produkti p\u00ebrmban acid fosforik.<\/span><\/li>\n<\/ul>\n<\/div>[\/vc_column_inner][\/vc_row_inner][vc_row_inner css=&#8221;.vc_custom_1683100048912{padding-top: 20px !important;}&#8221;][vc_column_inner width=&#8221;1\/2&#8243;]<div class=\"aio-icon-component    style_1\"><div id=\"Info-box-wrap-1733\" class=\"aio-icon-box default-icon\" style=\"\"  ><div class=\"aio-icon-default\"><div class=\"ult-just-icon-wrapper  \"><div class=\"align-icon\" style=\"text-align:center;\">\n<div class=\"aio-icon-img \" style=\"font-size:65px;display:inline-block;\" >\n\t<img decoding=\"async\" class=\"img-icon\" alt=\"null\" src=\"https:\/\/aedcolor.com\/wp-content\/uploads\/2023\/05\/image-2.png\"\/>\n<\/div><\/div><\/div><\/div><div class=\"aio-icon-header\" ><h3 class=\"aio-icon-title ult-responsive\"  data-ultimate-target='#Info-box-wrap-1733 .aio-icon-title'  data-responsive-json-new='{\"font-size\":\"\",\"line-height\":\"\"}'  style=\"\">Sip\u00ebrfaqe: Beton<\/h3><\/div> <!-- header --><\/div> <!-- aio-icon-box --><\/div> <!-- aio-icon-component -->[\/vc_column_inner][vc_column_inner width=&#8221;1\/2&#8243;]<div class=\"aio-icon-component    style_1\"><div id=\"Info-box-wrap-4269\" class=\"aio-icon-box default-icon\" style=\"\"  ><div class=\"aio-icon-default\"><div class=\"ult-just-icon-wrapper  \"><div class=\"align-icon\" style=\"text-align:center;\">\n<div class=\"aio-icon-img \" style=\"font-size:65px;display:inline-block;\" >\n\t<img decoding=\"async\" class=\"img-icon\" alt=\"null\" src=\"https:\/\/aedcolor.com\/wp-content\/uploads\/2023\/05\/image-1.png\"\/>\n<\/div><\/div><\/div><\/div><div class=\"aio-icon-header\" ><h3 class=\"aio-icon-title ult-responsive\"  data-ultimate-target='#Info-box-wrap-4269 .aio-icon-title'  data-responsive-json-new='{\"font-size\":\"\",\"line-height\":\"\"}'  style=\"\">Aplikimi: Furc\u00eb, rul<\/h3><\/div> <!-- header --><\/div> <!-- aio-icon-box --><\/div> <!-- aio-icon-component -->[\/vc_column_inner][\/vc_row_inner][\/vc_column][\/vc_row]<\/p>\n<\/div>","protected":false},"excerpt":{"rendered":"<p>[vc_row css=&#8221;.vc_custom_1683099634441{padding-bottom: 30px !important;}&#8221;][vc_column width=&#8221;2\/3&#8243;][vc_custom_heading text=&#8221;CL-GROUT&#8221; font_container=&#8221;tag:h2|font_size:50|text_align:left&#8221; use_theme_fonts=&#8221;yes&#8221; link=&#8221;|title:AQUAMAT%20-%20SUPERELASTIC||&#8221;][\/vc_column][\/vc_row][vc_row][vc_column width=&#8221;1\/2&#8243;][vc_single_image image=&#8221;8923&#8243; img_size=&#8221;full&#8221;][\/vc_column][vc_column width=&#8221;1\/2&#8243;][vc_column_text]L\u00ebng special p\u00ebr pastrimin e stukove t\u00eb pllakave. CL-GROUT pastron thell\u00eb. Pas pastrimit, stukot mbajn\u00eb ngjyr\u00ebn fillestare dhe nuk influencohet. CL-GROUT p\u00ebrdoret p\u00ebr t\u00eb pastruar stukot e pllakave nga krip\u00ebrat, pislliku, funget, njollat nga kafeja, nga vera, etj. P\u00ebrshtatet p\u00ebr p\u00ebrdorim sht\u00ebpiak dhe&hellip;<\/p>\n","protected":false},"author":2,"featured_media":0,"parent":0,"menu_order":0,"comment_status":"closed","ping_status":"closed","template":"","meta":{"footnotes":""},"class_list":["post-8922","page","type-page","status-publish","hentry","description-off"],"_links":{"self":[{"href":"https:\/\/aedcolor.com\/index.php\/wp-json\/wp\/v2\/pages\/8922","targetHints":{"allow":["GET"]}}],"collection":[{"href":"https:\/\/aedcolor.com\/index.php\/wp-json\/wp\/v2\/pages"}],"about":[{"href":"https:\/\/aedcolor.com\/index.php\/wp-json\/wp\/v2\/types\/page"}],"author":[{"embeddable":true,"href":"https:\/\/aedcolor.com\/index.php\/wp-json\/wp\/v2\/users\/2"}],"replies":[{"embeddable":true,"href":"https:\/\/aedcolor.com\/index.php\/wp-json\/wp\/v2\/comments?post=8922"}],"version-history":[{"count":1,"href":"https:\/\/aedcolor.com\/index.php\/wp-json\/wp\/v2\/pages\/8922\/revisions"}],"predecessor-version":[{"id":8926,"href":"https:\/\/aedcolor.com\/index.php\/wp-json\/wp\/v2\/pages\/8922\/revisions\/8926"}],"wp:attachment":[{"href":"https:\/\/aedcolor.com\/index.php\/wp-json\/wp\/v2\/media?parent=8922"}],"curies":[{"name":"wp","href":"https:\/\/api.w.org\/{rel}","templated":true}]}}