{"id":8929,"date":"2023-09-12T11:17:31","date_gmt":"2023-09-12T11:17:31","guid":{"rendered":"https:\/\/aedcolor.com\/?page_id=8929"},"modified":"2023-09-12T11:17:31","modified_gmt":"2023-09-12T11:17:31","slug":"cl-marbel","status":"publish","type":"page","link":"https:\/\/aedcolor.com\/index.php\/cl-marbel\/","title":{"rendered":"CL-MARBEL"},"content":{"rendered":"<div class=\"wpb-content-wrapper\"><p>[vc_row css=&#8221;.vc_custom_1683099634441{padding-bottom: 30px !important;}&#8221;][vc_column width=&#8221;2\/3&#8243;][vc_custom_heading text=&#8221;CL-MARBLE&#8221; font_container=&#8221;tag:h2|font_size:50|text_align:left&#8221; use_theme_fonts=&#8221;yes&#8221; link=&#8221;|title:AQUAMAT%20-%20SUPERELASTIC||&#8221;][\/vc_column][\/vc_row][vc_row][vc_column width=&#8221;1\/2&#8243;][vc_single_image image=&#8221;8930&#8243; img_size=&#8221;full&#8221;][\/vc_column][vc_column width=&#8221;1\/2&#8243;][vc_column_text]<span style=\"color: #000000;\"><strong>L\u00ebng special p\u00ebr pastrimin e mermereve dhe t\u00eb graniteve. CL-MARBLE heq njollat pa influencuar shk\u00eblqimin e mermereve ose t\u00eb graniteve.<\/strong> CL-MARBLE p\u00ebrdoret p\u00ebr t\u00eb pastruar njollat e kafes\u00eb, ver\u00ebs, vajit, nikotin\u00ebs, bloz\u00ebs dhe njolla t\u00eb tjera nga mermeret dhe granitet. Nuk p\u00ebrmban acide dhe nuk influencon sip\u00ebrfaqe t\u00eb ndjeshme. CL-MARBLE aplikohet i pa holluar n\u00eb sip\u00ebrfaqen q\u00eb do pastrohet dhe lihet derisa njolla t\u00eb jet\u00eb dob\u00ebsuar dhe t\u00eb jet\u00eb zhdukur. Zakonisht duhen 24 or\u00eb derisa t\u00eb jet\u00eb zhdukur krejt njolla. Gjat\u00eb aplikimit mund t\u00eb duhet t\u00eb shtohet sasi m\u00eb e madhe. P\u00ebr njolla t\u00eb v\u00ebshtira p\u00ebrs\u00ebrisni t\u00eb nj\u00ebjtin proces.<\/span><\/p>\n<p><span style=\"color: #000000;\">Afati i ruajtjes p\u00ebr p\u00ebrdorim n\u00eb amballazhe t\u00eb izoluar dhe n\u00eb ambiente me temperatura nd\u00ebrmjet +5 oC dhe +35 oC \u00ebsht\u00eb minimumi 12 muaj. Duhet mbrojtur nga ekspozimi direkt n\u00eb diell dhe nga ngrica.<\/span>[\/vc_column_text][vc_row_inner][vc_column_inner width=&#8221;1\/2&#8243;]<div class=\"standard-arrow bullet-top\"><ul>\n<li><span style=\"color: #000000;\">Shikoni rreziqet e p\u00ebrdorimit dhe k\u00ebshillat p\u00ebr sigurin\u00eb q\u00eb jan\u00eb t\u00eb shkruara n\u00eb shishe.<\/span><\/li>\n<\/ul>\n<\/div>[\/vc_column_inner][vc_column_inner width=&#8221;1\/2&#8243;]<div class=\"standard-arrow bullet-top\"><ul>\n<li><span style=\"color: #000000;\">P\u00ebrmban m\u00eb shum\u00eb se 5% por m\u00eb pak se 15% agjent zbardh\u00ebs me baz\u00eb oksigjeni.<\/span><\/li>\n<\/ul>\n<\/div>[\/vc_column_inner][\/vc_row_inner][vc_row_inner css=&#8221;.vc_custom_1683100048912{padding-top: 20px !important;}&#8221;][vc_column_inner width=&#8221;1\/2&#8243;]<div class=\"aio-icon-component    style_1\"><div id=\"Info-box-wrap-2300\" class=\"aio-icon-box default-icon\" style=\"\"  ><div class=\"aio-icon-default\"><div class=\"ult-just-icon-wrapper  \"><div class=\"align-icon\" style=\"text-align:center;\">\n<div class=\"aio-icon-img \" style=\"font-size:65px;display:inline-block;\" >\n\t<img decoding=\"async\" class=\"img-icon\" alt=\"null\" src=\"https:\/\/aedcolor.com\/wp-content\/uploads\/2023\/05\/image-2.png\"\/>\n<\/div><\/div><\/div><\/div><div class=\"aio-icon-header\" ><h3 class=\"aio-icon-title ult-responsive\"  data-ultimate-target='#Info-box-wrap-2300 .aio-icon-title'  data-responsive-json-new='{\"font-size\":\"\",\"line-height\":\"\"}'  style=\"\">Sip\u00ebrfaqe: Beton<\/h3><\/div> <!-- header --><\/div> <!-- aio-icon-box --><\/div> <!-- aio-icon-component -->[\/vc_column_inner][vc_column_inner width=&#8221;1\/2&#8243;]<div class=\"aio-icon-component    style_1\"><div id=\"Info-box-wrap-5301\" class=\"aio-icon-box default-icon\" style=\"\"  ><div class=\"aio-icon-default\"><div class=\"ult-just-icon-wrapper  \"><div class=\"align-icon\" style=\"text-align:center;\">\n<div class=\"aio-icon-img \" style=\"font-size:65px;display:inline-block;\" >\n\t<img decoding=\"async\" class=\"img-icon\" alt=\"null\" src=\"https:\/\/aedcolor.com\/wp-content\/uploads\/2023\/05\/image-1.png\"\/>\n<\/div><\/div><\/div><\/div><div class=\"aio-icon-header\" ><h3 class=\"aio-icon-title ult-responsive\"  data-ultimate-target='#Info-box-wrap-5301 .aio-icon-title'  data-responsive-json-new='{\"font-size\":\"\",\"line-height\":\"\"}'  style=\"\">Aplikimi: Furc\u00eb, rul<\/h3><\/div> <!-- header --><\/div> <!-- aio-icon-box --><\/div> <!-- aio-icon-component -->[\/vc_column_inner][\/vc_row_inner][\/vc_column][\/vc_row]<\/p>\n<\/div>","protected":false},"excerpt":{"rendered":"<p>[vc_row css=&#8221;.vc_custom_1683099634441{padding-bottom: 30px !important;}&#8221;][vc_column width=&#8221;2\/3&#8243;][vc_custom_heading text=&#8221;CL-MARBLE&#8221; font_container=&#8221;tag:h2|font_size:50|text_align:left&#8221; use_theme_fonts=&#8221;yes&#8221; link=&#8221;|title:AQUAMAT%20-%20SUPERELASTIC||&#8221;][\/vc_column][\/vc_row][vc_row][vc_column width=&#8221;1\/2&#8243;][vc_single_image image=&#8221;8930&#8243; img_size=&#8221;full&#8221;][\/vc_column][vc_column width=&#8221;1\/2&#8243;][vc_column_text]L\u00ebng special p\u00ebr pastrimin e mermereve dhe t\u00eb graniteve. CL-MARBLE heq njollat pa influencuar shk\u00eblqimin e mermereve ose t\u00eb graniteve. CL-MARBLE p\u00ebrdoret p\u00ebr t\u00eb pastruar njollat e kafes\u00eb, ver\u00ebs, vajit, nikotin\u00ebs, bloz\u00ebs dhe njolla t\u00eb tjera nga mermeret dhe granitet. Nuk p\u00ebrmban acide&hellip;<\/p>\n","protected":false},"author":2,"featured_media":0,"parent":0,"menu_order":0,"comment_status":"closed","ping_status":"closed","template":"","meta":{"footnotes":""},"class_list":["post-8929","page","type-page","status-publish","hentry","description-off"],"_links":{"self":[{"href":"https:\/\/aedcolor.com\/index.php\/wp-json\/wp\/v2\/pages\/8929","targetHints":{"allow":["GET"]}}],"collection":[{"href":"https:\/\/aedcolor.com\/index.php\/wp-json\/wp\/v2\/pages"}],"about":[{"href":"https:\/\/aedcolor.com\/index.php\/wp-json\/wp\/v2\/types\/page"}],"author":[{"embeddable":true,"href":"https:\/\/aedcolor.com\/index.php\/wp-json\/wp\/v2\/users\/2"}],"replies":[{"embeddable":true,"href":"https:\/\/aedcolor.com\/index.php\/wp-json\/wp\/v2\/comments?post=8929"}],"version-history":[{"count":1,"href":"https:\/\/aedcolor.com\/index.php\/wp-json\/wp\/v2\/pages\/8929\/revisions"}],"predecessor-version":[{"id":8933,"href":"https:\/\/aedcolor.com\/index.php\/wp-json\/wp\/v2\/pages\/8929\/revisions\/8933"}],"wp:attachment":[{"href":"https:\/\/aedcolor.com\/index.php\/wp-json\/wp\/v2\/media?parent=8929"}],"curies":[{"name":"wp","href":"https:\/\/api.w.org\/{rel}","templated":true}]}}