{"id":9001,"date":"2023-09-14T06:46:04","date_gmt":"2023-09-14T06:46:04","guid":{"rendered":"https:\/\/aedcolor.com\/?page_id=9001"},"modified":"2023-09-14T06:46:04","modified_gmt":"2023-09-14T06:46:04","slug":"tixophalte","status":"publish","type":"page","link":"https:\/\/aedcolor.com\/index.php\/tixophalte\/","title":{"rendered":"TIXOPHALTE"},"content":{"rendered":"<div class=\"wpb-content-wrapper\"><p>[vc_row css=&#8221;.vc_custom_1683099634441{padding-bottom: 30px !important;}&#8221;][vc_column width=&#8221;2\/3&#8243;][vc_custom_heading text=&#8221;TIXOPHALTE&#8221; font_container=&#8221;tag:h2|font_size:50|text_align:left&#8221; use_theme_fonts=&#8221;yes&#8221; link=&#8221;|title:AQUAMAT%20-%20SUPERELASTIC||&#8221;][\/vc_column][\/vc_row][vc_row][vc_column width=&#8221;1\/2&#8243;][vc_single_image image=&#8221;8999&#8243; img_size=&#8221;full&#8221;][\/vc_column][vc_column width=&#8221;1\/2&#8243;][vc_column_text]<span style=\"color: #000000;\"><strong>TIXOPHALTE \u00ebsht\u00eb nj\u00eb material elastoplastik me mpiksje neutrale, i bazuar n\u00eb nj\u00eb p\u00ebrb\u00ebrje gome\/bitumesh t\u00eb modifikuara t\u00eb cil\u00ebsis\u00eb s\u00eb lart\u00eb (tiksotrope) dhe p\u00ebrmban aditiv\u00eb, mbush\u00ebs dhe nj\u00eb tret\u00ebs jo t\u00eb ndezsh\u00ebm.<\/strong> Ngjit dhe izolon n\u00eb kushte shum\u00eb t\u00eb ndryshme. Ngjit n\u00eb n\u00ebnshtres\u00eb t\u00eb lagur (edhe n\u00ebn uj\u00eb). Ngjit n\u00eb shumic\u00ebn e materialeve plastike, p.sh. politilen.<\/span><\/p>\n<ul>\n<li><span style=\"color: #000000;\">Tarracat e cative: Ngjitje p\u00ebr t\u00eb gjitha llojet e letrave katrama p\u00ebr mbulimin e cative; p\u00ebrfshir\u00eb membranat e modifikuara bituminoze SBS dhe APP. Shtres\u00eb hidroizoluese p\u00ebr pjes\u00ebt e mbivendosura, p\u00ebr bashkimet dhe lidhjet e buz\u00ebve t\u00eb cative, oxhak\u00ebve, kubeve t\u00eb lehta dhe unazave p\u00ebr tubat e nxjerrjes s\u00eb tymit. Fiksimi i sistemeve t\u00eb kullimit t\u00eb ujit t\u00eb shiut n\u00eb cati.<\/span><\/li>\n<li><span style=\"color: #000000;\">Konstruksionet: I p\u00ebrshtatsh\u00ebm p\u00ebr izolimin e fugave vertikale dhe horizontale mbi materiale t\u00eb ndryshme, si betoni, tullat ose hekuri. I p\u00ebrshtatsh\u00ebm gjithashtu p\u00ebr ngjitjen e materialeve t\u00eb zakonshme t\u00eb nd\u00ebrtimit.<\/span><\/li>\n<li><span style=\"color: #000000;\">P\u00ebrdorimet hidraulike: P\u00ebr hidroizolimin e plasaritjeve dhe fugave n\u00eb kanalet e ujit, n\u00eb diga, ura dhe rezervuar\u00eb duke shfryt\u00ebzuar vetit\u00eb e tij unike p\u00ebr motin e lag\u00ebsht dhe n\u00ebnujore.<\/span><\/li>\n<\/ul>\n<p><strong><span style=\"color: #000000;\">N\u00ebnshtresa<\/span><\/strong><\/p>\n<p><span style=\"color: #000000;\">Rekomandohet nj\u00eb sip\u00ebrfaqe e past\u00ebr, e that\u00eb dhe pa pluhur. P\u00ebr p\u00ebrdorime speciale\u00a0 dhe\/ose mbi sip\u00ebrfaqe t\u00eb lagura, k\u00ebshillohet nj\u00eb test p\u00ebr ngjitjen.<\/span><\/p>\n<p><strong><span style=\"color: #000000;\">P\u00ebrdorimi<\/span><\/strong><\/p>\n<p><span style=\"color: #000000;\">TIXOPHALTE mund t\u00eb aplikohet me nj\u00eb pistolet\u00eb dore ose pistolet\u00eb me aj\u00ebr me presion. Duke p\u00ebrdorur tubetin, izoluesi prej alumini n\u00eb fillim t\u00eb maj\u00ebs duhet t\u00eb pritet pjerrtas n\u00eb m\u00ebnyr\u00eb q\u00eb ai t\u00eb ket\u00eb gjer\u00ebsin\u00eb e d\u00ebshiruar t\u00eb shiritit t\u00eb TIXOPHALTE. Maja e past\u00ebr \u00ebsht\u00eb e r\u00ebnd\u00ebsishme p\u00ebr nj\u00eb vij\u00eb uniforme dhesip\u00ebrfaqe t\u00eb l\u00ebmuar. Me q\u00ebllim t\u00eb arrihet nj\u00eb ngjitje e sakt\u00eb mbi sip\u00ebrfaqe t\u00eb lagur, \u00ebsht\u00eb e r\u00ebnd\u00ebsishme q\u00eb distanca midis sip\u00ebrfaqes dhe maj\u00ebs t\u00eb jet\u00eb sa m\u00eb e vog\u00ebl\u00a0 t\u00eb jet\u00eb e mundshme dhe jo me e madhe se 3 mm, n\u00eb m\u00ebnyr\u00eb q\u00eb ngjitja fillestare t\u00eb arrihet duke zhvendosur ujin. Kur p\u00ebrdoren pistoleta me aj\u00ebr me presion (p\u00ebr paketimin me zorr\u00eb), pistoleta dhe cilindri duhet t\u00eb lubrifikohen sic duhet. TIXOPHALTE duhet t\u00eb aplikohet n\u00eb shifra ose me pika, n\u00eb m\u00ebnyr\u00eb q\u00eb tret\u00ebsi t\u00eb ket\u00eb mund\u00ebsi t\u00eb avulloj\u00eb me leht\u00ebsi. Sigurohuni q\u00eb ka ajrosje t\u00eb mjaftueshme gjat\u00eb p\u00ebrdorimit. Koha e mbajtjes hapur dhe shkalla e mpiksjes ndikohen nga faktor\u00eb t\u00eb till\u00eb si temperatura, lloji i sip\u00ebrfaqes, aft\u00ebsia thith\u00ebse e materialeve dhe nga trash\u00ebsia e aplikuar e shtres\u00ebs s\u00eb TIXOPHALTE. Menj\u00ebher\u00eb pas aplikimit t\u00eb TIXOPHALTE, ngjitja \u00ebsht\u00eb n\u00eb gjendje q\u00eb t&#8217;i rezistoj\u00eb vet\u00ebm\u00a0 nj\u00eb ngarkes\u00eb t\u00eb vog\u00ebl. Forca maksimale arrihet pas tharjes s\u00eb tret\u00ebsit n\u00ebp\u00ebrmjet avullimit. Forca finale e ngjitjes varet shum\u00eb nga lloji dhe natyra e lidhjes. TIXOPHALTE mund t\u00eb hiqet me an\u00eb t\u00eb veglave, si p.sh. nj\u00eb thik\u00eb palet\u00eb.<\/span>[\/vc_column_text][vc_row_inner][vc_column_inner width=&#8221;1\/2&#8243;]<div class=\"standard-arrow bullet-top\"><ul>\n<li><span style=\"color: #000000;\">Kontakti me produktet e naft\u00ebs (benzin\u00eb, vajguri, gazoil) e zbusin produktin<\/span><\/li>\n<li><span style=\"color: #000000;\">TIXOPHALTE nuk \u00ebsht\u00eb tolerant ndaj boj\u00ebrave me baz\u00eb tret\u00ebsish.<\/span><\/li>\n<\/ul>\n<\/div>[\/vc_column_inner][vc_column_inner width=&#8221;1\/2&#8243;]<div class=\"standard-arrow bullet-top\"><ul>\n<li><span style=\"color: #000000;\">K\u00ebshillohet q\u00eb temperatura e ambientit gjat\u00eb p\u00ebrdorimit t\u00eb jet\u00eb midis +5 oC dhe +40 oC.<\/span><\/li>\n<\/ul>\n<\/div>[\/vc_column_inner][\/vc_row_inner][vc_row_inner css=&#8221;.vc_custom_1683100048912{padding-top: 20px !important;}&#8221;][vc_column_inner width=&#8221;1\/2&#8243;]<div class=\"aio-icon-component    style_1\"><div id=\"Info-box-wrap-5515\" class=\"aio-icon-box default-icon\" style=\"\"  ><div class=\"aio-icon-default\"><div class=\"ult-just-icon-wrapper  \"><div class=\"align-icon\" style=\"text-align:center;\">\n<div class=\"aio-icon-img \" style=\"font-size:65px;display:inline-block;\" >\n\t<img decoding=\"async\" class=\"img-icon\" alt=\"null\" src=\"https:\/\/aedcolor.com\/wp-content\/uploads\/2023\/05\/image-2.png\"\/>\n<\/div><\/div><\/div><\/div><div class=\"aio-icon-header\" ><h3 class=\"aio-icon-title ult-responsive\"  data-ultimate-target='#Info-box-wrap-5515 .aio-icon-title'  data-responsive-json-new='{\"font-size\":\"\",\"line-height\":\"\"}'  style=\"\">Sip\u00ebrfaqe: Beton<\/h3><\/div> <!-- header --><\/div> <!-- aio-icon-box --><\/div> <!-- aio-icon-component -->[\/vc_column_inner][vc_column_inner width=&#8221;1\/2&#8243;]<div class=\"aio-icon-component    style_1\"><div id=\"Info-box-wrap-2926\" class=\"aio-icon-box default-icon\" style=\"\"  ><div class=\"aio-icon-default\"><div class=\"ult-just-icon-wrapper  \"><div class=\"align-icon\" style=\"text-align:center;\">\n<div class=\"aio-icon-img \" style=\"font-size:65px;display:inline-block;\" >\n\t<img decoding=\"async\" class=\"img-icon\" alt=\"null\" src=\"https:\/\/aedcolor.com\/wp-content\/uploads\/2023\/05\/image-1.png\"\/>\n<\/div><\/div><\/div><\/div><div class=\"aio-icon-header\" ><h3 class=\"aio-icon-title ult-responsive\"  data-ultimate-target='#Info-box-wrap-2926 .aio-icon-title'  data-responsive-json-new='{\"font-size\":\"\",\"line-height\":\"\"}'  style=\"\">Aplikimi: Pistolet\u00eb t\u00eb vecant\u00eb<\/h3><\/div> <!-- header --><\/div> <!-- aio-icon-box --><\/div> <!-- aio-icon-component -->[\/vc_column_inner][\/vc_row_inner][\/vc_column][\/vc_row]<\/p>\n<\/div>","protected":false},"excerpt":{"rendered":"<p>[vc_row css=&#8221;.vc_custom_1683099634441{padding-bottom: 30px !important;}&#8221;][vc_column width=&#8221;2\/3&#8243;][vc_custom_heading text=&#8221;TIXOPHALTE&#8221; font_container=&#8221;tag:h2|font_size:50|text_align:left&#8221; use_theme_fonts=&#8221;yes&#8221; link=&#8221;|title:AQUAMAT%20-%20SUPERELASTIC||&#8221;][\/vc_column][\/vc_row][vc_row][vc_column width=&#8221;1\/2&#8243;][vc_single_image image=&#8221;8999&#8243; img_size=&#8221;full&#8221;][\/vc_column][vc_column width=&#8221;1\/2&#8243;][vc_column_text]TIXOPHALTE \u00ebsht\u00eb nj\u00eb material elastoplastik me mpiksje neutrale, i bazuar n\u00eb nj\u00eb p\u00ebrb\u00ebrje gome\/bitumesh t\u00eb modifikuara t\u00eb cil\u00ebsis\u00eb s\u00eb lart\u00eb (tiksotrope) dhe p\u00ebrmban aditiv\u00eb, mbush\u00ebs dhe nj\u00eb tret\u00ebs jo t\u00eb ndezsh\u00ebm. Ngjit dhe izolon n\u00eb kushte shum\u00eb t\u00eb ndryshme. Ngjit n\u00eb n\u00ebnshtres\u00eb t\u00eb&hellip;<\/p>\n","protected":false},"author":2,"featured_media":0,"parent":0,"menu_order":0,"comment_status":"closed","ping_status":"closed","template":"","meta":{"footnotes":""},"class_list":["post-9001","page","type-page","status-publish","hentry","description-off"],"_links":{"self":[{"href":"https:\/\/aedcolor.com\/index.php\/wp-json\/wp\/v2\/pages\/9001","targetHints":{"allow":["GET"]}}],"collection":[{"href":"https:\/\/aedcolor.com\/index.php\/wp-json\/wp\/v2\/pages"}],"about":[{"href":"https:\/\/aedcolor.com\/index.php\/wp-json\/wp\/v2\/types\/page"}],"author":[{"embeddable":true,"href":"https:\/\/aedcolor.com\/index.php\/wp-json\/wp\/v2\/users\/2"}],"replies":[{"embeddable":true,"href":"https:\/\/aedcolor.com\/index.php\/wp-json\/wp\/v2\/comments?post=9001"}],"version-history":[{"count":1,"href":"https:\/\/aedcolor.com\/index.php\/wp-json\/wp\/v2\/pages\/9001\/revisions"}],"predecessor-version":[{"id":9005,"href":"https:\/\/aedcolor.com\/index.php\/wp-json\/wp\/v2\/pages\/9001\/revisions\/9005"}],"wp:attachment":[{"href":"https:\/\/aedcolor.com\/index.php\/wp-json\/wp\/v2\/media?parent=9001"}],"curies":[{"name":"wp","href":"https:\/\/api.w.org\/{rel}","templated":true}]}}