{"id":9833,"date":"2023-11-27T11:45:46","date_gmt":"2023-11-27T11:45:46","guid":{"rendered":"https:\/\/aedcolor.com\/?page_id=9833"},"modified":"2023-12-02T07:52:20","modified_gmt":"2023-12-02T07:52:20","slug":"supergrund","status":"publish","type":"page","link":"https:\/\/aedcolor.com\/index.php\/supergrund\/","title":{"rendered":"SUPERGRUND"},"content":{"rendered":"<div class=\"wpb-content-wrapper\"><p>[vc_row css=&#8221;.vc_custom_1683099634441{padding-bottom: 30px !important;}&#8221;][vc_column width=&#8221;2\/3&#8243;][vc_custom_heading text=&#8221;SUPERGRUND&#8221; font_container=&#8221;tag:h2|font_size:50|text_align:left&#8221; use_theme_fonts=&#8221;yes&#8221; link=&#8221;|title:AQUAMAT%20-%20SUPERELASTIC||&#8221;][\/vc_column][\/vc_row][vc_row][vc_column width=&#8221;1\/2&#8243;][vc_single_image image=&#8221;8494&#8243; img_size=&#8221;full&#8221;][\/vc_column][vc_column width=&#8221;1\/2&#8243;][vc_column_text]<strong><span style=\"color: #000000;\">SUPERGRUND \u00ebsht\u00eb nj\u00eb astar ngjit\u00ebs prej rr\u00ebshirash sintetike dhe r\u00ebre kuarcore. P\u00ebrdoret mbi n\u00ebnshtresa t\u00eb l\u00ebmuara ose jo thith\u00ebse.<\/span><\/strong><\/p>\n<ul>\n<li><span style=\"color: #000000;\">Ka baz\u00eb uji dhe p\u00ebrshtatet p\u00ebr p\u00ebrdorim t\u00eb brendsh\u00ebm, sepse \u00ebsht\u00eb gati p\u00ebr er\u00eb.<\/span><\/li>\n<li><span style=\"color: #000000;\">\u00cbsht\u00eb gati p\u00ebr p\u00ebrdorim.<\/span><\/li>\n<li><span style=\"color: #000000;\">Thahet shpejt\u00eb.<\/span><\/li>\n<li><span style=\"color: #000000;\">Mbulon mbulueshm\u00ebri t\u00eb madhe\/ aft\u00ebsi fshehje.<\/span><\/li>\n<li><span style=\"color: #000000;\">P\u00ebrshtatet p\u00ebr n\u00ebnshtresa me nxehje nga posht\u00eb.<\/span><\/li>\n<\/ul>\n<p><span style=\"color: #000000;\">SUPERGRUND p\u00ebrdoret si astar gati p\u00ebr p\u00ebrdorim p\u00ebr t\u00eb ashp\u00ebrsuar sip\u00ebrfaqen e n\u00ebnshtres\u00ebs, me q\u00ebllim q\u00eb t\u00eb p\u00ebrforcohet ngjitja e ngjit\u00ebsit t\u00eb pllakave q\u00eb do p\u00ebrdoret. P\u00ebrdoret dhe si astar p\u00ebr shtresat dekorative mikorcimentoze DUROCRET-DECO, DUROCRET-DECO FLEX, apo DUROCRET-DECO FINISH dhe p\u00ebr veshjet dekorative ACRYL-DECO FINISH. P\u00ebrdoren n\u00eb mjaft sip\u00ebrfaqe t\u00eb l\u00ebmuaradhe jo thith\u00ebse si pllaka t\u00eb vjetra, mermer, gur\u00eb natyral, dysheme industriale me baz\u00eb cimentoje, dysheme prej druri, metali ose PVC, linoleum (mushama), si dhe n\u00eb dysheme anhydride dhe magnesi.<\/span><\/p>\n<p><strong><span style=\"color: #000000;\">P\u00ebrgatitja e n\u00ebnshtres\u00ebs<\/span><\/strong><br \/>\n<span style=\"color: #000000;\">N\u00ebnshtresa q\u00eb do astarohet duhet t\u00eb jet\u00eb e that\u00eb dhe krejt pa pluhur, vaj, materiale ndot\u00ebse etj.<\/span><\/p>\n<p><strong><span style=\"color: #000000;\">P\u00ebrdorimi<\/span><\/strong><br \/>\n<span style=\"color: #000000;\">Para p\u00ebrdorimit, p\u00ebrmbajtja e bidonit duhet t\u00eb p\u00ebrziehet mir\u00eb derisa\u00a0 p\u00ebrzierja t\u00eb b\u00ebhet homogjene. N\u00eb rastet e n\u00ebnshtresave jo thith\u00ebse, SUERGRUND derdhet direkt nga bidoni n\u00eb n\u00ebnshtresa dhe shp\u00ebrndahet me ryl ose furc\u00eb n\u00eb nj\u00eb shtres\u00eb t\u00ebholl\u00eb. N\u00eb rast se pas aplikimit t\u00eb shtres\u00ebs s\u00eb par\u00eb, sip\u00ebrfaqja nuk \u00ebsht\u00eb mbuluar krejt me materialin, duhet t\u00eb aplikohet nj\u00eb shtres\u00eb e dyt\u00eb, pasi \u00ebsht\u00eb thar\u00eb shtresa e par\u00eb. Ngjit\u00ebsi mund t\u00eb aplikohet nj\u00eb or\u00eb pas astarimit n\u00eb +20 oC. N\u00eb rast n\u00ebnshtresash thith\u00ebse, SUPERGRUND hollohet me uj\u00eb t\u00eb past\u00ebr n\u00eb raport deri n\u00eb 1:1, n\u00eb var\u00ebsi thithshm\u00ebrin\u00eb e n\u00ebnshtres\u00ebs. SUPERGRUND at\u00ebher\u00eb mund t\u00eb shtohet n\u00eb m\u00ebnyr\u00eb uniforme mbi n\u00ebnshtres\u00ebn me ryl ose me furc\u00eb. Ngjit\u00ebsi mund t\u00eb p\u00ebrdoret mbasi t\u00eb jet\u00eb thar\u00eb astari. Shtresat dekorative mikrocimentoze DUROCRET-DECO, DUROCRET-DECO FLEX, apo DUROCRET-DECO FINISH dhe veshjet dekorative ACRYL-DECO FINISH mund t\u00eb shtrohen pas 24 or\u00ebve t\u00eb para q\u00eb qoft\u00eb se astar \u00ebsht\u00eb thar\u00eb krejt.<\/span>[\/vc_column_text][vc_row_inner][vc_column_inner width=&#8221;1\/2&#8243;]<div class=\"standard-arrow bullet-top\"><ul>\n<li><span style=\"color: #000000;\"><span style=\"color: #000000;\">Temperatura gjat\u00eb aplikimit duhet t\u00eb jet\u00eb nd\u00ebrmjet +5 oC dhe +30 oC.<\/span><\/span><\/li>\n<\/ul>\n<\/div>[\/vc_column_inner][vc_column_inner width=&#8221;1\/2&#8243;]<div class=\"standard-arrow bullet-top\"><ul>\n<li><span style=\"color: #000000;\"><span style=\"color: #000000;\">Astari duhet t\u00eb jet\u00eb krejt i that\u00eb para se t\u00eb aplikohetshtresa tjet\u00ebr.<\/span><\/span><\/li>\n<\/ul>\n<\/div>[\/vc_column_inner][\/vc_row_inner][vc_row_inner css=&#8221;.vc_custom_1683100048912{padding-top: 20px !important;}&#8221;][vc_column_inner width=&#8221;1\/2&#8243;]<div class=\"aio-icon-component    style_1\"><div id=\"Info-box-wrap-9556\" class=\"aio-icon-box default-icon\" style=\"\"  ><div class=\"aio-icon-default\"><div class=\"ult-just-icon-wrapper  \"><div class=\"align-icon\" style=\"text-align:center;\">\n<div class=\"aio-icon-img \" style=\"font-size:65px;display:inline-block;\" >\n\t<img decoding=\"async\" class=\"img-icon\" alt=\"null\" src=\"https:\/\/aedcolor.com\/wp-content\/uploads\/2023\/05\/image-2.png\"\/>\n<\/div><\/div><\/div><\/div><div class=\"aio-icon-header\" ><h3 class=\"aio-icon-title ult-responsive\"  data-ultimate-target='#Info-box-wrap-9556 .aio-icon-title'  data-responsive-json-new='{\"font-size\":\"\",\"line-height\":\"\"}'  style=\"\">Sip\u00ebrfaqe: Beton<\/h3><\/div> <!-- header --><\/div> <!-- aio-icon-box --><\/div> <!-- aio-icon-component -->[\/vc_column_inner][vc_column_inner width=&#8221;1\/2&#8243;]<div class=\"aio-icon-component    style_1\"><div id=\"Info-box-wrap-9776\" class=\"aio-icon-box default-icon\" style=\"\"  ><div class=\"aio-icon-default\"><div class=\"ult-just-icon-wrapper  \"><div class=\"align-icon\" style=\"text-align:center;\">\n<div class=\"aio-icon-img \" style=\"font-size:65px;display:inline-block;\" >\n\t<img decoding=\"async\" class=\"img-icon\" alt=\"null\" src=\"https:\/\/aedcolor.com\/wp-content\/uploads\/2023\/05\/image-1.png\"\/>\n<\/div><\/div><\/div><\/div><div class=\"aio-icon-header\" ><h3 class=\"aio-icon-title ult-responsive\"  data-ultimate-target='#Info-box-wrap-9776 .aio-icon-title'  data-responsive-json-new='{\"font-size\":\"\",\"line-height\":\"\"}'  style=\"\">Aplikimi: Mistri<\/h3><\/div> <!-- header --><\/div> <!-- aio-icon-box --><\/div> <!-- aio-icon-component -->[\/vc_column_inner][\/vc_row_inner][\/vc_column][\/vc_row]<\/p>\n<\/div>","protected":false},"excerpt":{"rendered":"<p>[vc_row css=&#8221;.vc_custom_1683099634441{padding-bottom: 30px !important;}&#8221;][vc_column width=&#8221;2\/3&#8243;][vc_custom_heading text=&#8221;SUPERGRUND&#8221; font_container=&#8221;tag:h2|font_size:50|text_align:left&#8221; use_theme_fonts=&#8221;yes&#8221; link=&#8221;|title:AQUAMAT%20-%20SUPERELASTIC||&#8221;][\/vc_column][\/vc_row][vc_row][vc_column width=&#8221;1\/2&#8243;][vc_single_image image=&#8221;8494&#8243; img_size=&#8221;full&#8221;][\/vc_column][vc_column width=&#8221;1\/2&#8243;][vc_column_text]SUPERGRUND \u00ebsht\u00eb nj\u00eb astar ngjit\u00ebs prej rr\u00ebshirash sintetike dhe r\u00ebre kuarcore. P\u00ebrdoret mbi n\u00ebnshtresa t\u00eb l\u00ebmuara ose jo thith\u00ebse. Ka baz\u00eb uji dhe p\u00ebrshtatet p\u00ebr p\u00ebrdorim t\u00eb brendsh\u00ebm, sepse \u00ebsht\u00eb gati p\u00ebr er\u00eb. \u00cbsht\u00eb gati p\u00ebr p\u00ebrdorim. Thahet shpejt\u00eb. Mbulon mbulueshm\u00ebri t\u00eb madhe\/&hellip;<\/p>\n","protected":false},"author":2,"featured_media":0,"parent":0,"menu_order":0,"comment_status":"closed","ping_status":"closed","template":"","meta":{"footnotes":""},"class_list":["post-9833","page","type-page","status-publish","hentry","description-off"],"_links":{"self":[{"href":"https:\/\/aedcolor.com\/index.php\/wp-json\/wp\/v2\/pages\/9833","targetHints":{"allow":["GET"]}}],"collection":[{"href":"https:\/\/aedcolor.com\/index.php\/wp-json\/wp\/v2\/pages"}],"about":[{"href":"https:\/\/aedcolor.com\/index.php\/wp-json\/wp\/v2\/types\/page"}],"author":[{"embeddable":true,"href":"https:\/\/aedcolor.com\/index.php\/wp-json\/wp\/v2\/users\/2"}],"replies":[{"embeddable":true,"href":"https:\/\/aedcolor.com\/index.php\/wp-json\/wp\/v2\/comments?post=9833"}],"version-history":[{"count":3,"href":"https:\/\/aedcolor.com\/index.php\/wp-json\/wp\/v2\/pages\/9833\/revisions"}],"predecessor-version":[{"id":9844,"href":"https:\/\/aedcolor.com\/index.php\/wp-json\/wp\/v2\/pages\/9833\/revisions\/9844"}],"wp:attachment":[{"href":"https:\/\/aedcolor.com\/index.php\/wp-json\/wp\/v2\/media?parent=9833"}],"curies":[{"name":"wp","href":"https:\/\/api.w.org\/{rel}","templated":true}]}}