{"id":9836,"date":"2023-12-02T10:49:57","date_gmt":"2023-12-02T10:49:57","guid":{"rendered":"https:\/\/aedcolor.com\/?page_id=9836"},"modified":"2023-12-02T10:49:57","modified_gmt":"2023-12-02T10:49:57","slug":"durofloor-11-2","status":"publish","type":"page","link":"https:\/\/aedcolor.com\/index.php\/durofloor-11-2\/","title":{"rendered":"DUROFLOOR-11"},"content":{"rendered":"<div class=\"wpb-content-wrapper\"><p>[vc_row css=&#8221;.vc_custom_1683099634441{padding-bottom: 30px !important;}&#8221;][vc_column width=&#8221;2\/3&#8243;][vc_custom_heading text=&#8221;DUROFLOOR-11&#8243; font_container=&#8221;tag:h2|font_size:50|text_align:left&#8221; use_theme_fonts=&#8221;yes&#8221; link=&#8221;|title:AQUAMAT%20-%20SUPERELASTIC||&#8221;][\/vc_column][\/vc_row][vc_row][vc_column width=&#8221;1\/2&#8243;][vc_single_image image=&#8221;6988&#8243; img_size=&#8221;full&#8221;][\/vc_column][vc_column width=&#8221;1\/2&#8243;][vc_column_text]<span style=\"color: #000000;\"><strong>DUROFLOOR-11 \u00ebsht\u00eb nj\u00eb sistem epoksid me 2 p\u00ebrb\u00ebr\u00ebs q\u00eb nuk p\u00ebrmban tret\u00ebs dhe i ngjyrosur, i cili ofron forc\u00eb dhe rezistenc\u00eb t\u00eb lart\u00eb ndaj g\u00ebrryerjes.<\/strong> AI \u00ebsht\u00eb rezistent ndaj acideve organike dhe inorganike, ndaj materialeve alkaline, produkte t\u00eb naft\u00ebs, mbeturinave, ujit, ujit t\u00eb detit dhe ndaj nj\u00eb numri t\u00eb madh tret\u00ebsish. Ai i reziston temperaturave nga -30 oC deri n\u00eb +100 oC n\u00eb ngarkes\u00eb t\u00eb that\u00eb dhe deri n\u00eb +60 oC n\u00eb ngarkes\u00eb t\u00eb njom\u00eb. \u00cbsht\u00eb certifikuar me sh\u00ebnimin CE si shtres\u00eb mbrojtje p\u00ebr sip\u00ebrfaqet e betonit, sipas certifikat\u00ebs EN 1504-2. Certifikata Nr. 2032-CPR-10.11. Ai klasifikohet si SR-B2,0-AR0,5-IR4 sipas standardit EN13813.<\/span><br \/>\n<span style=\"color: #000000;\">DUROFLOOR-11 p\u00ebrdoret, duke i shtuar r\u00ebr\u00eb kuarci me madh\u00ebsi kokrrizash nga 0,1-0,4 mm, si nj\u00eb mbishtres\u00eb epokside vet\u00ebniveluese mbi dyshemet\u00eb me baz\u00eb cimentoje q\u00eb k\u00ebrkojn\u00eb rezistenc\u00eb t\u00eb lart\u00eb mekanike dhe rezistenc\u00eb t\u00eb lart\u00eb ndaj kimikateve. Ai mund t\u00eb p\u00ebrdoret gjithashtu, pa i shtuar r\u00ebr\u00eb kuarci, si nj\u00eb shtres\u00eb lyer\u00ebse mbi sip\u00ebrfaqet me baz\u00eb cimentoje, si dhe mbi sip\u00ebrfaqet prej hekuri ose celiku. Ai \u00ebsht\u00eb i p\u00ebrshtatsh\u00ebm p\u00ebr hap\u00ebsira n\u00eb ambiente industriale, magazina, dyqane, oficina makinash, supermarkete, laborator\u00eb, hotele, garazhe, pika karburanti, zona me trafik t\u00eb madh etj.<\/span><\/p>\n<p><strong><span style=\"color: #000000;\">N\u00ebnshtresa<\/span><\/strong><br \/>\n<span style=\"color: #000000;\">Sip\u00ebrfaqja e dyshemes\u00eb p\u00ebr shtrim duhet t\u00eb jet\u00eb:<\/span><\/p>\n<ul>\n<li><span style=\"color: #000000;\">E that\u00eb dhe e q\u00ebndrueshme.<\/span><\/li>\n<li><span style=\"color: #000000;\">Pa materiale q\u00eb pengojn\u00eb ngjitjen, si p.sh. pluuri, grimcat e lira, grasoja etj.<\/span><\/li>\n<li><span style=\"color: #000000;\">E mbrojtur nga sulmi i lag\u00ebshtir\u00ebs nga posht\u00eb.<\/span><\/li>\n<\/ul>\n<p><strong><span style=\"color: #000000;\">Lyerja me astar<\/span><\/strong><br \/>\n<span style=\"color: #000000;\">Sip\u00ebrfaqja lyhet me astar\u00ebt epoksid\u00eb DUROFLOOR-PSF ose DUROPRIMER.<\/span><br \/>\n<span style=\"color: #000000;\">Konsumi: 200-300 g\/m2.<\/span><br \/>\n<span style=\"color: #000000;\">Pasi astari t\u00eb jet\u00eb thar\u00eb, cdo problem ekzistues n\u00eb sip\u00ebrfaqe (plasaritje, vrima) duhet t\u00eb mbushet duke p\u00ebrdorur DUROFLOOR-11 (A+B) t\u00eb p\u00ebrzier me r\u00ebr\u00eb kuarci me madh\u00ebsi kokrrizash 0,1-0,4 mm (ose M32) n\u00eb raport 1:1,5 deri n\u00eb 1:2 sipas pesh\u00ebs, ose duke p\u00ebrdorur DUROFLOOR-PSF t\u00eb p\u00ebrzier me r\u00ebr\u00eb kuarci me madh\u00ebsi kokrrizash 0,1-0,4 mm (ose Q35) n\u00eb raport 1:2 deri n\u00eb 1:3 sipas pesh\u00ebs. N\u00ebnshtresa metalike duhet t\u00eb lyhet me materialin epoksid anti-korroziv EPOXYCOAT-AC. Aplikimi i DUROFLOOR-11 duhet t\u00eb kryhet brenda 24 or\u00ebsh pas lyerjes me astar. N\u00eb rast se DUROFLOOR-11 do t\u00eb aplikohet pas m\u00eb shum\u00eb se 24 or\u00ebsh pas lyerjes me astar, mbi sip\u00ebrfaqe duhet t\u00eb p\u00ebrhapet r\u00ebr\u00eb kuarci me madh\u00ebsi kokrrizash 0,3-0,8 mm gjat\u00eb koh\u00ebs q\u00eb astari \u00ebsht\u00eb ende i njom\u00eb, me q\u00ebllim q\u00ebt\u00eb garantohet ngjitja e mir\u00eb. Pas mpiksjes s\u00eb astarit, cdo kokrriz\u00eb e lir\u00eb duhet t\u00eb largohet duke p\u00ebrdorur nj\u00eb fshes\u00eb me vakuum me fuqi t\u00eb madhe thith\u00ebse.<\/span><\/p>\n<p><strong><span style=\"color: #000000;\">N\u00ebnshtresa e lag\u00ebsht<\/span><\/strong><br \/>\n<span style=\"color: #000000;\">Kur sip\u00ebrfaqja p\u00ebrmban lag\u00ebshtir\u00eb n\u00eb nivel m\u00eb t\u00eb madh se 4% ose \u00ebsht\u00eb nj\u00eb n\u00ebnshtres\u00eb betoni e fresk\u00ebt (e pathar\u00eb) (3-28 dit\u00eb), sip\u00ebrfaqja duhet t\u00eb lyhet me astarin me 2 p\u00ebrb\u00ebr\u00ebs DUROPRIMER-SG.<\/span><\/p>\n<p><strong><span style=\"color: #000000;\">P\u00ebrzierja e p\u00ebrb\u00ebr\u00ebsve<\/span><\/strong><br \/>\n<span style=\"color: #000000;\">P\u00ebrb\u00ebr\u00ebsit A (rr\u00ebshira) dhe B (forcuesi) jan\u00eb t\u00eb paketuar n\u00eb dy en\u00eb t\u00eb ndara, t\u00eb cilat kan\u00eb raportin e paracaktuar t\u00eb p\u00ebrzierjes sipas pesh\u00ebs. Fillimisht p\u00ebrb\u00ebr\u00ebsi A duhet t\u00eb trazohet mir\u00eb dhe t\u00eb derdhet n\u00eb nj\u00eb en\u00eb t\u00eb past\u00ebr. Pastaj e gjith\u00eb p\u00ebrmbajtja e p\u00ebrb\u00ebr\u00ebsit B hidhet n\u00eb p\u00ebrb\u00ebr\u00ebsin A duke u trazuar vazhdimish. P\u00ebrzierja e t\u00eb 2 p\u00ebrb\u00ebr\u00ebsve duhet t\u00eb vazhdoj\u00eb p\u00ebr rreth 3 minuta duke p\u00ebrdorur nj\u00eb mikser me xhiro t\u00eb ul\u00ebta (300 rrot\/min). \u00cbsht\u00eb e r\u00ebnd\u00ebsishme q\u00eb p\u00ebrzierja t\u00eb trazohet plot\u00ebsisht pran\u00eb an\u00ebve dhe fundit t\u00eb en\u00ebs n\u00eb m\u00ebnyr\u00eb q\u00eb t\u00eb arrihet p\u00ebrhapja uniforme e forcuesit. N\u00eb rast t\u00eb p\u00ebrdorimit t\u00eb DUROFLOOR-11 si nj\u00eb shtres\u00eb epokside vet\u00ebniveluese p\u00ebr dysheme, n\u00eb p\u00ebrzierje shtohet gradualisht duke u trazuar vazhdimisht r\u00ebr\u00eb kuarci me madh\u00ebsi kokrrizash 0,1-0,4 mm (ose M32) dhe n\u00eb nj\u00eb raport 1:1 sipas pesh\u00ebs (rr\u00ebshir\u00eb epokside (A+B):r\u00ebr\u00eb) derisa t\u00eb formohet nj\u00eb llac epoksid uniform.<\/span><br \/>\n<strong><span style=\"color: #000000;\">P\u00ebrdorimi &#8211; Konsumi<\/span><\/strong><br \/>\n<span style=\"color: #000000;\">N\u00eb var\u00ebsi t\u00eb llojit t\u00eb k\u00ebrkuar t\u00eb dyshemes\u00eb epokside dhe t\u00eb form\u00ebs s\u00eb sip\u00ebrfaqes finale, ekzistojn\u00eb kat\u00ebr raste aplikimi:<\/span><\/p>\n<p><em><span style=\"text-decoration: underline;\"><span style=\"color: #000000; text-decoration: underline;\">a) Shtres\u00eb dyshemeje vet\u00ebniveluese &#8211; Sip\u00ebrfaqe finale e l\u00ebmuar<\/span><\/span><\/em><br \/>\n<span style=\"color: #000000;\">Llaci epoksid derdhet mbi dysheme dhe p\u00ebrhapet (t\u00ebrhiqet) n\u00eb nj\u00eb trash\u00ebsi 2-3 mm duke p\u00ebrdorur nj\u00eb mall\u00eb t\u00eb dh\u00ebmb\u00ebzuar.<\/span><br \/>\n<span style=\"color: #000000;\">Konsumi i DUROFLOOR_11 (A+B): 0,85 kg\/m2\/mm.<\/span><br \/>\n<span style=\"color: #000000;\">Shtresa vet\u00ebniveluese duhet t\u00ebshtrohet me nj\u00eb rul t\u00eb vecant\u00eb me thumba p\u00ebr t\u00eb ndihmuar ajrin e ngecur q\u00eb t\u00eb dal\u00eb jasht\u00eb, p\u00ebr t\u00eb evituar formimin e flluskave t\u00eb ajrit.<\/span><br \/>\n<em><span style=\"text-decoration: underline;\"><span style=\"color: #000000; text-decoration: underline;\">b) Shtres\u00eb dyshemeje vet\u00ebniveluese &#8211; Sip\u00ebrfaqe finale jorr\u00ebshqit\u00ebse<\/span><\/span><\/em><br \/>\n<span style=\"color: #000000;\">Fillimisht llaci epoksid aplikohet n\u00eb t\u00eb nj\u00ebjt\u00ebn m\u00ebnyr\u00eb si n\u00eb rastin e sip\u00ebrfaqes s\u00eb l\u00ebmuar. Mbi shtres\u00ebn ende t\u00eb njom\u00eb t\u00eb llacit shp\u00ebrndahet r\u00ebr\u00eb kuarci me madh\u00ebsi 0,1-0,4 mm ose 0,3-0,8 mm, n\u00eb var\u00ebsi t\u00eb efektit t\u00eb d\u00ebshiruar kund\u00ebr rr\u00ebshqitjes.\u00a0<\/span><br \/>\n<span style=\"color: #000000;\">Konsumi i r\u00ebr\u00ebs s\u00eb kuarcit: rreth 3 kg\/m2.\u00a0<\/span><br \/>\n<span style=\"color: #000000;\">Pas mpiksjes s\u00eb DUROFLOOR-11, cdo kokrriz\u00eb e lir\u00eb duhet t\u00eb largohet duke p\u00ebrdorr nj\u00eb fshes\u00eb me vakuum me fuqi t\u00eb madhe thith\u00ebse.<\/span><\/p>\n<p><em><span style=\"text-decoration: underline;\"><span style=\"color: #000000; text-decoration: underline;\">c) Shtres\u00eb lyer\u00ebse &#8211; Sip\u00ebrfaqe finale e l\u00ebmuar<\/span><\/span><\/em><br \/>\n<span style=\"color: #000000;\">DUROFLOOR-11 (A+B) aplikohet n\u00ebp\u00ebrmjeet rulit n\u00eb dy shtresa (duar). Shtresa (dora) e dyt\u00eb b\u00ebhet pasi t\u00eb jet\u00eb thar\u00eb dora e par\u00eb, por brenda 24 or\u00ebsh. Konsumi: Rreth 250-300 g\/m2\/ t\u00eb shtres\u00ebs.<\/span><br \/>\n<em><span style=\"text-decoration: underline;\"><span style=\"color: #000000; text-decoration: underline;\">d) Shtres\u00eb lyer\u00ebse &#8211; Sip\u00ebrfaqe finale jorr\u00ebshqit\u00ebse<\/span><\/span><\/em><br \/>\n<span style=\"color: #000000;\">DUROFLOOR-11 (A+B) aplikohet n\u00ebp\u00ebrmjet rulit n\u00eb nj\u00eb shtres\u00eb (dor\u00eb). Mbi shtres\u00ebn ende t\u00eb njom\u00eb shp\u00ebrndahet r\u00ebr\u00eb kuarci me madh\u00ebsi kokrrizash 0,1-0,4 mm ose 0,3-0,8 mm, n\u00eb var\u00ebsi t\u00eb efektit t\u00eb d\u00ebshtiruar kund\u00ebr rr\u00ebshqitjes. Konsumi i r\u00ebr\u00ebs s\u00eb kuarcit: rreth 3 kg\/m2.<\/span>[\/vc_column_text][vc_row_inner][vc_column_inner width=&#8221;1\/2&#8243;]<div class=\"standard-arrow bullet-top\"><ul>\n<li><span style=\"color: #000000;\">Punueshm\u00ebria e materialeve epokside ndikohet nga temperatura e tyre. Temperatura ideale e p\u00ebrdorimit \u00ebsht\u00eb midis +15 oC dhe +25 oC n\u00eb m\u00ebnyr\u00eb q\u00eb produkti t\u00eb jet\u00eb i leht\u00eb p\u00ebr tu p\u00ebrdorur dhe p\u00ebr tu thar\u00eb, ashtu sic shpjegohet m\u00eb lart\u00eb. Temperatura e ambientit n\u00ebn +15 oC do t\u00eb rris\u00eb koh\u00ebn e tharjes dhe temperatura mbi +30 oC do t\u00eb p\u00ebrshpejtoj\u00eb koh\u00ebn e tharjes. Gjat\u00eb dimrit rekomandohet nj\u00eb ngrohje paraprake e produktit, kurse n\u00eb ver\u00eb rekomandohet ruajtja e materialit n\u00eb nj\u00eb vend t\u00eb fresk\u00ebt p\u00ebrpara p\u00ebrdorimit.<\/span><\/li>\n<li><span style=\"color: #000000;\">Ngjitja e shtres\u00ebs pasuese mund t\u00eb ndikohet ndjesh\u00ebm nga nd\u00ebrhyrja e lag\u00ebshtir\u00ebs ose papast\u00ebrtive.<\/span><\/li>\n<li><span style=\"color: #000000;\">Shtresat epokside duhet t\u00eb mbulohen nga lag\u00ebshtira p\u00ebr 4-6 or\u00eb pas aplikimit t\u00eb tyre. Lag\u00ebshtira mund t\u00eb zbardh\u00eb sip\u00ebrfaqen dhe\/ose ta b\u00ebj\u00eb ngjit\u00ebse. Ajo mund t\u00eb crregulloj\u00eb mpiksjen gjithashtu. Shtresat e zbehura ose ngjit\u00ebse n\u00eb pjes\u00eb t\u00eb ndryshme t\u00eb sip\u00ebrfaqes duhet t\u00eb hiqen duke u g\u00ebrryer ose duke u f\u00ebrkuar dhe pastaj t\u00eb shtrohen p\u00ebrs\u00ebri.<\/span><\/li>\n<\/ul>\n<\/div>[\/vc_column_inner][vc_column_inner width=&#8221;1\/2&#8243;]<div class=\"standard-arrow bullet-top\"><ul>\n<li><span style=\"color: #000000;\">N\u00ebse nj\u00eb koh\u00eb m\u00eb e gjat\u00eb se ajo e parashiukuar ndodh midis aplikimeve t\u00eb shtresave pasardh\u00ebse ose n\u00eb rast se dyshemet\u00eb e vjetra do t\u00eb shtrohen p\u00ebrs\u00ebri, sip\u00ebrfaqja duhet t\u00eb g\u00ebrryhet dhe t\u00eb pastrohet plot\u00ebsisht p\u00ebrpara aplikimit t\u00eb nj\u00eb shtrese t\u00eb re.<\/span><\/li>\n<li><span style=\"color: #000000;\">Pas ngurt\u00ebsimit, DUROFLOOR-11 \u00ebsht\u00eb totalisht e sigurt p\u00ebr sh\u00ebndetin.<\/span><\/li>\n<\/ul>\n<\/div>[\/vc_column_inner][\/vc_row_inner][vc_row_inner css=&#8221;.vc_custom_1683100048912{padding-top: 20px !important;}&#8221;][vc_column_inner width=&#8221;1\/2&#8243;]<div class=\"aio-icon-component    style_1\"><div id=\"Info-box-wrap-3165\" class=\"aio-icon-box default-icon\" style=\"\"  ><div class=\"aio-icon-default\"><div class=\"ult-just-icon-wrapper  \"><div class=\"align-icon\" style=\"text-align:center;\">\n<div class=\"aio-icon-img \" style=\"font-size:65px;display:inline-block;\" >\n\t<img decoding=\"async\" class=\"img-icon\" alt=\"null\" src=\"https:\/\/aedcolor.com\/wp-content\/uploads\/2023\/05\/image-2.png\"\/>\n<\/div><\/div><\/div><\/div><div class=\"aio-icon-header\" ><h3 class=\"aio-icon-title ult-responsive\"  data-ultimate-target='#Info-box-wrap-3165 .aio-icon-title'  data-responsive-json-new='{\"font-size\":\"\",\"line-height\":\"\"}'  style=\"\">Sip\u00ebrfaqe: Beton<\/h3><\/div> <!-- header --><\/div> <!-- aio-icon-box --><\/div> <!-- aio-icon-component -->[\/vc_column_inner][vc_column_inner width=&#8221;1\/2&#8243;]<div class=\"aio-icon-component    style_1\"><div id=\"Info-box-wrap-8612\" class=\"aio-icon-box default-icon\" style=\"\"  ><div class=\"aio-icon-default\"><div class=\"ult-just-icon-wrapper  \"><div class=\"align-icon\" style=\"text-align:center;\">\n<div class=\"aio-icon-img \" style=\"font-size:65px;display:inline-block;\" >\n\t<img decoding=\"async\" class=\"img-icon\" alt=\"null\" src=\"https:\/\/aedcolor.com\/wp-content\/uploads\/2023\/05\/image-1.png\"\/>\n<\/div><\/div><\/div><\/div><div class=\"aio-icon-header\" ><h3 class=\"aio-icon-title ult-responsive\"  data-ultimate-target='#Info-box-wrap-8612 .aio-icon-title'  data-responsive-json-new='{\"font-size\":\"\",\"line-height\":\"\"}'  style=\"\">Aplikimi: Mistri<\/h3><\/div> <!-- header --><\/div> <!-- aio-icon-box --><\/div> <!-- aio-icon-component -->[\/vc_column_inner][\/vc_row_inner][\/vc_column][\/vc_row]<\/p>\n<\/div>","protected":false},"excerpt":{"rendered":"<p>[vc_row css=&#8221;.vc_custom_1683099634441{padding-bottom: 30px !important;}&#8221;][vc_column width=&#8221;2\/3&#8243;][vc_custom_heading text=&#8221;DUROFLOOR-11&#8243; font_container=&#8221;tag:h2|font_size:50|text_align:left&#8221; use_theme_fonts=&#8221;yes&#8221; link=&#8221;|title:AQUAMAT%20-%20SUPERELASTIC||&#8221;][\/vc_column][\/vc_row][vc_row][vc_column width=&#8221;1\/2&#8243;][vc_single_image image=&#8221;6988&#8243; img_size=&#8221;full&#8221;][\/vc_column][vc_column width=&#8221;1\/2&#8243;][vc_column_text]DUROFLOOR-11 \u00ebsht\u00eb nj\u00eb sistem epoksid me 2 p\u00ebrb\u00ebr\u00ebs q\u00eb nuk p\u00ebrmban tret\u00ebs dhe i ngjyrosur, i cili ofron forc\u00eb dhe rezistenc\u00eb t\u00eb lart\u00eb ndaj g\u00ebrryerjes. AI \u00ebsht\u00eb rezistent ndaj acideve organike dhe inorganike, ndaj materialeve alkaline, produkte t\u00eb naft\u00ebs, mbeturinave, ujit, ujit t\u00eb&hellip;<\/p>\n","protected":false},"author":2,"featured_media":0,"parent":0,"menu_order":0,"comment_status":"closed","ping_status":"closed","template":"","meta":{"footnotes":""},"class_list":["post-9836","page","type-page","status-publish","hentry","description-off"],"_links":{"self":[{"href":"https:\/\/aedcolor.com\/index.php\/wp-json\/wp\/v2\/pages\/9836","targetHints":{"allow":["GET"]}}],"collection":[{"href":"https:\/\/aedcolor.com\/index.php\/wp-json\/wp\/v2\/pages"}],"about":[{"href":"https:\/\/aedcolor.com\/index.php\/wp-json\/wp\/v2\/types\/page"}],"author":[{"embeddable":true,"href":"https:\/\/aedcolor.com\/index.php\/wp-json\/wp\/v2\/users\/2"}],"replies":[{"embeddable":true,"href":"https:\/\/aedcolor.com\/index.php\/wp-json\/wp\/v2\/comments?post=9836"}],"version-history":[{"count":1,"href":"https:\/\/aedcolor.com\/index.php\/wp-json\/wp\/v2\/pages\/9836\/revisions"}],"predecessor-version":[{"id":9846,"href":"https:\/\/aedcolor.com\/index.php\/wp-json\/wp\/v2\/pages\/9836\/revisions\/9846"}],"wp:attachment":[{"href":"https:\/\/aedcolor.com\/index.php\/wp-json\/wp\/v2\/media?parent=9836"}],"curies":[{"name":"wp","href":"https:\/\/api.w.org\/{rel}","templated":true}]}}